{"id":9523,"date":"2025-12-25T07:29:19","date_gmt":"2025-12-25T07:29:19","guid":{"rendered":"https:\/\/oponyexpert.shop\/xef5\/produkt\/2x-195-70r15c-goodride-all-season-sw613-104-102r\/"},"modified":"2025-12-25T07:29:20","modified_gmt":"2025-12-25T07:29:20","slug":"2x-195-70r15c-goodride-all-season-sw613-104-102r","status":"publish","type":"product","link":"https:\/\/oponexa.shop\/tire\/produkt\/2x-195-70r15c-goodride-all-season-sw613-104-102r\/","title":{"rendered":"2x 195\/70R15C Goodride All Season SW613 104\/102R"},"content":{"rendered":"<div style=\"font-family: Arial, sans-serif; line-height: 1.6; color: #333; padding: 20px; clear: both; display: block; width: 100%; float: none; position: static; overflow: hidden;\">\n<div style=\"clear: both; display: block; margin: 10px 0;\">\n<div style=\"clear: both; display: block; margin: 10px 0;\">\n<div style=\"clear: both; display: block; margin: 10px 0;\">\n<div  style=\"max-width:1440px;max-height:262px\">\n<div style=\"clear: both; display: block; margin: 10px 0;\">\n<div style=\"clear: both; width: 100%; display: block; margin: 20px 0; padding: 0; float: none; position: static; text-align: center;\"><img decoding=\"async\"  src=\"https:\/\/a.allegroimg.com\/original\/11e3cd\/8b542d32484d84e0e10b309b0d77\/2x-195-70R15C-Goodride-All-Season-SW613-104-102R-Model-SW613-All-Season\" srcset=\"https:\/\/a.allegroimg.com\/original\/11e3cd\/8b542d32484d84e0e10b309b0d77\/2x-195-70R15C-Goodride-All-Season-SW613-104-102R-Model-SW613-All-Season 360w,https:\/\/a.allegroimg.com\/original\/11e3cd\/8b542d32484d84e0e10b309b0d77\/2x-195-70R15C-Goodride-All-Season-SW613-104-102R-Model-SW613-All-Season 720w,https:\/\/a.allegroimg.com\/original\/11e3cd\/8b542d32484d84e0e10b309b0d77\/2x-195-70R15C-Goodride-All-Season-SW613-104-102R-Model-SW613-All-Season 1024w,https:\/\/a.allegroimg.com\/original\/11e3cd\/8b542d32484d84e0e10b309b0d77\/2x-195-70R15C-Goodride-All-Season-SW613-104-102R-Model-SW613-All-Season 1440w,https:\/\/a.allegroimg.com\/original\/11e3cd\/8b542d32484d84e0e10b309b0d77\/2x-195-70R15C-Goodride-All-Season-SW613-104-102R-Model-SW613-All-Season 1440w\" sizes=\"100vw\" width=\"1440px\" alt=\"2x 195\/70R15C Goodride All Season SW613 104\/102R Model SW613 All Season\"\/ style=\"max-width: 100%; height: auto; display: block; margin: 0 auto;\"><\/div>\n<\/div>\n<\/div>\n<\/div>\n<\/div>\n<\/div>\n<div style=\"clear: both; display: block; margin: 10px 0;\">\n<div style=\"clear: both; display: block; margin: 10px 0;\">\n<div style=\"clear: both; display: block; margin: 10px 0;\">\n<div  style=\"max-width:963px;max-height:2205px\">\n<div style=\"clear: both; display: block; margin: 10px 0;\">\n<div style=\"clear: both; width: 100%; display: block; margin: 20px 0; padding: 0; float: none; position: static; text-align: center;\"><img decoding=\"async\"  src=\"https:\/\/a.allegroimg.com\/original\/1170c6\/c9a11e3c4c848e6d27e42feaf2eb\/2x-195-70R15C-Goodride-All-Season-SW613-104-102R-Marka-Goodride\" srcset=\"https:\/\/a.allegroimg.com\/original\/1170c6\/c9a11e3c4c848e6d27e42feaf2eb\/2x-195-70R15C-Goodride-All-Season-SW613-104-102R-Marka-Goodride 157w,https:\/\/a.allegroimg.com\/original\/1170c6\/c9a11e3c4c848e6d27e42feaf2eb\/2x-195-70R15C-Goodride-All-Season-SW613-104-102R-Marka-Goodride 314w,https:\/\/a.allegroimg.com\/original\/1170c6\/c9a11e3c4c848e6d27e42feaf2eb\/2x-195-70R15C-Goodride-All-Season-SW613-104-102R-Marka-Goodride 447w,https:\/\/a.allegroimg.com\/original\/1170c6\/c9a11e3c4c848e6d27e42feaf2eb\/2x-195-70R15C-Goodride-All-Season-SW613-104-102R-Marka-Goodride 628w,https:\/\/a.allegroimg.com\/original\/1170c6\/c9a11e3c4c848e6d27e42feaf2eb\/2x-195-70R15C-Goodride-All-Season-SW613-104-102R-Marka-Goodride 963w\" sizes=\"(min-width: 1200px) 560px, (min-width: 992px) 50vw, 100vw\" width=\"963px\" alt=\"2x 195\/70R15C Goodride All Season SW613 104\/102R Marka Goodride\"\/ style=\"max-width: 100%; height: auto; display: block; margin: 0 auto;\"><\/div>\n<\/div>\n<\/div>\n<\/div>\n<\/div>\n<div style=\"clear: both; display: block; margin: 10px 0;\">\n<div style=\"clear: both; display: block; margin: 10px 0;\">\n<h2>Przedmiot aukcji: zestaw 2 sztuk fabrycznie nowych opon<\/h2>\n<p style=\"margin: 15px 0; line-height: 1.8; clear: both; display: block; width: 100%; float: none; position: static;\">Rozmiar: <b>195\/70R15C<\/b><\/p>\n<p style=\"margin: 15px 0; line-height: 1.8; clear: both; display: block; width: 100%; float: none; position: static;\">Indeksy pr\u0119dko\u015bci i no\u015bno\u015bci: <b>104\/102R (do 170km\/h)<\/b><\/p>\n<p style=\"margin: 15px 0; line-height: 1.8; clear: both; display: block; width: 100%; float: none; position: static;\">Marka: <b>Goodride<\/b><\/p>\n<p style=\"margin: 15px 0; line-height: 1.8; clear: both; display: block; width: 100%; float: none; position: static;\">Rok produkcji:&nbsp;<b>2025<\/b><\/p>\n<p style=\"margin: 15px 0; line-height: 1.8; clear: both; display: block; width: 100%; float: none; position: static;\">Sezon:&nbsp;<b>opony ca\u0142oroczne<\/b><\/p>\n<p style=\"margin: 15px 0; line-height: 1.8; clear: both; display: block; width: 100%; float: none; position: static;\">Segment:&nbsp;<b>klasa ekonomiczna<\/b><\/p>\n<h1>Nowoczesna, symetryczna, atrakcyjna wizualnie rze\u017aba bie\u017cnika.<\/h1>\n<p style=\"margin: 15px 0; line-height: 1.8; clear: both; display: block; width: 100%; float: none; position: static;\">Zalety:<\/p>\n<p style=\"margin: 15px 0; line-height: 1.8; clear: both; display: block; width: 100%; float: none; position: static;\">Dobre odprowadzanie wody z czo\u0142a opony<\/p>\n<p style=\"margin: 15px 0; line-height: 1.8; clear: both; display: block; width: 100%; float: none; position: static;\">Zoptymalizowana do uzyskiwania d\u0142ugich przebieg\u00f3w<\/p>\n<p style=\"margin: 15px 0; line-height: 1.8; clear: both; display: block; width: 100%; float: none; position: static;\">Dobra trakcja na kopnym \u015bniegu<\/p>\n<p style=\"margin: 15px 0; line-height: 1.8; clear: both; display: block; width: 100%; float: none; position: static;\">Du\u017ca wytrzyma\u0142o\u015b\u0107 na uszkodzenia<\/p>\n<p style=\"margin: 15px 0; line-height: 1.8; clear: both; display: block; width: 100%; float: none; position: static;\">Bardzo dobra kierowalno\u015b\u0107<\/p>\n<\/div>\n<\/div>\n<\/div>\n<div style=\"clear: both; display: block; margin: 10px 0;\">\n<div style=\"clear: both; display: block; margin: 10px 0;\">\n<div style=\"clear: both; display: block; margin: 10px 0;\">\n<div  style=\"max-width:1000px;max-height:1000px\">\n<div style=\"clear: both; display: block; margin: 10px 0;\">\n<div style=\"clear: both; width: 100%; display: block; margin: 20px 0; padding: 0; float: none; position: static; text-align: center;\"><img decoding=\"async\"  src=\"https:\/\/a.allegroimg.com\/original\/11ac1d\/a254a1b9406d830b4480efb0bcb6\/2x-195-70R15C-Goodride-All-Season-SW613-104-102R-EAN-GTIN-6938112613341\" srcset=\"https:\/\/a.allegroimg.com\/original\/11ac1d\/a254a1b9406d830b4480efb0bcb6\/2x-195-70R15C-Goodride-All-Season-SW613-104-102R-EAN-GTIN-6938112613341 360w,https:\/\/a.allegroimg.com\/original\/11ac1d\/a254a1b9406d830b4480efb0bcb6\/2x-195-70R15C-Goodride-All-Season-SW613-104-102R-EAN-GTIN-6938112613341 720w,https:\/\/a.allegroimg.com\/original\/11ac1d\/a254a1b9406d830b4480efb0bcb6\/2x-195-70R15C-Goodride-All-Season-SW613-104-102R-EAN-GTIN-6938112613341 1000w,https:\/\/a.allegroimg.com\/original\/11ac1d\/a254a1b9406d830b4480efb0bcb6\/2x-195-70R15C-Goodride-All-Season-SW613-104-102R-EAN-GTIN-6938112613341 1000w\" sizes=\"100vw\" width=\"1000px\" alt=\"2x 195\/70R15C Goodride All Season SW613 104\/102R EAN (GTIN) 6938112613341\"\/ style=\"max-width: 100%; height: auto; display: block; margin: 0 auto;\"><\/div>\n<\/div>\n<\/div>\n<\/div>\n<\/div>\n<\/div>\n<div style=\"clear: both; display: block; margin: 10px 0;\">\n<div style=\"clear: both; display: block; margin: 10px 0;\">\n<div style=\"clear: both; display: block; margin: 10px 0;\">\n<div  style=\"max-width:1440px;max-height:388px\">\n<div style=\"clear: both; display: block; margin: 10px 0;\">\n<div style=\"clear: both; width: 100%; display: block; margin: 20px 0; padding: 0; float: none; position: static; text-align: center;\"><img decoding=\"async\"  src=\"https:\/\/a.allegroimg.com\/original\/11cfcc\/261c4933427da45066691433505b\/2x-195-70R15C-Goodride-All-Season-SW613-104-102R-Klasa-ekonomiczna\" srcset=\"https:\/\/a.allegroimg.com\/original\/11cfcc\/261c4933427da45066691433505b\/2x-195-70R15C-Goodride-All-Season-SW613-104-102R-Klasa-ekonomiczna 360w,https:\/\/a.allegroimg.com\/original\/11cfcc\/261c4933427da45066691433505b\/2x-195-70R15C-Goodride-All-Season-SW613-104-102R-Klasa-ekonomiczna 720w,https:\/\/a.allegroimg.com\/original\/11cfcc\/261c4933427da45066691433505b\/2x-195-70R15C-Goodride-All-Season-SW613-104-102R-Klasa-ekonomiczna 1024w,https:\/\/a.allegroimg.com\/original\/11cfcc\/261c4933427da45066691433505b\/2x-195-70R15C-Goodride-All-Season-SW613-104-102R-Klasa-ekonomiczna 1440w,https:\/\/a.allegroimg.com\/original\/11cfcc\/261c4933427da45066691433505b\/2x-195-70R15C-Goodride-All-Season-SW613-104-102R-Klasa-ekonomiczna 1440w\" sizes=\"100vw\" width=\"1440px\" alt=\"2x 195\/70R15C Goodride All Season SW613 104\/102R Klasa ekonomiczna\"\/ style=\"max-width: 100%; height: auto; display: block; margin: 0 auto;\"><\/div>\n<\/div>\n<\/div>\n<\/div>\n<\/div>\n<\/div>\n<div style=\"clear: both; display: block; margin: 10px 0;\">\n<div style=\"clear: both; display: block; margin: 10px 0;\">\n<div style=\"clear: both; display: block; margin: 10px 0;\">\n<div  style=\"max-width:963px;max-height:2205px\">\n<div style=\"clear: both; display: block; margin: 10px 0;\">\n<div style=\"clear: both; width: 100%; display: block; margin: 20px 0; padding: 0; float: none; position: static; text-align: center;\"><img decoding=\"async\"  src=\"https:\/\/a.allegroimg.com\/original\/1170c6\/c9a11e3c4c848e6d27e42feaf2eb\/2x-195-70R15C-Goodride-All-Season-SW613-104-102R-Marka-Goodride\" srcset=\"https:\/\/a.allegroimg.com\/original\/1170c6\/c9a11e3c4c848e6d27e42feaf2eb\/2x-195-70R15C-Goodride-All-Season-SW613-104-102R-Marka-Goodride 157w,https:\/\/a.allegroimg.com\/original\/1170c6\/c9a11e3c4c848e6d27e42feaf2eb\/2x-195-70R15C-Goodride-All-Season-SW613-104-102R-Marka-Goodride 314w,https:\/\/a.allegroimg.com\/original\/1170c6\/c9a11e3c4c848e6d27e42feaf2eb\/2x-195-70R15C-Goodride-All-Season-SW613-104-102R-Marka-Goodride 447w,https:\/\/a.allegroimg.com\/original\/1170c6\/c9a11e3c4c848e6d27e42feaf2eb\/2x-195-70R15C-Goodride-All-Season-SW613-104-102R-Marka-Goodride 628w,https:\/\/a.allegroimg.com\/original\/1170c6\/c9a11e3c4c848e6d27e42feaf2eb\/2x-195-70R15C-Goodride-All-Season-SW613-104-102R-Marka-Goodride 963w\" sizes=\"100vw\" width=\"963px\" alt=\"2x 195\/70R15C Goodride All Season SW613 104\/102R Marka Goodride\"\/ style=\"max-width: 100%; height: auto; display: block; margin: 0 auto;\"><\/div>\n<\/div>\n<\/div>\n<\/div>\n<\/div>\n<\/div>\n<div style=\"clear: both; display: block; margin: 10px 0;\">\n<div style=\"clear: both; display: block; margin: 10px 0;\">\n<div style=\"clear: both; display: block; margin: 10px 0;\">\n<div  style=\"max-width:1440px;max-height:262px\">\n<div style=\"clear: both; display: block; margin: 10px 0;\">\n<div style=\"clear: both; width: 100%; display: block; margin: 20px 0; padding: 0; float: none; position: static; text-align: center;\"><img decoding=\"async\"  src=\"https:\/\/a.allegroimg.com\/original\/11e3cd\/8b542d32484d84e0e10b309b0d77\/2x-195-70R15C-Goodride-All-Season-SW613-104-102R-Model-SW613-All-Season\" srcset=\"https:\/\/a.allegroimg.com\/original\/11e3cd\/8b542d32484d84e0e10b309b0d77\/2x-195-70R15C-Goodride-All-Season-SW613-104-102R-Model-SW613-All-Season 360w,https:\/\/a.allegroimg.com\/original\/11e3cd\/8b542d32484d84e0e10b309b0d77\/2x-195-70R15C-Goodride-All-Season-SW613-104-102R-Model-SW613-All-Season 720w,https:\/\/a.allegroimg.com\/original\/11e3cd\/8b542d32484d84e0e10b309b0d77\/2x-195-70R15C-Goodride-All-Season-SW613-104-102R-Model-SW613-All-Season 1024w,https:\/\/a.allegroimg.com\/original\/11e3cd\/8b542d32484d84e0e10b309b0d77\/2x-195-70R15C-Goodride-All-Season-SW613-104-102R-Model-SW613-All-Season 1440w,https:\/\/a.allegroimg.com\/original\/11e3cd\/8b542d32484d84e0e10b309b0d77\/2x-195-70R15C-Goodride-All-Season-SW613-104-102R-Model-SW613-All-Season 1440w\" sizes=\"100vw\" width=\"1440px\" alt=\"2x 195\/70R15C Goodride All Season SW613 104\/102R Model SW613 All Season\"\/ style=\"max-width: 100%; height: auto; display: block; margin: 0 auto;\"><\/div>\n<\/div>\n<\/div>\n<\/div>\n<\/div>\n<\/div>\n<div style=\"clear: both; display: block; margin: 10px 0;\">\n<div style=\"clear: both; display: block; margin: 10px 0;\">\n<div style=\"clear: both; display: block; margin: 10px 0;\">\n<h2>Zhongce Rubber Group Co., Ltd.<\/h2>\n<p style=\"margin: 15px 0; line-height: 1.8; clear: both; display: block; width: 100%; float: none; position: static;\">jest producentem opon marki Goodride<\/p>\n<h3 style=\"color: #2c5aa0; font-size: 18px; margin: 30px 0 15px 0; font-weight: bold; clear: both; display: block; width: 100%; float: none; position: static;\">Najwa\u017cniejsze informacje:<\/h3>\n<p style=\"margin: 15px 0; line-height: 1.8; clear: both; display: block; width: 100%; float: none; position: static;\">Najwi\u0119kszy producent opon w Chinach<\/p>\n<p style=\"margin: 15px 0; line-height: 1.8; clear: both; display: block; width: 100%; float: none; position: static;\">Sta\u0142a dost\u0119pno\u015b\u0107 w Polsce od 16 lat<\/p>\n<h1>Opony na tej aukcji sprzedaje<\/h1>\n<h1>Oficjalny Sklep Goodride.<\/h1>\n<\/div>\n<\/div>\n<div style=\"clear: both; display: block; margin: 10px 0;\">\n<div style=\"clear: both; display: block; margin: 10px 0;\">\n<div  style=\"max-width:2000px;max-height:2000px\">\n<div style=\"clear: both; display: block; margin: 10px 0;\">\n<div style=\"clear: both; width: 100%; display: block; margin: 20px 0; padding: 0; float: none; position: static; text-align: center;\"><img decoding=\"async\"  src=\"https:\/\/a.allegroimg.com\/original\/11095a\/facc708442459817479847a2219e\/2x-195-70R15C-Goodride-All-Season-SW613-104-102R-Kod-producenta-03010605817A3F740201\" srcset=\"https:\/\/a.allegroimg.com\/original\/11095a\/facc708442459817479847a2219e\/2x-195-70R15C-Goodride-All-Season-SW613-104-102R-Kod-producenta-03010605817A3F740201 360w,https:\/\/a.allegroimg.com\/original\/11095a\/facc708442459817479847a2219e\/2x-195-70R15C-Goodride-All-Season-SW613-104-102R-Kod-producenta-03010605817A3F740201 720w,https:\/\/a.allegroimg.com\/original\/11095a\/facc708442459817479847a2219e\/2x-195-70R15C-Goodride-All-Season-SW613-104-102R-Kod-producenta-03010605817A3F740201 1024w,https:\/\/a.allegroimg.com\/original\/11095a\/facc708442459817479847a2219e\/2x-195-70R15C-Goodride-All-Season-SW613-104-102R-Kod-producenta-03010605817A3F740201 1440w,https:\/\/a.allegroimg.com\/original\/11095a\/facc708442459817479847a2219e\/2x-195-70R15C-Goodride-All-Season-SW613-104-102R-Kod-producenta-03010605817A3F740201 2000w\" sizes=\"(min-width: 1200px) 560px, (min-width: 992px) 50vw, 100vw\" width=\"2000px\" alt=\"2x 195\/70R15C Goodride All Season SW613 104\/102R Kod producenta 03010605817A3F740201\"\/ style=\"max-width: 100%; height: auto; display: block; margin: 0 auto;\"><\/div>\n<\/div>\n<\/div>\n<\/div>\n<\/div>\n<\/div>\n<div style=\"clear: both; display: block; margin: 10px 0;\">\n<div style=\"clear: both; display: block; margin: 10px 0;\">\n<div style=\"clear: both; display: block; margin: 10px 0;\">\n<p style=\"margin: 15px 0; line-height: 1.8; clear: both; display: block; width: 100%; float: none; position: static;\">[195\/70R15CRALLSW613][195\/70R15CRALLSW613]<\/p>\n<\/div>\n<\/div>\n<\/div>\n<\/div>\n<\/div>\n<\/div>\n<div style=\"clear: both; display: block; margin: 10px 0;\">\n","protected":false},"excerpt":{"rendered":"<p>Przedmiot aukcji: zestaw 2 sztuk fabrycznie nowych opon<\/p>\n<p>Rozmiar: 195\/70R15C<\/p>\n<p>Indeksy pr\u0119dko\u015bci i no\u015bno\u015bci: 104\/102R (do 170km\/h)<\/p>\n<p>Marka: Goodride<\/p>\n<p>Rok produkcji:&nbsp;2025<\/p>\n<p>Sezon:&nbsp;opony ca\u0142oroczne<\/p>\n<p>Segment:&nbsp;klasa ekonomiczna<\/p>\n<p>Nowoczesna, symetryczna, atrakcyjna wizualnie rze\u017aba bie\u017cnika.<\/p>\n","protected":false},"featured_media":9524,"template":"","meta":{"_uag_custom_page_level_css":""},"product_brand":[379],"product_cat":[416,417,413,412],"product_tag":[],"class_list":{"0":"post-9523","1":"product","2":"type-product","3":"status-publish","4":"has-post-thumbnail","6":"product_brand-goodride","7":"product_cat-caloroczne","8":"product_cat-do-samochodow-dostawczych","9":"product_cat-opony","10":"product_cat-opony-i-felgi","12":"first","13":"instock","14":"sale","15":"shipping-taxable","16":"purchasable","17":"product-type-simple"},"uagb_featured_image_src":{"full":["https:\/\/oponexa.shop\/tire\/wp-content\/uploads\/2025\/12\/allegro-image-9523.jpg",2000,2000,false],"thumbnail":["https:\/\/oponexa.shop\/tire\/wp-content\/uploads\/2025\/12\/allegro-image-9523-150x150.jpg",150,150,true],"medium":["https:\/\/oponexa.shop\/tire\/wp-content\/uploads\/2025\/12\/allegro-image-9523-300x300.jpg",300,300,true],"medium_large":["https:\/\/oponexa.shop\/tire\/wp-content\/uploads\/2025\/12\/allegro-image-9523-768x768.jpg",768,768,true],"large":["https:\/\/oponexa.shop\/tire\/wp-content\/uploads\/2025\/12\/allegro-image-9523-1024x1024.jpg",1024,1024,true],"1536x1536":["https:\/\/oponexa.shop\/tire\/wp-content\/uploads\/2025\/12\/allegro-image-9523-1536x1536.jpg",1536,1536,true],"2048x2048":["https:\/\/oponexa.shop\/tire\/wp-content\/uploads\/2025\/12\/allegro-image-9523.jpg",2000,2000,false],"woocommerce_thumbnail":["https:\/\/oponexa.shop\/tire\/wp-content\/uploads\/2025\/12\/allegro-image-9523-300x300.jpg",300,300,true],"woocommerce_single":["https:\/\/oponexa.shop\/tire\/wp-content\/uploads\/2025\/12\/allegro-image-9523-600x600.jpg",600,600,true],"woocommerce_gallery_thumbnail":["https:\/\/oponexa.shop\/tire\/wp-content\/uploads\/2025\/12\/allegro-image-9523-100x100.jpg",100,100,true]},"uagb_author_info":{"display_name":"admin","author_link":"https:\/\/oponexa.shop\/tire\/author\/"},"uagb_comment_info":0,"uagb_excerpt":"Przedmiot aukcji: zestaw 2 sztuk fabrycznie nowych opon Rozmiar: 195\/70R15C Indeksy pr\u0119dko\u015bci i no\u015bno\u015bci: 104\/102R (do 170km\/h) Marka: Goodride Rok produkcji:&nbsp;2025 Sezon:&nbsp;opony ca\u0142oroczne Segment:&nbsp;klasa ekonomiczna Nowoczesna, symetryczna, atrakcyjna wizualnie rze\u017aba bie\u017cnika.","_links":{"self":[{"href":"https:\/\/oponexa.shop\/tire\/wp-json\/wp\/v2\/product\/9523","targetHints":{"allow":["GET"]}}],"collection":[{"href":"https:\/\/oponexa.shop\/tire\/wp-json\/wp\/v2\/product"}],"about":[{"href":"https:\/\/oponexa.shop\/tire\/wp-json\/wp\/v2\/types\/product"}],"wp:featuredmedia":[{"embeddable":true,"href":"https:\/\/oponexa.shop\/tire\/wp-json\/wp\/v2\/media\/9524"}],"wp:attachment":[{"href":"https:\/\/oponexa.shop\/tire\/wp-json\/wp\/v2\/media?parent=9523"}],"wp:term":[{"taxonomy":"product_brand","embeddable":true,"href":"https:\/\/oponexa.shop\/tire\/wp-json\/wp\/v2\/product_brand?post=9523"},{"taxonomy":"product_cat","embeddable":true,"href":"https:\/\/oponexa.shop\/tire\/wp-json\/wp\/v2\/product_cat?post=9523"},{"taxonomy":"product_tag","embeddable":true,"href":"https:\/\/oponexa.shop\/tire\/wp-json\/wp\/v2\/product_tag?post=9523"}],"curies":[{"name":"wp","href":"https:\/\/api.w.org\/{rel}","templated":true}]}}