{"id":9185,"date":"2025-12-24T01:55:01","date_gmt":"2025-12-24T01:55:01","guid":{"rendered":"https:\/\/oponyexpert.shop\/xef5\/produkt\/1x-205-55r16-winterhawk-4-firestone-4-91h-zimowa-nowa-rok-2025\/"},"modified":"2025-12-24T01:55:01","modified_gmt":"2025-12-24T01:55:01","slug":"1x-205-55r16-winterhawk-4-firestone-4-91h-zimowa-nowa-rok-2025","status":"publish","type":"product","link":"https:\/\/oponixo.shop\/tire\/produkt\/1x-205-55r16-winterhawk-4-firestone-4-91h-zimowa-nowa-rok-2025\/","title":{"rendered":"1x 205\/55R16 WINTERHAWK 4 Firestone 4 91H zimowa nowa ROK 2025"},"content":{"rendered":"<div style=\"font-family: Arial, sans-serif; line-height: 1.6; color: #333; padding: 20px; clear: both; display: block; width: 100%; float: none; position: static; overflow: hidden;\">\n<div style=\"clear: both; display: block; margin: 10px 0;\">\n<div style=\"clear: both; display: block; margin: 10px 0;\">\n<div style=\"clear: both; display: block; margin: 10px 0;\">\n<div  style=\"max-width:2560px;max-height:482px\">\n<div style=\"clear: both; display: block; margin: 10px 0;\">\n<div style=\"clear: both; width: 100%; display: block; margin: 20px 0; padding: 0; float: none; position: static; text-align: center;\"><img decoding=\"async\"  src=\"https:\/\/a.allegroimg.com\/original\/11cbcc\/ea3186e240b696ea835d3a586683\/1x-205-55R16-WINTERHAWK-4-Firestone-4-91H-zimowa-nowa-ROK-2025-EAN-GTIN-3286341808711\" srcset=\"https:\/\/a.allegroimg.com\/original\/11cbcc\/ea3186e240b696ea835d3a586683\/1x-205-55R16-WINTERHAWK-4-Firestone-4-91H-zimowa-nowa-ROK-2025-EAN-GTIN-3286341808711 360w,https:\/\/a.allegroimg.com\/original\/11cbcc\/ea3186e240b696ea835d3a586683\/1x-205-55R16-WINTERHAWK-4-Firestone-4-91H-zimowa-nowa-ROK-2025-EAN-GTIN-3286341808711 720w,https:\/\/a.allegroimg.com\/original\/11cbcc\/ea3186e240b696ea835d3a586683\/1x-205-55R16-WINTERHAWK-4-Firestone-4-91H-zimowa-nowa-ROK-2025-EAN-GTIN-3286341808711 1024w,https:\/\/a.allegroimg.com\/original\/11cbcc\/ea3186e240b696ea835d3a586683\/1x-205-55R16-WINTERHAWK-4-Firestone-4-91H-zimowa-nowa-ROK-2025-EAN-GTIN-3286341808711 1440w,https:\/\/a.allegroimg.com\/original\/11cbcc\/ea3186e240b696ea835d3a586683\/1x-205-55R16-WINTERHAWK-4-Firestone-4-91H-zimowa-nowa-ROK-2025-EAN-GTIN-3286341808711 2560w\" sizes=\"100vw\" width=\"2560px\" alt=\"1x 205\/55R16 WINTERHAWK 4 Firestone 4 91H zimowa nowa ROK 2025 EAN (GTIN) 3286341808711\"\/ style=\"max-width: 100%; height: auto; display: block; margin: 0 auto;\"><\/div>\n<\/div>\n<\/div>\n<\/div>\n<\/div>\n<\/div>\n<div style=\"clear: both; display: block; margin: 10px 0;\">\n<div style=\"clear: both; display: block; margin: 10px 0;\">\n<div style=\"clear: both; display: block; margin: 10px 0;\">\n<h2>Przedmiot aukcji: 1 sztuka opon zimowych Firestone<\/h2>\n<p style=\"margin: 15px 0; line-height: 1.8; clear: both; display: block; width: 100%; float: none; position: static;\">Rozmiar: <b>205\/55R16<\/b><\/p>\n<p style=\"margin: 15px 0; line-height: 1.8; clear: both; display: block; width: 100%; float: none; position: static;\">Indeksy pr\u0119dko\u015bci i no\u015bno\u015bci: <b>91H (do 210 km\/h)<\/b><\/p>\n<p style=\"margin: 15px 0; line-height: 1.8; clear: both; display: block; width: 100%; float: none; position: static;\">Marka: <b>Firestone<\/b><\/p>\n<p style=\"margin: 15px 0; line-height: 1.8; clear: both; display: block; width: 100%; float: none; position: static;\">Rok produkcji:&nbsp;<b>2025<\/b><\/p>\n<p style=\"margin: 15px 0; line-height: 1.8; clear: both; display: block; width: 100%; float: none; position: static;\">Sezon:&nbsp;<b>opony zimowe<\/b><\/p>\n<p style=\"margin: 15px 0; line-height: 1.8; clear: both; display: block; width: 100%; float: none; position: static;\">Segment:&nbsp;<b>klasa \u015brednia<\/b><\/p>\n<h1>Nowoczesna, kierunkowa, atrakcyjna wizualnie rze\u017aba bie\u017cnika.<\/h1>\n<h3 style=\"color: #2c5aa0; font-size: 18px; margin: 30px 0 15px 0; font-weight: bold; clear: both; display: block; width: 100%; float: none; position: static;\">Zalety:<\/h3>\n<p style=\"margin: 15px 0; line-height: 1.8; clear: both; display: block; width: 100%; float: none; position: static;\">\u2705 Dobre odprowadzanie wody i b\u0142ota po\u015bniegowego z czo\u0142a opony.<\/p>\n<p style=\"margin: 15px 0; line-height: 1.8; clear: both; display: block; width: 100%; float: none; position: static;\">\u2705 R\u00f3wnomierny rozk\u0142ad obci\u0105\u017ce\u0144.<\/p>\n<p style=\"margin: 15px 0; line-height: 1.8; clear: both; display: block; width: 100%; float: none; position: static;\">\u2705 Bardzo dobra kierowalno\u015b\u0107.<\/p>\n<p style=\"margin: 15px 0; line-height: 1.8; clear: both; display: block; width: 100%; float: none; position: static;\">\u2705 Atrakcyjna wizualnie, kierunkowa rze\u017aba bie\u017cnika.<\/p>\n<\/div>\n<\/div>\n<div style=\"clear: both; display: block; margin: 10px 0;\">\n<div style=\"clear: both; display: block; margin: 10px 0;\">\n<div  style=\"max-width:1000px;max-height:1000px\">\n<div style=\"clear: both; display: block; margin: 10px 0;\">\n<div style=\"clear: both; width: 100%; display: block; margin: 20px 0; padding: 0; float: none; position: static; text-align: center;\"><img decoding=\"async\"  src=\"https:\/\/a.allegroimg.com\/original\/11462d\/78bb1b6b4d2fbdef54215264fdd5\/1x-205-55R16-WINTERHAWK-4-Firestone-4-91H-zimowa-nowa-ROK-2025\" srcset=\"https:\/\/a.allegroimg.com\/original\/11462d\/78bb1b6b4d2fbdef54215264fdd5\/1x-205-55R16-WINTERHAWK-4-Firestone-4-91H-zimowa-nowa-ROK-2025 360w,https:\/\/a.allegroimg.com\/original\/11462d\/78bb1b6b4d2fbdef54215264fdd5\/1x-205-55R16-WINTERHAWK-4-Firestone-4-91H-zimowa-nowa-ROK-2025 720w,https:\/\/a.allegroimg.com\/original\/11462d\/78bb1b6b4d2fbdef54215264fdd5\/1x-205-55R16-WINTERHAWK-4-Firestone-4-91H-zimowa-nowa-ROK-2025 1000w,https:\/\/a.allegroimg.com\/original\/11462d\/78bb1b6b4d2fbdef54215264fdd5\/1x-205-55R16-WINTERHAWK-4-Firestone-4-91H-zimowa-nowa-ROK-2025 1000w\" sizes=\"(min-width: 1200px) 560px, (min-width: 992px) 50vw, 100vw\" width=\"1000px\" alt=\"1x 205\/55R16 WINTERHAWK 4 Firestone 4 91H zimowa nowa ROK 2025\"\/ style=\"max-width: 100%; height: auto; display: block; margin: 0 auto;\"><\/div>\n<\/div>\n<\/div>\n<\/div>\n<\/div>\n<\/div>\n<div style=\"clear: both; display: block; margin: 10px 0;\">\n<div style=\"clear: both; display: block; margin: 10px 0;\">\n<div style=\"clear: both; display: block; margin: 10px 0;\">\n<p style=\"margin: 15px 0; line-height: 1.8; clear: both; display: block; width: 100%; float: none; position: static;\">[18087FI]<\/p>\n<\/div>\n<\/div>\n<\/div>\n<\/div>\n<\/div>\n<\/div>\n<div style=\"clear: both; display: block; margin: 10px 0;\">\n","protected":false},"excerpt":{"rendered":"<p>Przedmiot aukcji: 1 sztuka opon zimowych Firestone<\/p>\n<p>Rozmiar: 205\/55R16<\/p>\n<p>Indeksy pr\u0119dko\u015bci i no\u015bno\u015bci: 91H (do 210 km\/h)<\/p>\n<p>Marka: Firestone<\/p>\n<p>Rok produkcji:&nbsp;2025<\/p>\n<p>Sezon:&nbsp;opony zimowe<\/p>\n<p>Segment:&nbsp;klasa \u015brednia<\/p>\n<p>Nowoczesna, kierunkowa, atrakcyjna wizualnie rze\u017aba bie\u017cnika.<\/p>\n","protected":false},"featured_media":9186,"template":"","meta":{"_uag_custom_page_level_css":""},"product_brand":[400],"product_cat":[414,413,412,415],"product_tag":[],"class_list":{"0":"post-9185","1":"product","2":"type-product","3":"status-publish","4":"has-post-thumbnail","6":"product_brand-firestone","7":"product_cat-do-samochodow-osobowych-i-suv","8":"product_cat-opony","9":"product_cat-opony-i-felgi","10":"product_cat-zimowe","12":"first","13":"instock","14":"sale","15":"shipping-taxable","16":"purchasable","17":"product-type-simple"},"uagb_featured_image_src":{"full":["https:\/\/oponixo.shop\/tire\/wp-content\/uploads\/2025\/12\/allegro-image-9185.jpg",1000,1000,false],"thumbnail":["https:\/\/oponixo.shop\/tire\/wp-content\/uploads\/2025\/12\/allegro-image-9185-150x150.jpg",150,150,true],"medium":["https:\/\/oponixo.shop\/tire\/wp-content\/uploads\/2025\/12\/allegro-image-9185-300x300.jpg",300,300,true],"medium_large":["https:\/\/oponixo.shop\/tire\/wp-content\/uploads\/2025\/12\/allegro-image-9185-768x768.jpg",768,768,true],"large":["https:\/\/oponixo.shop\/tire\/wp-content\/uploads\/2025\/12\/allegro-image-9185.jpg",1000,1000,false],"1536x1536":["https:\/\/oponixo.shop\/tire\/wp-content\/uploads\/2025\/12\/allegro-image-9185.jpg",1000,1000,false],"2048x2048":["https:\/\/oponixo.shop\/tire\/wp-content\/uploads\/2025\/12\/allegro-image-9185.jpg",1000,1000,false],"woocommerce_thumbnail":["https:\/\/oponixo.shop\/tire\/wp-content\/uploads\/2025\/12\/allegro-image-9185-300x300.jpg",300,300,true],"woocommerce_single":["https:\/\/oponixo.shop\/tire\/wp-content\/uploads\/2025\/12\/allegro-image-9185-600x600.jpg",600,600,true],"woocommerce_gallery_thumbnail":["https:\/\/oponixo.shop\/tire\/wp-content\/uploads\/2025\/12\/allegro-image-9185-100x100.jpg",100,100,true]},"uagb_author_info":{"display_name":"admin","author_link":"https:\/\/oponixo.shop\/tire\/author\/"},"uagb_comment_info":0,"uagb_excerpt":"Przedmiot aukcji: 1 sztuka opon zimowych Firestone Rozmiar: 205\/55R16 Indeksy pr\u0119dko\u015bci i no\u015bno\u015bci: 91H (do 210 km\/h) Marka: Firestone Rok produkcji:&nbsp;2025 Sezon:&nbsp;opony zimowe Segment:&nbsp;klasa \u015brednia Nowoczesna, kierunkowa, atrakcyjna wizualnie rze\u017aba bie\u017cnika.","_links":{"self":[{"href":"https:\/\/oponixo.shop\/tire\/wp-json\/wp\/v2\/product\/9185","targetHints":{"allow":["GET"]}}],"collection":[{"href":"https:\/\/oponixo.shop\/tire\/wp-json\/wp\/v2\/product"}],"about":[{"href":"https:\/\/oponixo.shop\/tire\/wp-json\/wp\/v2\/types\/product"}],"wp:featuredmedia":[{"embeddable":true,"href":"https:\/\/oponixo.shop\/tire\/wp-json\/wp\/v2\/media\/9186"}],"wp:attachment":[{"href":"https:\/\/oponixo.shop\/tire\/wp-json\/wp\/v2\/media?parent=9185"}],"wp:term":[{"taxonomy":"product_brand","embeddable":true,"href":"https:\/\/oponixo.shop\/tire\/wp-json\/wp\/v2\/product_brand?post=9185"},{"taxonomy":"product_cat","embeddable":true,"href":"https:\/\/oponixo.shop\/tire\/wp-json\/wp\/v2\/product_cat?post=9185"},{"taxonomy":"product_tag","embeddable":true,"href":"https:\/\/oponixo.shop\/tire\/wp-json\/wp\/v2\/product_tag?post=9185"}],"curies":[{"name":"wp","href":"https:\/\/api.w.org\/{rel}","templated":true}]}}