{"id":17556,"date":"2026-01-19T04:12:55","date_gmt":"2026-01-19T03:12:55","guid":{"rendered":"https:\/\/oponypoint.shop\/xef5\/produkt\/2x-dunlop-265-45r21-sport-maxx-rt-2-104w-fr\/"},"modified":"2026-01-19T04:12:56","modified_gmt":"2026-01-19T03:12:56","slug":"2x-dunlop-265-45r21-sport-maxx-rt-2-104w-fr","status":"publish","type":"product","link":"https:\/\/oponexa.shop\/tire\/produkt\/2x-dunlop-265-45r21-sport-maxx-rt-2-104w-fr\/","title":{"rendered":"2x Dunlop 265\/45R21 SPORT MAXX RT 2 104W FR"},"content":{"rendered":"<div style=\"font-family: Arial, sans-serif; line-height: 1.6; color: #333; padding: 20px; clear: both; display: block; width: 100%; float: none; position: static; overflow: hidden;\">\n<div style=\"clear: both; display: block; margin: 10px 0;\">\n<div style=\"clear: both; display: block; margin: 10px 0;\">\n<div style=\"clear: both; display: block; margin: 10px 0;\">\n<h2>2x Dunlop 265\/45R21 SPORT MAXX RT 2 104W FR<\/h2>\n<p style=\"margin: 15px 0; line-height: 1.8; clear: both; display: block; width: 100%; float: none; position: static;\">Dunlop<\/p>\n<h2>Grupa koncernu GoodYear<\/h2>\n<h3 style=\"color: #2c5aa0; font-size: 18px; margin: 30px 0 15px 0; font-weight: bold; clear: both; display: block; width: 100%; float: none; position: static;\">Dunlop jest jednym z wiod\u0105cych, \u015bwiatowych producent\u00f3w doskona\u0142ych opon wysokiej i najwy\u017cszej klasy, stosowanych wraz z presti\u017cowym osprz\u0119tem oryginalnym.<\/h3>\n<p style=\"margin: 15px 0; line-height: 1.8; clear: both; display: block; width: 100%; float: none; position: static;\"><b>Wielu z najbardziej presti\u017cowych producent\u00f3w samochod\u00f3w stosuje opony marki Dunlop jako standardowe wyposa\u017cenie, w tym:&nbsp;<\/b> Alfa Romeo, Audi, AMG, Aston Martin, BMW, Honda, Jaguar, Mercedes-Benz, Mitsubishi, Nissan, Opel\/Vauxhall, Peugeot, Porsche, Renault, Rover, Seat, Skoda, Toyota i Volkswagen.<\/p>\n<p style=\"margin: 15px 0; line-height: 1.8; clear: both; display: block; width: 100%; float: none; position: static;\">Dunlop dostarcza swoje opony jako cz\u0119\u015bci oryginalne motocykli takich wiod\u0105cych producent\u00f3w jak: Aprilia, Benelli, BMW, Buell, Derbi, Ducati, Harley Davidson, Honda, HRD, Husaberg, Husqvarna, Kawasaki, KTM, MV Agusta, Peugeot, Piaggio, Suzuki, Vertemati, Yamaha.&nbsp;<\/p>\n<p style=\"margin: 15px 0; line-height: 1.8; clear: both; display: block; width: 100%; float: none; position: static;\">Firma Dunlop posiada doskona\u0142\u0105 reputacj\u0119 w\u015br\u00f3d entuzjast\u00f3w motoryzacji. Dzi\u0119ki olbrzymiemu do\u015bwiadczeniu firmy Dunlop w zakresie pojazd\u00f3w i motocykli sportowych i wielu odniesionym sukcesom, firma mo\u017ce stosowa\u0107 innowacyjne technologie w oponach przeznaczonych do codziennej jazdy. Celem Dunlop jest zapewnienie maksymalnej przyjemno\u015bci z jazdy oferuj\u0105c kierowcom samochod\u00f3w i motocykli osi\u0105gi i wytrzyma\u0142o\u015b\u0107 najnowszych technologii oponiarskich. Nowa technologia firmy Dunlop \u2013 Touch Technology \u2013 odzwierciedla podej\u015bcie firmy do rozwoju nowych produkt\u00f3w: opony Dunlop umo\u017cliwiaj\u0105 kierowcom lepsze wyczucie nawierzchni, lepsz\u0105 kontrol\u0119 nad pojazdem i dzi\u0119ki temu wi\u0119ksz\u0105 przyjemno\u015b\u0107 z jazdy.&nbsp;<\/p>\n<h3 style=\"color: #2c5aa0; font-size: 18px; margin: 30px 0 15px 0; font-weight: bold; clear: both; display: block; width: 100%; float: none; position: static;\">Dunlop wchodzi w sk\u0142ad koncernu GoodYear.<\/h3>\n<p style=\"margin: 15px 0; line-height: 1.8; clear: both; display: block; width: 100%; float: none; position: static;\">Koncern oferuje ponad 130 r\u00f3\u017cnych opon dla ci\u0119\u017ckich ci\u0119\u017car\u00f3wek, autobus\u00f3w i pojazd\u00f3w komercyjnych. R\u00f3wnie\u017c wielu producent\u00f3w ci\u0119\u017car\u00f3wek stosuje opony Dunlop jako standardowe wyposa\u017cenie, np. Volvo, Renault, Scania, DAF, MAN, Daimler Chrysler i Iveco. Dzi\u0119ki sieci serwisowej TruckForce, systemowi assistance ServiceLine 24h i rozwi\u0105zaniem zarz\u0105dzania przez Internet FleetOnline Solutions, firma Dunlop oferuje pe\u0142n\u0105 ofert\u0119 us\u0142ug komercyjnych dla swoich klient\u00f3w.&nbsp;<\/p>\n<p style=\"margin: 15px 0; line-height: 1.8; clear: both; display: block; width: 100%; float: none; position: static;\">&nbsp;<\/p>\n<\/div>\n<\/div>\n<\/div>\n<div style=\"clear: both; display: block; margin: 10px 0;\">\n<div style=\"clear: both; display: block; margin: 10px 0;\">\n<div style=\"clear: both; display: block; margin: 10px 0;\">\n<div  style=\"max-width:500px;max-height:500px\">\n<div style=\"clear: both; display: block; margin: 10px 0;\">\n<div style=\"clear: both; width: 100%; display: block; margin: 20px 0; padding: 0; float: none; position: static; text-align: center;\"><img decoding=\"async\"  src=\"https:\/\/a.allegroimg.com\/original\/113b20\/31f308d84ce0ad29221cba238b73\/2x-Dunlop-265-45R21-SPORT-MAXX-RT-2-104W-FR\" srcset=\"https:\/\/a.allegroimg.com\/original\/113b20\/31f308d84ce0ad29221cba238b73\/2x-Dunlop-265-45R21-SPORT-MAXX-RT-2-104W-FR 360w,https:\/\/a.allegroimg.com\/original\/113b20\/31f308d84ce0ad29221cba238b73\/2x-Dunlop-265-45R21-SPORT-MAXX-RT-2-104W-FR 500w,https:\/\/a.allegroimg.com\/original\/113b20\/31f308d84ce0ad29221cba238b73\/2x-Dunlop-265-45R21-SPORT-MAXX-RT-2-104W-FR 500w\" sizes=\"(min-width: 1200px) 560px, (min-width: 992px) 50vw, 100vw\" width=\"500px\" alt=\"2x Dunlop 265\/45R21 SPORT MAXX RT 2 104W FR\" style=\"max-width: 100%; height: auto; display: block; margin: 0 auto;\"><\/div>\n<\/div>\n<\/div>\n<\/div>\n<\/div>\n<div style=\"clear: both; display: block; margin: 10px 0;\">\n<div style=\"clear: both; display: block; margin: 10px 0;\">\n<ul style=\"margin: 15px 0; padding-left: 20px; clear: both; display: block; width: 100%; float: none; position: static;\">\n<li style=\"margin: 5px 0; padding: 2px 0; clear: both; display: list-item; float: none; position: static;\"><b>nazwaszablon:<\/b> <\/li>\n<li style=\"margin: 5px 0; padding: 2px 0; clear: both; display: list-item; float: none; position: static;\"><b>Marka:<\/b> Dunlop<\/li>\n<li style=\"margin: 5px 0; padding: 2px 0; clear: both; display: list-item; float: none; position: static;\"><b>Grupa koncernu:<\/b> GoodYear<\/li>\n<li style=\"margin: 5px 0; padding: 2px 0; clear: both; display: list-item; float: none; position: static;\"><b>Liczba opon w ofercie:<\/b> 2 szt.<\/li>\n<li style=\"margin: 5px 0; padding: 2px 0; clear: both; display: list-item; float: none; position: static;\"><b>Bie\u017cnikowane:<\/b> Nie<\/li>\n<li style=\"margin: 5px 0; padding: 2px 0; clear: both; display: list-item; float: none; position: static;\"><b>Run flat:<\/b> Nie<\/li>\n<li style=\"margin: 5px 0; padding: 2px 0; clear: both; display: list-item; float: none; position: static;\"><b>Waga produktu z opakowaniem jednostkowym:<\/b> 18<\/li>\n<li style=\"margin: 5px 0; padding: 2px 0; clear: both; display: list-item; float: none; position: static;\"><b>Sezon:<\/b> Letnie<\/li>\n<li style=\"margin: 5px 0; padding: 2px 0; clear: both; display: list-item; float: none; position: static;\"><b>Model:<\/b> SPORT MAXX RT 2<\/li>\n<li style=\"margin: 5px 0; padding: 2px 0; clear: both; display: list-item; float: none; position: static;\"><b>Szeroko\u015b\u0107 opony:<\/b> 265 mm<\/li>\n<li style=\"margin: 5px 0; padding: 2px 0; clear: both; display: list-item; float: none; position: static;\"><b>Profil opony:<\/b> 45<\/li>\n<li style=\"margin: 5px 0; padding: 2px 0; clear: both; display: list-item; float: none; position: static;\"><b>\u015arednica:<\/b> 21&#8243;<\/li>\n<li style=\"margin: 5px 0; padding: 2px 0; clear: both; display: list-item; float: none; position: static;\"><b>Indeks no\u015bno\u015bci:<\/b> 104 &#8211; 900 kg<\/li>\n<li style=\"margin: 5px 0; padding: 2px 0; clear: both; display: list-item; float: none; position: static;\"><b>Indeks pr\u0119dko\u015bci:<\/b> W do 270 km\/h<\/li>\n<li style=\"margin: 5px 0; padding: 2px 0; clear: both; display: list-item; float: none; position: static;\"><b>Przyczepno\u015b\u0107 na mokrej nawierzchni:<\/b> Klasa A<\/li>\n<li style=\"margin: 5px 0; padding: 2px 0; clear: both; display: list-item; float: none; position: static;\"><b>Op\u00f3r toczenia:<\/b> Klasa C<\/li>\n<li style=\"margin: 5px 0; padding: 2px 0; clear: both; display: list-item; float: none; position: static;\"><b>Ha\u0142as zewn\u0119trzny:<\/b> 71 dB<\/li>\n<li style=\"margin: 5px 0; padding: 2px 0; clear: both; display: list-item; float: none; position: static;\"><b>Informacje dodatkowe:<\/b> rant ochronny<\/li>\n<li style=\"margin: 5px 0; padding: 2px 0; clear: both; display: list-item; float: none; position: static;\"><b>Rok produkcji:<\/b> 2024<\/li>\n<li style=\"margin: 5px 0; padding: 2px 0; clear: both; display: list-item; float: none; position: static;\"><b>SKU:<\/b> 536032<\/li>\n<li style=\"margin: 5px 0; padding: 2px 0; clear: both; display: list-item; float: none; position: static;\"><b>EAN:<\/b> 5452000563781<\/li>\n<li style=\"margin: 5px 0; padding: 2px 0; clear: both; display: list-item; float: none; position: static;\"><b>Rok produkcji (DOT):<\/b> <b>2024<\/b><b> &#8211; opony z roku 2024 lub nowsze<\/b><\/li>\n<li style=\"margin: 5px 0; padding: 2px 0; clear: both; display: list-item; float: none; position: static;\"><b>Stan:<\/b> Nowy<\/li>\n<li style=\"margin: 5px 0; padding: 2px 0; clear: both; display: list-item; float: none; position: static;\"><b>VAT:<\/b> 23<\/li>\n<\/ul>\n<\/div>\n<\/div>\n<\/div>\n<\/div>\n<\/div>\n<\/div>\n<div style=\"clear: both; display: block; margin: 10px 0;\">\n","protected":false},"excerpt":{"rendered":"<p>2x Dunlop 265\/45R21 SPORT MAXX RT 2 104W FR<\/p>\n<p>Dunlop<\/p>\n<p>Grupa koncernu GoodYear<\/p>\n<p>Dunlop jest jednym z wiod\u0105cych, \u015bwiatowych producent\u00f3w doskona\u0142ych opon wysokiej i najwy\u017cszej klasy, stosowanych wraz z presti\u017cowym osprz\u0119tem oryginalnym.<\/p>\n<p>Wielu z najbardziej presti\u017cowych producent\u00f3w samochod\u00f3w stosuje opony marki Dunlop jako standardowe wyposa\u017cenie, w tym:&nbsp; Alfa Romeo, Audi, AMG, Aston Martin, BMW, Honda, Jaguar, Mercedes-Benz, Mitsubishi, Nissan, Opel\/Vauxhall, Peugeot, Porsche, Renault, Rover, Seat, Skoda, Toyota i Volkswagen.<\/p>\n","protected":false},"featured_media":17557,"template":"","meta":{"_uag_custom_page_level_css":""},"product_brand":[453],"product_cat":[414,418,413,412],"product_tag":[],"class_list":{"0":"post-17556","1":"product","2":"type-product","3":"status-publish","4":"has-post-thumbnail","6":"product_brand-dunlop","7":"product_cat-do-samochodow-osobowych-i-suv","8":"product_cat-letnie","9":"product_cat-opony","10":"product_cat-opony-i-felgi","12":"first","13":"instock","14":"shipping-taxable","15":"purchasable","16":"product-type-simple"},"uagb_featured_image_src":{"full":["https:\/\/oponexa.shop\/tire\/wp-content\/uploads\/2026\/01\/allegro-image-17556.jpg",500,500,false],"thumbnail":["https:\/\/oponexa.shop\/tire\/wp-content\/uploads\/2026\/01\/allegro-image-17556-150x150.jpg",150,150,true],"medium":["https:\/\/oponexa.shop\/tire\/wp-content\/uploads\/2026\/01\/allegro-image-17556-300x300.jpg",300,300,true],"medium_large":["https:\/\/oponexa.shop\/tire\/wp-content\/uploads\/2026\/01\/allegro-image-17556.jpg",500,500,false],"large":["https:\/\/oponexa.shop\/tire\/wp-content\/uploads\/2026\/01\/allegro-image-17556.jpg",500,500,false],"1536x1536":["https:\/\/oponexa.shop\/tire\/wp-content\/uploads\/2026\/01\/allegro-image-17556.jpg",500,500,false],"2048x2048":["https:\/\/oponexa.shop\/tire\/wp-content\/uploads\/2026\/01\/allegro-image-17556.jpg",500,500,false],"woocommerce_thumbnail":["https:\/\/oponexa.shop\/tire\/wp-content\/uploads\/2026\/01\/allegro-image-17556-300x300.jpg",300,300,true],"woocommerce_single":["https:\/\/oponexa.shop\/tire\/wp-content\/uploads\/2026\/01\/allegro-image-17556.jpg",500,500,false],"woocommerce_gallery_thumbnail":["https:\/\/oponexa.shop\/tire\/wp-content\/uploads\/2026\/01\/allegro-image-17556-100x100.jpg",100,100,true]},"uagb_author_info":{"display_name":"admin","author_link":"https:\/\/oponexa.shop\/tire\/author\/"},"uagb_comment_info":0,"uagb_excerpt":"2x Dunlop 265\/45R21 SPORT MAXX RT 2 104W FR Dunlop Grupa koncernu GoodYear Dunlop jest jednym z wiod\u0105cych, \u015bwiatowych producent\u00f3w doskona\u0142ych opon wysokiej i najwy\u017cszej klasy, stosowanych wraz z presti\u017cowym osprz\u0119tem oryginalnym. Wielu z najbardziej presti\u017cowych producent\u00f3w samochod\u00f3w stosuje opony marki Dunlop jako standardowe wyposa\u017cenie, w tym:&nbsp; Alfa Romeo, Audi, AMG, Aston Martin, BMW, Honda,&hellip;","_links":{"self":[{"href":"https:\/\/oponexa.shop\/tire\/wp-json\/wp\/v2\/product\/17556","targetHints":{"allow":["GET"]}}],"collection":[{"href":"https:\/\/oponexa.shop\/tire\/wp-json\/wp\/v2\/product"}],"about":[{"href":"https:\/\/oponexa.shop\/tire\/wp-json\/wp\/v2\/types\/product"}],"wp:featuredmedia":[{"embeddable":true,"href":"https:\/\/oponexa.shop\/tire\/wp-json\/wp\/v2\/media\/17557"}],"wp:attachment":[{"href":"https:\/\/oponexa.shop\/tire\/wp-json\/wp\/v2\/media?parent=17556"}],"wp:term":[{"taxonomy":"product_brand","embeddable":true,"href":"https:\/\/oponexa.shop\/tire\/wp-json\/wp\/v2\/product_brand?post=17556"},{"taxonomy":"product_cat","embeddable":true,"href":"https:\/\/oponexa.shop\/tire\/wp-json\/wp\/v2\/product_cat?post=17556"},{"taxonomy":"product_tag","embeddable":true,"href":"https:\/\/oponexa.shop\/tire\/wp-json\/wp\/v2\/product_tag?post=17556"}],"curies":[{"name":"wp","href":"https:\/\/api.w.org\/{rel}","templated":true}]}}