{"id":17181,"date":"2026-01-17T20:59:03","date_gmt":"2026-01-17T19:59:03","guid":{"rendered":"https:\/\/oponyonline.shop\/xef5\/produkt\/2x-opony-275-65r18-windforce-catchfors-ht-116-h\/"},"modified":"2026-01-17T20:59:03","modified_gmt":"2026-01-17T19:59:03","slug":"2x-opony-275-65r18-windforce-catchfors-ht-116-h","status":"publish","type":"product","link":"https:\/\/oponexa.shop\/tire\/produkt\/2x-opony-275-65r18-windforce-catchfors-ht-116-h\/","title":{"rendered":"2x opony 275\/65R18 WINDFORCE CATCHFORS HT 116 H"},"content":{"rendered":"<div style=\"font-family: Arial, sans-serif; line-height: 1.6; color: #333; padding: 20px; clear: both; display: block; width: 100%; float: none; position: static; overflow: hidden;\">\n<div style=\"clear: both; display: block; margin: 10px 0;\">\n<div style=\"clear: both; display: block; margin: 10px 0;\">\n<div style=\"clear: both; display: block; margin: 10px 0;\">\n<h2>Opona letnia Windforce Catchfors HT 275\/65R18 116 H<\/h2>\n<p style=\"margin: 15px 0; line-height: 1.8; clear: both; display: block; width: 100%; float: none; position: static;\">Opona letnia Windforce Catchfors HT 275\/65R18 116 H<\/p>\n<p style=\"margin: 15px 0; line-height: 1.8; clear: both; display: block; width: 100%; float: none; position: static;\">Cechy produktu:<\/p>\n<ul style=\"margin: 15px 0; padding-left: 20px; clear: both; display: block; width: 100%; float: none; position: static;\">\n<li style=\"margin: 5px 0; padding: 2px 0; clear: both; display: list-item; float: none; position: static;\">sezon: zimowe<\/li>\n<li style=\"margin: 5px 0; padding: 2px 0; clear: both; display: list-item; float: none; position: static;\">szeroko\u015b\u0107\/profil\/\u015brednica: 275\/65R18<\/li>\n<li style=\"margin: 5px 0; padding: 2px 0; clear: both; display: list-item; float: none; position: static;\">indeks no\u015bno\u015bci: 116 &#8211; 1250 kg<\/li>\n<li style=\"margin: 5px 0; padding: 2px 0; clear: both; display: list-item; float: none; position: static;\">indeks pr\u0119dko\u015bci: H do 210 km\/h<\/li>\n<\/ul>\n<\/div>\n<\/div>\n<div style=\"clear: both; display: block; margin: 10px 0;\">\n<div style=\"clear: both; display: block; margin: 10px 0;\">\n<div  style=\"max-width:600px;max-height:800px\">\n<div style=\"clear: both; display: block; margin: 10px 0;\">\n<div style=\"clear: both; width: 100%; display: block; margin: 20px 0; padding: 0; float: none; position: static; text-align: center;\"><img decoding=\"async\"  src=\"https:\/\/a.allegroimg.com\/original\/003e8f\/e83d11b24915bcc210d66ab16971\/2x-opony-275-65R18-WINDFORCE-CATCHFORS-HT-116-H\" srcset=\"https:\/\/a.allegroimg.com\/original\/003e8f\/e83d11b24915bcc210d66ab16971\/2x-opony-275-65R18-WINDFORCE-CATCHFORS-HT-116-H 270w,https:\/\/a.allegroimg.com\/original\/003e8f\/e83d11b24915bcc210d66ab16971\/2x-opony-275-65R18-WINDFORCE-CATCHFORS-HT-116-H 540w,https:\/\/a.allegroimg.com\/original\/003e8f\/e83d11b24915bcc210d66ab16971\/2x-opony-275-65R18-WINDFORCE-CATCHFORS-HT-116-H 600w,https:\/\/a.allegroimg.com\/original\/003e8f\/e83d11b24915bcc210d66ab16971\/2x-opony-275-65R18-WINDFORCE-CATCHFORS-HT-116-H 600w\" sizes=\"(min-width: 1200px) 560px, (min-width: 992px) 50vw, 100vw\" width=\"600px\" alt=\"2x opony 275\/65R18 WINDFORCE CATCHFORS HT 116 H\" style=\"max-width: 100%; height: auto; display: block; margin: 0 auto;\"><\/div>\n<\/div>\n<\/div>\n<\/div>\n<\/div>\n<\/div>\n<div style=\"clear: both; display: block; margin: 10px 0;\">\n<div style=\"clear: both; display: block; margin: 10px 0;\">\n<div style=\"clear: both; display: block; margin: 10px 0;\">\n<h3 style=\"color: #2c5aa0; font-size: 18px; margin: 30px 0 15px 0; font-weight: bold; clear: both; display: block; width: 100%; float: none; position: static;\">Informacje dodatkowe:<\/h3>\n<ul style=\"margin: 15px 0; padding-left: 20px; clear: both; display: block; width: 100%; float: none; position: static;\">\n<li style=\"margin: 5px 0; padding: 2px 0; clear: both; display: list-item; float: none; position: static;\">rok produkcji: 2024\/2025 (kupuj\u0105c z tej oferty otrzymasz opony fabrycznie nowe, pe\u0142nowarto\u015bciowe) <\/li>\n<li style=\"margin: 5px 0; padding: 2px 0; clear: both; display: list-item; float: none; position: static;\">stan: fabrycznie nowe <\/li>\n<\/ul>\n<\/div>\n<\/div>\n<\/div>\n<div style=\"clear: both; display: block; margin: 10px 0;\">\n<div style=\"clear: both; display: block; margin: 10px 0;\">\n<div style=\"clear: both; display: block; margin: 10px 0;\">\n<div  style=\"max-width:600px;max-height:800px\">\n<div style=\"clear: both; display: block; margin: 10px 0;\">\n<div style=\"clear: both; width: 100%; display: block; margin: 20px 0; padding: 0; float: none; position: static; text-align: center;\"><img decoding=\"async\"  src=\"https:\/\/a.allegroimg.com\/original\/003e8f\/e83d11b24915bcc210d66ab16971\/2x-opony-275-65R18-WINDFORCE-CATCHFORS-HT-116-H\" srcset=\"https:\/\/a.allegroimg.com\/original\/003e8f\/e83d11b24915bcc210d66ab16971\/2x-opony-275-65R18-WINDFORCE-CATCHFORS-HT-116-H 270w,https:\/\/a.allegroimg.com\/original\/003e8f\/e83d11b24915bcc210d66ab16971\/2x-opony-275-65R18-WINDFORCE-CATCHFORS-HT-116-H 540w,https:\/\/a.allegroimg.com\/original\/003e8f\/e83d11b24915bcc210d66ab16971\/2x-opony-275-65R18-WINDFORCE-CATCHFORS-HT-116-H 600w,https:\/\/a.allegroimg.com\/original\/003e8f\/e83d11b24915bcc210d66ab16971\/2x-opony-275-65R18-WINDFORCE-CATCHFORS-HT-116-H 600w\" sizes=\"100vw\" width=\"600px\" alt=\"2x opony 275\/65R18 WINDFORCE CATCHFORS HT 116 H\" style=\"max-width: 100%; height: auto; display: block; margin: 0 auto;\"><\/div>\n<\/div>\n<\/div>\n<\/div>\n<\/div>\n<\/div>\n<\/div>\n<\/div>\n<\/div>\n<div style=\"clear: both; display: block; margin: 10px 0;\">\n","protected":false},"excerpt":{"rendered":"<p>Opona letnia Windforce Catchfors HT 275\/65R18 116 H<\/p>\n<p>Opona letnia Windforce Catchfors HT 275\/65R18 116 H<\/p>\n<p>Cechy produktu:<\/p>\n<p>sezon: zimowe<\/p>\n<p>szeroko\u015b\u0107\/profil\/\u015brednica: 275\/65R18<\/p>\n<p>indeks no\u015bno\u015bci: 116 &#8211; 1250 kg<\/p>\n<p>indeks pr\u0119dko\u015bci: H do 210 km\/h<\/p>\n<p>Informacje dodatkowe:<\/p>\n","protected":false},"featured_media":17182,"template":"","meta":{"_uag_custom_page_level_css":""},"product_brand":[434],"product_cat":[428,418,413,412],"product_tag":[],"class_list":{"0":"post-17181","1":"product","2":"type-product","3":"status-publish","4":"has-post-thumbnail","6":"product_brand-windforce","7":"product_cat-do-samochodow-terenowych-i-4x4","8":"product_cat-letnie","9":"product_cat-opony","10":"product_cat-opony-i-felgi","12":"first","13":"instock","14":"shipping-taxable","15":"purchasable","16":"product-type-simple"},"uagb_featured_image_src":{"full":["https:\/\/oponexa.shop\/tire\/wp-content\/uploads\/2026\/01\/allegro-image-17181.jpg",600,800,false],"thumbnail":["https:\/\/oponexa.shop\/tire\/wp-content\/uploads\/2026\/01\/allegro-image-17181-150x150.jpg",150,150,true],"medium":["https:\/\/oponexa.shop\/tire\/wp-content\/uploads\/2026\/01\/allegro-image-17181-225x300.jpg",225,300,true],"medium_large":["https:\/\/oponexa.shop\/tire\/wp-content\/uploads\/2026\/01\/allegro-image-17181.jpg",600,800,false],"large":["https:\/\/oponexa.shop\/tire\/wp-content\/uploads\/2026\/01\/allegro-image-17181.jpg",600,800,false],"1536x1536":["https:\/\/oponexa.shop\/tire\/wp-content\/uploads\/2026\/01\/allegro-image-17181.jpg",600,800,false],"2048x2048":["https:\/\/oponexa.shop\/tire\/wp-content\/uploads\/2026\/01\/allegro-image-17181.jpg",600,800,false],"woocommerce_thumbnail":["https:\/\/oponexa.shop\/tire\/wp-content\/uploads\/2026\/01\/allegro-image-17181-300x300.jpg",300,300,true],"woocommerce_single":["https:\/\/oponexa.shop\/tire\/wp-content\/uploads\/2026\/01\/allegro-image-17181.jpg",600,800,false],"woocommerce_gallery_thumbnail":["https:\/\/oponexa.shop\/tire\/wp-content\/uploads\/2026\/01\/allegro-image-17181-100x100.jpg",100,100,true]},"uagb_author_info":{"display_name":"admin","author_link":"https:\/\/oponexa.shop\/tire\/author\/"},"uagb_comment_info":0,"uagb_excerpt":"Opona letnia Windforce Catchfors HT 275\/65R18 116 H Opona letnia Windforce Catchfors HT 275\/65R18 116 H Cechy produktu: sezon: zimowe szeroko\u015b\u0107\/profil\/\u015brednica: 275\/65R18 indeks no\u015bno\u015bci: 116 - 1250 kg indeks pr\u0119dko\u015bci: H do 210 km\/h Informacje dodatkowe:","_links":{"self":[{"href":"https:\/\/oponexa.shop\/tire\/wp-json\/wp\/v2\/product\/17181","targetHints":{"allow":["GET"]}}],"collection":[{"href":"https:\/\/oponexa.shop\/tire\/wp-json\/wp\/v2\/product"}],"about":[{"href":"https:\/\/oponexa.shop\/tire\/wp-json\/wp\/v2\/types\/product"}],"wp:featuredmedia":[{"embeddable":true,"href":"https:\/\/oponexa.shop\/tire\/wp-json\/wp\/v2\/media\/17182"}],"wp:attachment":[{"href":"https:\/\/oponexa.shop\/tire\/wp-json\/wp\/v2\/media?parent=17181"}],"wp:term":[{"taxonomy":"product_brand","embeddable":true,"href":"https:\/\/oponexa.shop\/tire\/wp-json\/wp\/v2\/product_brand?post=17181"},{"taxonomy":"product_cat","embeddable":true,"href":"https:\/\/oponexa.shop\/tire\/wp-json\/wp\/v2\/product_cat?post=17181"},{"taxonomy":"product_tag","embeddable":true,"href":"https:\/\/oponexa.shop\/tire\/wp-json\/wp\/v2\/product_tag?post=17181"}],"curies":[{"name":"wp","href":"https:\/\/api.w.org\/{rel}","templated":true}]}}