{"id":16939,"date":"2026-01-17T15:49:29","date_gmt":"2026-01-17T14:49:29","guid":{"rendered":"https:\/\/oponyonline.shop\/xef5\/produkt\/4x-radar-renegade-rt-plus-245-65r17-111-108-q\/"},"modified":"2026-01-17T15:49:29","modified_gmt":"2026-01-17T14:49:29","slug":"4x-radar-renegade-rt-plus-245-65r17-111-108-q","status":"publish","type":"product","link":"https:\/\/oponixo.shop\/tire\/produkt\/4x-radar-renegade-rt-plus-245-65r17-111-108-q\/","title":{"rendered":"4x RADAR RENEGADE RT PLUS 245\/65R17 111\/108 Q"},"content":{"rendered":"<div style=\"font-family: Arial, sans-serif; line-height: 1.6; color: #333; padding: 20px; clear: both; display: block; width: 100%; float: none; position: static; overflow: hidden;\">\n<div style=\"clear: both; display: block; margin: 10px 0;\">\n<div style=\"clear: both; display: block; margin: 10px 0;\">\n<div style=\"clear: both; display: block; margin: 10px 0;\">\n<h2>4x RADAR RENEGADE RT PLUS 245\/65R17 111\/108 Q<\/h2>\n<\/div>\n<\/div>\n<\/div>\n<div style=\"clear: both; display: block; margin: 10px 0;\">\n<div style=\"clear: both; display: block; margin: 10px 0;\">\n<div style=\"clear: both; display: block; margin: 10px 0;\">\n<div  style=\"max-width:920px;max-height:1120px\">\n<div style=\"clear: both; display: block; margin: 10px 0;\">\n<div style=\"clear: both; width: 100%; display: block; margin: 20px 0; padding: 0; float: none; position: static; text-align: center;\"><img decoding=\"async\"  src=\"https:\/\/a.allegroimg.com\/original\/1176c5\/b119d2ce459ab91d0b2a03f9b3fc\/4x-RADAR-RENEGADE-RT-PLUS-245-65R17-111-108-Q\" srcset=\"https:\/\/a.allegroimg.com\/original\/1176c5\/b119d2ce459ab91d0b2a03f9b3fc\/4x-RADAR-RENEGADE-RT-PLUS-245-65R17-111-108-Q 295w,https:\/\/a.allegroimg.com\/original\/1176c5\/b119d2ce459ab91d0b2a03f9b3fc\/4x-RADAR-RENEGADE-RT-PLUS-245-65R17-111-108-Q 591w,https:\/\/a.allegroimg.com\/original\/1176c5\/b119d2ce459ab91d0b2a03f9b3fc\/4x-RADAR-RENEGADE-RT-PLUS-245-65R17-111-108-Q 841w,https:\/\/a.allegroimg.com\/original\/1176c5\/b119d2ce459ab91d0b2a03f9b3fc\/4x-RADAR-RENEGADE-RT-PLUS-245-65R17-111-108-Q 920w,https:\/\/a.allegroimg.com\/original\/1176c5\/b119d2ce459ab91d0b2a03f9b3fc\/4x-RADAR-RENEGADE-RT-PLUS-245-65R17-111-108-Q 920w\" sizes=\"(min-width: 1200px) 560px, (min-width: 992px) 50vw, 100vw\" width=\"920px\" alt=\"4x RADAR RENEGADE RT PLUS 245\/65R17 111\/108 Q\" style=\"max-width: 100%; height: auto; display: block; margin: 0 auto;\"><\/div>\n<\/div>\n<\/div>\n<\/div>\n<\/div>\n<div style=\"clear: both; display: block; margin: 10px 0;\">\n<div style=\"clear: both; display: block; margin: 10px 0;\">\n<h2>Ca\u0142oroczne opony RADAR RENEGADE RT PLUS 245\/65 R17 111\/108 Q<\/h2>\n<p style=\"margin: 15px 0; line-height: 1.8; clear: both; display: block; width: 100%; float: none; position: static;\">Opony RADAR RENEGADE RT PLUS to znacz\u0105cy model w portfolio producenta.&nbsp;<\/p>\n<p style=\"margin: 15px 0; line-height: 1.8; clear: both; display: block; width: 100%; float: none; position: static;\"> Opony klasy ekonomicznej maj\u0105 \u015bwietny stosunek jako\u015bci do ceny.<\/p>\n<ul style=\"margin: 15px 0; padding-left: 20px; clear: both; display: block; width: 100%; float: none; position: static;\">\n<li style=\"margin: 5px 0; padding: 2px 0; clear: both; display: list-item; float: none; position: static;\"><b>Stan:<\/b>&nbsp;Nowy<\/li>\n<li style=\"margin: 5px 0; padding: 2px 0; clear: both; display: list-item; float: none; position: static;\"><b>EAN:<\/b>&nbsp;8886459598792<\/li>\n<li style=\"margin: 5px 0; padding: 2px 0; clear: both; display: list-item; float: none; position: static;\"><b>Producent:<\/b> RADAR<\/li>\n<li style=\"margin: 5px 0; padding: 2px 0; clear: both; display: list-item; float: none; position: static;\"><b>Model:<\/b> RENEGADE RT PLUS<\/li>\n<li style=\"margin: 5px 0; padding: 2px 0; clear: both; display: list-item; float: none; position: static;\"><b>Rozmiar:<\/b> 245\/65 R17<\/li>\n<li style=\"margin: 5px 0; padding: 2px 0; clear: both; display: list-item; float: none; position: static;\"><b>Indeks no\u015bno\u015bci:<\/b> 111\/108<\/li>\n<li style=\"margin: 5px 0; padding: 2px 0; clear: both; display: list-item; float: none; position: static;\"><b>Indeks pr\u0119dko\u015bci:<\/b> Q<\/li>\n<li style=\"margin: 5px 0; padding: 2px 0; clear: both; display: list-item; float: none; position: static;\"><b>Ha\u0142as db:<\/b>&nbsp;<\/li>\n<li style=\"margin: 5px 0; padding: 2px 0; clear: both; display: list-item; float: none; position: static;\"><b>Sezon:<\/b> Ca\u0142oroczne<\/li>\n<li style=\"margin: 5px 0; padding: 2px 0; clear: both; display: list-item; float: none; position: static;\"><b>Rok produkcji:<\/b> nie starsze ni\u017c 36 miesi\u0119cy<\/li>\n<li style=\"margin: 5px 0; padding: 2px 0; clear: both; display: list-item; float: none; position: static;\"><b>Przeznaczenie:<\/b> SUV\/4&#215;4<\/li>\n<li style=\"margin: 5px 0; padding: 2px 0; clear: both; display: list-item; float: none; position: static;\"><b>Kl. przycz. na mokrej naw.:<\/b>&nbsp;<\/li>\n<li style=\"margin: 5px 0; padding: 2px 0; clear: both; display: list-item; float: none; position: static;\"><b>Kl. efekt. paliwowej:&nbsp;<\/b><\/li>\n<\/ul>\n<\/div>\n<\/div>\n<\/div>\n<div style=\"clear: both; display: block; margin: 10px 0;\">\n<div style=\"clear: both; display: block; margin: 10px 0;\">\n<div style=\"clear: both; display: block; margin: 10px 0;\">\n<div  style=\"max-width:1200px;max-height:303px\">\n<div style=\"clear: both; display: block; margin: 10px 0;\">\n<div style=\"clear: both; width: 100%; display: block; margin: 20px 0; padding: 0; float: none; position: static; text-align: center;\"><img decoding=\"async\"  src=\"https:\/\/a.allegroimg.com\/original\/115df9\/2ac3d3d14329a57db1c2f74ab4a8\/4x-RADAR-RENEGADE-RT-PLUS-245-65R17-111-108-Q-Liczba-opon-w-ofercie-Komplet-4-szt\" srcset=\"https:\/\/a.allegroimg.com\/original\/115df9\/2ac3d3d14329a57db1c2f74ab4a8\/4x-RADAR-RENEGADE-RT-PLUS-245-65R17-111-108-Q-Liczba-opon-w-ofercie-Komplet-4-szt 360w,https:\/\/a.allegroimg.com\/original\/115df9\/2ac3d3d14329a57db1c2f74ab4a8\/4x-RADAR-RENEGADE-RT-PLUS-245-65R17-111-108-Q-Liczba-opon-w-ofercie-Komplet-4-szt 720w,https:\/\/a.allegroimg.com\/original\/115df9\/2ac3d3d14329a57db1c2f74ab4a8\/4x-RADAR-RENEGADE-RT-PLUS-245-65R17-111-108-Q-Liczba-opon-w-ofercie-Komplet-4-szt 1024w,https:\/\/a.allegroimg.com\/original\/115df9\/2ac3d3d14329a57db1c2f74ab4a8\/4x-RADAR-RENEGADE-RT-PLUS-245-65R17-111-108-Q-Liczba-opon-w-ofercie-Komplet-4-szt 1200w,https:\/\/a.allegroimg.com\/original\/115df9\/2ac3d3d14329a57db1c2f74ab4a8\/4x-RADAR-RENEGADE-RT-PLUS-245-65R17-111-108-Q-Liczba-opon-w-ofercie-Komplet-4-szt 1200w\" sizes=\"100vw\" width=\"1200px\" alt=\"4x RADAR RENEGADE RT PLUS 245\/65R17 111\/108 Q Liczba opon w ofercie Komplet 4 szt.\" style=\"max-width: 100%; height: auto; display: block; margin: 0 auto;\"><\/div>\n<\/div>\n<\/div>\n<\/div>\n<\/div>\n<\/div>\n<div style=\"clear: both; display: block; margin: 10px 0;\">\n<div style=\"clear: both; display: block; margin: 10px 0;\">\n<div style=\"clear: both; display: block; margin: 10px 0;\">\n<p style=\"margin: 15px 0; line-height: 1.8; clear: both; display: block; width: 100%; float: none; position: static;\">Radar to marka opon pochodz\u0105ca z Singapuru, kt\u00f3ra powsta\u0142a w 2006 roku. Jest ona w\u0142asno\u015bci\u0105 singapurskiego koncernu Omni United. Ogumienie tej marki nie jest produkowane w dedykowanych fabrykach tylko w zak\u0142adach produkcyjnych firm wsp\u00f3\u0142pracuj\u0105cych z koncernem Omni United. Opony te s\u0105 wytwarzane w Indiach, Indonezji, Sri Lance oraz Chinach.<\/p>\n<p style=\"margin: 15px 0; line-height: 1.8; clear: both; display: block; width: 100%; float: none; position: static;\">Dzi\u0119ki sta\u0142emu rozwojowi technologicznemu opony Radar zyska\u0142y uznanie na wielu rynkach. Ogumienie to zyska\u0142o wielk\u0105 popularno\u015b\u0107 w Malezji i Japonii. Aktualnie mo\u017cna zauwa\u017cy\u0107 rosn\u0105c\u0105 popularno\u015b\u0107 produkt\u00f3w tej marki w Stanach Zjednoczonych oraz na terenie wielu europejskich kraj\u00f3w, w tym r\u00f3wnie\u017c Polski.<\/p>\n<p style=\"margin: 15px 0; line-height: 1.8; clear: both; display: block; width: 100%; float: none; position: static;\">Dzisiaj w portfolio producenta mo\u017cemy znale\u017a\u0107 opony do aut osobowych, pojazd\u00f3w typu SUV oraz lekkich pojazd\u00f3w ci\u0119\u017carowych.<\/p>\n<p style=\"margin: 15px 0; line-height: 1.8; clear: both; display: block; width: 100%; float: none; position: static;\">Producent opon Radar wykorzystuje innowacyjne technologie wp\u0142ywaj\u0105ce korzystnie na ekonomi\u0119 oraz ekologi\u0119. Opory toczenia tych opon s\u0105 bardzo niskie, a to przek\u0142ada si\u0119 na mniejsze zu\u017cycie paliwa i ni\u017csze generowanie spalin. Przedsi\u0119biorstwo produkcyjne k\u0142adzie du\u017cy nacisk na ekologi\u0119. Warto wspomnie\u0107, \u017ce specjalnie dobrana mieszanka gumy korzystnie wp\u0142ywa na trwa\u0142o\u015b\u0107 opon tej marki.<\/p>\n<\/div>\n<\/div>\n<\/div>\n<div style=\"clear: both; display: block; margin: 10px 0;\">\n<div style=\"clear: both; display: block; margin: 10px 0;\">\n<div style=\"clear: both; display: block; margin: 10px 0;\">\n<div  style=\"max-width:920px;max-height:1120px\">\n<div style=\"clear: both; display: block; margin: 10px 0;\">\n<div style=\"clear: both; width: 100%; display: block; margin: 20px 0; padding: 0; float: none; position: static; text-align: center;\"><img decoding=\"async\"  src=\"https:\/\/a.allegroimg.com\/original\/1176c5\/b119d2ce459ab91d0b2a03f9b3fc\/4x-RADAR-RENEGADE-RT-PLUS-245-65R17-111-108-Q\" srcset=\"https:\/\/a.allegroimg.com\/original\/1176c5\/b119d2ce459ab91d0b2a03f9b3fc\/4x-RADAR-RENEGADE-RT-PLUS-245-65R17-111-108-Q 295w,https:\/\/a.allegroimg.com\/original\/1176c5\/b119d2ce459ab91d0b2a03f9b3fc\/4x-RADAR-RENEGADE-RT-PLUS-245-65R17-111-108-Q 591w,https:\/\/a.allegroimg.com\/original\/1176c5\/b119d2ce459ab91d0b2a03f9b3fc\/4x-RADAR-RENEGADE-RT-PLUS-245-65R17-111-108-Q 841w,https:\/\/a.allegroimg.com\/original\/1176c5\/b119d2ce459ab91d0b2a03f9b3fc\/4x-RADAR-RENEGADE-RT-PLUS-245-65R17-111-108-Q 920w,https:\/\/a.allegroimg.com\/original\/1176c5\/b119d2ce459ab91d0b2a03f9b3fc\/4x-RADAR-RENEGADE-RT-PLUS-245-65R17-111-108-Q 920w\" sizes=\"(min-width: 1200px) 560px, (min-width: 992px) 50vw, 100vw\" width=\"920px\" alt=\"4x RADAR RENEGADE RT PLUS 245\/65R17 111\/108 Q\" style=\"max-width: 100%; height: auto; display: block; margin: 0 auto;\"><\/div>\n<\/div>\n<\/div>\n<\/div>\n<\/div>\n<div style=\"clear: both; display: block; margin: 10px 0;\">\n<div style=\"clear: both; display: block; margin: 10px 0;\">\n<p style=\"margin: 15px 0; line-height: 1.8; clear: both; display: block; width: 100%; float: none; position: static;\">Dlaczego warto kupowa\u0107 u Nas ?<\/p>\n<p style=\"margin: 15px 0; line-height: 1.8; clear: both; display: block; width: 100%; float: none; position: static;\">Jeste\u015bmy firm\u0105, kt\u00f3ra na podstawie wieloletniego do\u015bwiadczenia z zaanga\u017cowaniem pomaga klientom w doborze oraz kupnie opon.<\/p>\n<p style=\"margin: 15px 0; line-height: 1.8; clear: both; display: block; width: 100%; float: none; position: static;\">Posiadamy szerok\u0105 game opon do aut osobowych, dostawczych, cie\u017carowych, motocyki jak i opon przemys\u0142owych.<\/p>\n<p style=\"margin: 15px 0; line-height: 1.8; clear: both; display: block; width: 100%; float: none; position: static;\">Gwarancja satysfakcjii oraz bezpiecznie przejechanych kilometr\u00f3w.<\/p>\n<p style=\"margin: 15px 0; line-height: 1.8; clear: both; display: block; width: 100%; float: none; position: static;\">Zosta\u0144 naszym kolejnym zadowolonym klientem.<\/p>\n<p style=\"margin: 15px 0; line-height: 1.8; clear: both; display: block; width: 100%; float: none; position: static;\">ZAPRASZAMY DO ZAKUP\u00d3W.<\/p>\n<\/div>\n<\/div>\n<\/div>\n<\/div>\n<\/div>\n<\/div>\n<div style=\"clear: both; display: block; margin: 10px 0;\">\n","protected":false},"excerpt":{"rendered":"<p>4x RADAR RENEGADE RT PLUS 245\/65R17 111\/108 Q<\/p>\n<p>Ca\u0142oroczne opony RADAR RENEGADE RT PLUS 245\/65 R17 111\/108 Q<\/p>\n<p>Opony RADAR RENEGADE RT PLUS to znacz\u0105cy model w portfolio producenta.&nbsp;<\/p>\n<p>Opony klasy ekonomicznej maj\u0105 \u015bwietny stosunek jako\u015bci do ceny.<\/p>\n<p>Stan:&nbsp;Nowy<\/p>\n<p>EAN:&nbsp;8886459598792<\/p>\n<p>Producent: RADAR<\/p>\n<p>Model: RENEGADE RT PLUS<\/p>\n","protected":false},"featured_media":16940,"template":"","meta":{"_uag_custom_page_level_css":""},"product_brand":[486],"product_cat":[414,418,413,412],"product_tag":[],"class_list":{"0":"post-16939","1":"product","2":"type-product","3":"status-publish","4":"has-post-thumbnail","6":"product_brand-radar","7":"product_cat-do-samochodow-osobowych-i-suv","8":"product_cat-letnie","9":"product_cat-opony","10":"product_cat-opony-i-felgi","12":"first","13":"instock","14":"shipping-taxable","15":"purchasable","16":"product-type-simple"},"uagb_featured_image_src":{"full":["https:\/\/oponixo.shop\/tire\/wp-content\/uploads\/2026\/01\/allegro-image-16939.jpg",920,1120,false],"thumbnail":["https:\/\/oponixo.shop\/tire\/wp-content\/uploads\/2026\/01\/allegro-image-16939-150x150.jpg",150,150,true],"medium":["https:\/\/oponixo.shop\/tire\/wp-content\/uploads\/2026\/01\/allegro-image-16939-246x300.jpg",246,300,true],"medium_large":["https:\/\/oponixo.shop\/tire\/wp-content\/uploads\/2026\/01\/allegro-image-16939-768x935.jpg",768,935,true],"large":["https:\/\/oponixo.shop\/tire\/wp-content\/uploads\/2026\/01\/allegro-image-16939-841x1024.jpg",841,1024,true],"1536x1536":["https:\/\/oponixo.shop\/tire\/wp-content\/uploads\/2026\/01\/allegro-image-16939.jpg",920,1120,false],"2048x2048":["https:\/\/oponixo.shop\/tire\/wp-content\/uploads\/2026\/01\/allegro-image-16939.jpg",920,1120,false],"woocommerce_thumbnail":["https:\/\/oponixo.shop\/tire\/wp-content\/uploads\/2026\/01\/allegro-image-16939-300x300.jpg",300,300,true],"woocommerce_single":["https:\/\/oponixo.shop\/tire\/wp-content\/uploads\/2026\/01\/allegro-image-16939-600x730.jpg",600,730,true],"woocommerce_gallery_thumbnail":["https:\/\/oponixo.shop\/tire\/wp-content\/uploads\/2026\/01\/allegro-image-16939-100x100.jpg",100,100,true]},"uagb_author_info":{"display_name":"admin","author_link":"https:\/\/oponixo.shop\/tire\/author\/"},"uagb_comment_info":0,"uagb_excerpt":"4x RADAR RENEGADE RT PLUS 245\/65R17 111\/108 Q Ca\u0142oroczne opony RADAR RENEGADE RT PLUS 245\/65 R17 111\/108 Q Opony RADAR RENEGADE RT PLUS to znacz\u0105cy model w portfolio producenta.&nbsp; Opony klasy ekonomicznej maj\u0105 \u015bwietny stosunek jako\u015bci do ceny. Stan:&nbsp;Nowy EAN:&nbsp;8886459598792 Producent: RADAR Model: RENEGADE RT PLUS","_links":{"self":[{"href":"https:\/\/oponixo.shop\/tire\/wp-json\/wp\/v2\/product\/16939","targetHints":{"allow":["GET"]}}],"collection":[{"href":"https:\/\/oponixo.shop\/tire\/wp-json\/wp\/v2\/product"}],"about":[{"href":"https:\/\/oponixo.shop\/tire\/wp-json\/wp\/v2\/types\/product"}],"wp:featuredmedia":[{"embeddable":true,"href":"https:\/\/oponixo.shop\/tire\/wp-json\/wp\/v2\/media\/16940"}],"wp:attachment":[{"href":"https:\/\/oponixo.shop\/tire\/wp-json\/wp\/v2\/media?parent=16939"}],"wp:term":[{"taxonomy":"product_brand","embeddable":true,"href":"https:\/\/oponixo.shop\/tire\/wp-json\/wp\/v2\/product_brand?post=16939"},{"taxonomy":"product_cat","embeddable":true,"href":"https:\/\/oponixo.shop\/tire\/wp-json\/wp\/v2\/product_cat?post=16939"},{"taxonomy":"product_tag","embeddable":true,"href":"https:\/\/oponixo.shop\/tire\/wp-json\/wp\/v2\/product_tag?post=16939"}],"curies":[{"name":"wp","href":"https:\/\/api.w.org\/{rel}","templated":true}]}}