{"id":16678,"date":"2026-01-17T13:39:06","date_gmt":"2026-01-17T12:39:06","guid":{"rendered":"https:\/\/oponyonline.shop\/xef5\/produkt\/1-szt-general-225-70r17-grabber-at3-115-112-s-rant-nowe\/"},"modified":"2026-01-17T13:39:07","modified_gmt":"2026-01-17T12:39:07","slug":"1-szt-general-225-70r17-grabber-at3-115-112-s-rant-nowe","status":"publish","type":"product","link":"https:\/\/oponixo.shop\/tire\/produkt\/1-szt-general-225-70r17-grabber-at3-115-112-s-rant-nowe\/","title":{"rendered":"1 szt. GENERAL 225\/70R17 Grabber AT3 115\/112 S RANT Nowe"},"content":{"rendered":"<div style=\"font-family: Arial, sans-serif; line-height: 1.6; color: #333; padding: 20px; clear: both; display: block; width: 100%; float: none; position: static; overflow: hidden;\">\n<div style=\"clear: both; display: block; margin: 10px 0;\">\n<div style=\"clear: both; display: block; margin: 10px 0;\">\n<div style=\"clear: both; display: block; margin: 10px 0;\">\n<div  style=\"max-width:620px;max-height:200px\">\n<div style=\"clear: both; display: block; margin: 10px 0;\">\n<div style=\"clear: both; width: 100%; display: block; margin: 20px 0; padding: 0; float: none; position: static; text-align: center;\"><img decoding=\"async\"  src=\"https:\/\/a.allegroimg.com\/original\/11df5c\/acb11a88446283dcd158c6a4a82a\/1-szt-GENERAL-225-70R17-Grabber-AT3-115-112-S-RANT-Nowe-Marka-General\" srcset=\"https:\/\/a.allegroimg.com\/original\/11df5c\/acb11a88446283dcd158c6a4a82a\/1-szt-GENERAL-225-70R17-Grabber-AT3-115-112-S-RANT-Nowe-Marka-General 360w,https:\/\/a.allegroimg.com\/original\/11df5c\/acb11a88446283dcd158c6a4a82a\/1-szt-GENERAL-225-70R17-Grabber-AT3-115-112-S-RANT-Nowe-Marka-General 620w,https:\/\/a.allegroimg.com\/original\/11df5c\/acb11a88446283dcd158c6a4a82a\/1-szt-GENERAL-225-70R17-Grabber-AT3-115-112-S-RANT-Nowe-Marka-General 620w\" sizes=\"100vw\" width=\"620px\" alt=\"1 szt. GENERAL 225\/70R17 Grabber AT3 115\/112 S RANT Nowe Marka General\" style=\"max-width: 100%; height: auto; display: block; margin: 0 auto;\"><\/div>\n<\/div>\n<\/div>\n<\/div>\n<\/div>\n<\/div>\n<div style=\"clear: both; display: block; margin: 10px 0;\">\n<div style=\"clear: both; display: block; margin: 10px 0;\">\n<div style=\"clear: both; display: block; margin: 10px 0;\">\n<h1>1x nowa opona ca\u0142oroczna General Grabber AT3 225\/70 R17 115\/112S FR \/ Ochrona felgi \/ Oryginalna<\/h1>\n<p style=\"margin: 15px 0; line-height: 1.8; clear: both; display: block; width: 100%; float: none; position: static;\"><b>Kup<\/b> wygodnie i bezpiecznie <b>u eksperta<\/b> od opon osobowych, terenowych i dostawczych.<\/p>\n<\/div>\n<\/div>\n<\/div>\n<div style=\"clear: both; display: block; margin: 10px 0;\">\n<div style=\"clear: both; display: block; margin: 10px 0;\">\n<div style=\"clear: both; display: block; margin: 10px 0;\">\n<h2>Szczeg\u00f3\u0142y oferty:<\/h2>\n<ul style=\"margin: 15px 0; padding-left: 20px; clear: both; display: block; width: 100%; float: none; position: static;\">\n<li style=\"margin: 5px 0; padding: 2px 0; clear: both; display: list-item; float: none; position: static;\">Sezon: opona ca\u0142oroczna<\/li>\n<li style=\"margin: 5px 0; padding: 2px 0; clear: both; display: list-item; float: none; position: static;\">Aukcja dotyczy: <b>1 sztuki<\/b> (jednej opony)<\/li>\n<li style=\"margin: 5px 0; padding: 2px 0; clear: both; display: list-item; float: none; position: static;\">Przeznaczenie: auta osobowe, 4&#215;4, SUV<\/li>\n<li style=\"margin: 5px 0; padding: 2px 0; clear: both; display: list-item; float: none; position: static;\">Gatunek: pierwszy (najlepszy)<\/li>\n<li style=\"margin: 5px 0; padding: 2px 0; clear: both; display: list-item; float: none; position: static;\">Stan: <b>fabrycznie nowa<\/b><\/li>\n<li style=\"margin: 5px 0; padding: 2px 0; clear: both; display: list-item; float: none; position: static;\">Jako\u015b\u0107: 100% oryginane<\/li>\n<li style=\"margin: 5px 0; padding: 2px 0; clear: both; display: list-item; float: none; position: static;\">Data produkcji: 2023<\/li>\n<li style=\"margin: 5px 0; padding: 2px 0; clear: both; display: list-item; float: none; position: static;\">Wsparcie techniczne: 7 lat<\/li>\n<li style=\"margin: 5px 0; padding: 2px 0; clear: both; display: list-item; float: none; position: static;\">Pe\u0142na ochrona: 84 miesi\u0105ce<\/li>\n<li style=\"margin: 5px 0; padding: 2px 0; clear: both; display: list-item; float: none; position: static;\">SKU: A04509080000<\/li>\n<\/ul>\n<h2>Dane techniczne:<\/h2>\n<ul style=\"margin: 15px 0; padding-left: 20px; clear: both; display: block; width: 100%; float: none; position: static;\">\n<li style=\"margin: 5px 0; padding: 2px 0; clear: both; display: list-item; float: none; position: static;\">Rant chroni\u0105cy felg\u0119 (<b>FR<\/b>)<\/li>\n<li style=\"margin: 5px 0; padding: 2px 0; clear: both; display: list-item; float: none; position: static;\">Homologacja zimowa (<b>3PMSF<\/b>)<\/li>\n<li style=\"margin: 5px 0; padding: 2px 0; clear: both; display: list-item; float: none; position: static;\">Kr\u00f3tka droga hamowania na mokrym<\/li>\n<\/ul>\n<\/div>\n<\/div>\n<\/div>\n<div style=\"clear: both; display: block; margin: 10px 0;\">\n<div style=\"clear: both; display: block; margin: 10px 0;\">\n<div style=\"clear: both; display: block; margin: 10px 0;\">\n<div  style=\"max-width:800px;max-height:800px\">\n<div style=\"clear: both; display: block; margin: 10px 0;\">\n<div style=\"clear: both; width: 100%; display: block; margin: 20px 0; padding: 0; float: none; position: static; text-align: center;\"><img decoding=\"async\"  src=\"https:\/\/a.allegroimg.com\/original\/11fb1c\/f5ef9b914b24b5ee3c882f47a72e\/1-szt-GENERAL-225-70R17-Grabber-AT3-115-112-S-RANT-Nowe\" srcset=\"https:\/\/a.allegroimg.com\/original\/11fb1c\/f5ef9b914b24b5ee3c882f47a72e\/1-szt-GENERAL-225-70R17-Grabber-AT3-115-112-S-RANT-Nowe 360w,https:\/\/a.allegroimg.com\/original\/11fb1c\/f5ef9b914b24b5ee3c882f47a72e\/1-szt-GENERAL-225-70R17-Grabber-AT3-115-112-S-RANT-Nowe 720w,https:\/\/a.allegroimg.com\/original\/11fb1c\/f5ef9b914b24b5ee3c882f47a72e\/1-szt-GENERAL-225-70R17-Grabber-AT3-115-112-S-RANT-Nowe 800w,https:\/\/a.allegroimg.com\/original\/11fb1c\/f5ef9b914b24b5ee3c882f47a72e\/1-szt-GENERAL-225-70R17-Grabber-AT3-115-112-S-RANT-Nowe 800w\" sizes=\"(min-width: 1200px) 560px, (min-width: 992px) 50vw, 100vw\" width=\"800px\" alt=\"1 szt. GENERAL 225\/70R17 Grabber AT3 115\/112 S RANT Nowe\" style=\"max-width: 100%; height: auto; display: block; margin: 0 auto;\"><\/div>\n<\/div>\n<\/div>\n<\/div>\n<\/div>\n<div style=\"clear: both; display: block; margin: 10px 0;\">\n<div style=\"clear: both; display: block; margin: 10px 0;\">\n<h1>Parametry opony:<\/h1>\n<ul style=\"margin: 15px 0; padding-left: 20px; clear: both; display: block; width: 100%; float: none; position: static;\">\n<li style=\"margin: 5px 0; padding: 2px 0; clear: both; display: list-item; float: none; position: static;\">Marka: General<\/li>\n<li style=\"margin: 5px 0; padding: 2px 0; clear: both; display: list-item; float: none; position: static;\">Model: Grabber AT3<\/li>\n<li style=\"margin: 5px 0; padding: 2px 0; clear: both; display: list-item; float: none; position: static;\">Sezon: <b>ca\u0142oroczna<\/b><\/li>\n<li style=\"margin: 5px 0; padding: 2px 0; clear: both; display: list-item; float: none; position: static;\">Przeznaczenie: osobowe, 4&#215;4, SUV<\/li>\n<li style=\"margin: 5px 0; padding: 2px 0; clear: both; display: list-item; float: none; position: static;\">Rozmiar: <b>225\/70 R17<\/b><\/li>\n<li style=\"margin: 5px 0; padding: 2px 0; clear: both; display: list-item; float: none; position: static;\">Szeroko\u015b\u0107: 225 mm<\/li>\n<li style=\"margin: 5px 0; padding: 2px 0; clear: both; display: list-item; float: none; position: static;\">Wysoko\u015b\u0107: 70<\/li>\n<li style=\"margin: 5px 0; padding: 2px 0; clear: both; display: list-item; float: none; position: static;\">\u015arednica: 17 cali<\/li>\n<li style=\"margin: 5px 0; padding: 2px 0; clear: both; display: list-item; float: none; position: static;\">Indeks no\u015bno\u015bci: <b>115\/112<\/b><\/li>\n<li style=\"margin: 5px 0; padding: 2px 0; clear: both; display: list-item; float: none; position: static;\">Indeks pr\u0119dko\u015bci: <b>S<\/b> (do 180 km\/h)<\/li>\n<li style=\"margin: 5px 0; padding: 2px 0; clear: both; display: list-item; float: none; position: static;\">Inne oznaczenia: 3PMSF, M+S, FR<\/li>\n<\/ul>\n<\/div>\n<\/div>\n<\/div>\n<div style=\"clear: both; display: block; margin: 10px 0;\">\n<div style=\"clear: both; display: block; margin: 10px 0;\">\n<div style=\"clear: both; display: block; margin: 10px 0;\">\n<div  style=\"max-width:600px;max-height:381px\">\n<div style=\"clear: both; display: block; margin: 10px 0;\">\n<div style=\"clear: both; width: 100%; display: block; margin: 20px 0; padding: 0; float: none; position: static; text-align: center;\"><img decoding=\"async\"  src=\"https:\/\/a.allegroimg.com\/original\/11a378\/d5fbfa0148048d3eae459eab6725\/1-szt-GENERAL-225-70R17-Grabber-AT3-115-112-S-RANT-Nowe-Opor-toczenia-E\" srcset=\"https:\/\/a.allegroimg.com\/original\/11a378\/d5fbfa0148048d3eae459eab6725\/1-szt-GENERAL-225-70R17-Grabber-AT3-115-112-S-RANT-Nowe-Opor-toczenia-E 360w,https:\/\/a.allegroimg.com\/original\/11a378\/d5fbfa0148048d3eae459eab6725\/1-szt-GENERAL-225-70R17-Grabber-AT3-115-112-S-RANT-Nowe-Opor-toczenia-E 600w,https:\/\/a.allegroimg.com\/original\/11a378\/d5fbfa0148048d3eae459eab6725\/1-szt-GENERAL-225-70R17-Grabber-AT3-115-112-S-RANT-Nowe-Opor-toczenia-E 600w\" sizes=\"(min-width: 1200px) 560px, (min-width: 992px) 50vw, 100vw\" width=\"600px\" alt=\"1 szt. GENERAL 225\/70R17 Grabber AT3 115\/112 S RANT Nowe Op\u00f3r toczenia E\" style=\"max-width: 100%; height: auto; display: block; margin: 0 auto;\"><\/div>\n<\/div>\n<\/div>\n<\/div>\n<\/div>\n<div style=\"clear: both; display: block; margin: 10px 0;\">\n<div style=\"clear: both; display: block; margin: 10px 0;\">\n<h1>Dodatkowe oznaczenia:<\/h1>\n<p style=\"margin: 15px 0; line-height: 1.8; clear: both; display: block; width: 100%; float: none; position: static;\"><b>M+S<\/b> \/ Opona o konstrukcji zoptymalizowanej pod k\u0105tem przyczepno\u015bci na b\u0142ocie oraz \u015bwie\u017cym lub topniej\u0105cym \u015bniegu. Stanowi deklaracj\u0119 producenta, \u017ce dana opona radzi sobie lepiej w b\u0142ocie czy \u015bniegu ni\u017c standardowa.<\/p>\n<p style=\"margin: 15px 0; line-height: 1.8; clear: both; display: block; width: 100%; float: none; position: static;\"><b>FR<\/b> \/ Opona posiada specjalny rant chroni\u0105cy felg\u0119 przed uszkodzeniem oraz porysowaniem np. podczas kontaktu z kraw\u0119\u017cnikiem.<\/p>\n<\/div>\n<\/div>\n<\/div>\n<div style=\"clear: both; display: block; margin: 10px 0;\">\n<div style=\"clear: both; display: block; margin: 10px 0;\">\n<div style=\"clear: both; display: block; margin: 10px 0;\">\n<div  style=\"max-width:626px;max-height:383px\">\n<div style=\"clear: both; display: block; margin: 10px 0;\">\n<div style=\"clear: both; width: 100%; display: block; margin: 20px 0; padding: 0; float: none; position: static; text-align: center;\"><img decoding=\"async\"  src=\"https:\/\/a.allegroimg.com\/original\/113c48\/0b75775a4e62b8ba411bc141c0a9\/1-szt-GENERAL-225-70R17-Grabber-AT3-115-112-S-RANT-Nowe-Szerokosc-opony-225-mm\" srcset=\"https:\/\/a.allegroimg.com\/original\/113c48\/0b75775a4e62b8ba411bc141c0a9\/1-szt-GENERAL-225-70R17-Grabber-AT3-115-112-S-RANT-Nowe-Szerokosc-opony-225-mm 360w,https:\/\/a.allegroimg.com\/original\/113c48\/0b75775a4e62b8ba411bc141c0a9\/1-szt-GENERAL-225-70R17-Grabber-AT3-115-112-S-RANT-Nowe-Szerokosc-opony-225-mm 626w,https:\/\/a.allegroimg.com\/original\/113c48\/0b75775a4e62b8ba411bc141c0a9\/1-szt-GENERAL-225-70R17-Grabber-AT3-115-112-S-RANT-Nowe-Szerokosc-opony-225-mm 626w\" sizes=\"(min-width: 1200px) 560px, (min-width: 992px) 50vw, 100vw\" width=\"626px\" alt=\"1 szt. GENERAL 225\/70R17 Grabber AT3 115\/112 S RANT Nowe Szeroko\u015b\u0107 opony 225 mm\" style=\"max-width: 100%; height: auto; display: block; margin: 0 auto;\"><\/div>\n<\/div>\n<\/div>\n<\/div>\n<\/div>\n<div style=\"clear: both; display: block; margin: 10px 0;\">\n<div style=\"clear: both; display: block; margin: 10px 0;\">\n<h1>Symbol alpejski 3PMSF<\/h1>\n<p style=\"margin: 15px 0; line-height: 1.8; clear: both; display: block; width: 100%; float: none; position: static;\">Symbol alpejski 3PMSF (3 Peak Mountain Snow Flake) przedstawiaj\u0105cy p\u0142atek \u015bniegu na tle 3 g\u00f3rskich szczyt\u00f3w oznacza, \u017ce opony go posiadaj\u0105ce gwarantuj\u0105 niezawodno\u015b\u0107 i bezpiecze\u0144stwo na \u015bniegu. Oznaczenie 3PMSF jest przyznawane oponom przez certyfikowany organ. Oznaczenie otrzymuj\u0105 wy\u0142\u0105cznie opony zimowe i ca\u0142oroczne, kt\u00f3re otrzyma\u0142y pozytywny wynik w znormalizowanych testach osi\u0105g\u00f3w w zakresie mobilno\u015bci i bezpiecze\u0144stwa na \u015bniegu.<\/p>\n<\/div>\n<\/div>\n<\/div>\n<div style=\"clear: both; display: block; margin: 10px 0;\">\n<div style=\"clear: both; display: block; margin: 10px 0;\">\n<div style=\"clear: both; display: block; margin: 10px 0;\">\n<h1>Etykieta opony General Grabber AT3 225\/70 R17<\/h1>\n<p style=\"margin: 15px 0; line-height: 1.8; clear: both; display: block; width: 100%; float: none; position: static;\">Unijna etykieta to obowi\u0105zkowe na terenie Unii Europejskiej oznaczenie informuj\u0105ce o parametrach sprzedawanych opon. Jej zadaniem jest pomoc kierowcom w wyborze modelu, kt\u00f3ry b\u0119dzie zoptymalizowany pod k\u0105tem r\u00f3\u017cnych osi\u0105g\u00f3w. Etykiety informuj\u0105 o poziomie ha\u0142asu generowanym podczas jazdy, zu\u017cyciu paliwa, a tak\u017ce zachowaniu na mokrej nawierzchni. Dzi\u0119ki por\u00f3wnaniu poszczeg\u00f3lnych warto\u015bci, a tak\u017ce cenie r\u00f3\u017cnych modeli ogumienia, kierowca mo\u017ce kupi\u0107 opony najbardziej dopasowane do jego potrzeb i mo\u017cliwo\u015bci finansowych.<\/p>\n<h2>Op\u00f3r toczenia &#8211; klasa E<\/h2>\n<p style=\"margin: 15px 0; line-height: 1.8; clear: both; display: block; width: 100%; float: none; position: static;\">Opory toczenia to si\u0142y dzia\u0142aj\u0105ce na opony przeciwnie do kierunku jazdy (tarcie, op\u00f3r powietrza). Im gorzej dany model si\u0119 im przeciwstawia, tym ma wi\u0119ksze opory toczenia, a wi\u0119c potrzebuje wi\u0119cej energii do pozostawania w ruchu. Wi\u0105\u017ce si\u0119 to ze zwi\u0119kszonym spalaniem paliwa. Opony o ma\u0142ych oporach toczenia s\u0105 w stanie wp\u0142yn\u0105\u0107 na spadek jego zu\u017cycia mniej wi\u0119cej o 0,1 litra na 100 km.<\/p>\n<\/div>\n<\/div>\n<\/div>\n<div style=\"clear: both; display: block; margin: 10px 0;\">\n<div style=\"clear: both; display: block; margin: 10px 0;\">\n<div style=\"clear: both; display: block; margin: 10px 0;\">\n<div  style=\"max-width:300px;max-height:440px\">\n<div style=\"clear: both; display: block; margin: 10px 0;\">\n<div style=\"clear: both; width: 100%; display: block; margin: 20px 0; padding: 0; float: none; position: static; text-align: center;\"><img decoding=\"async\"  src=\"https:\/\/a.allegroimg.com\/original\/11b893\/b90971064de2b11e9efe6b9e64ea\/1-szt-GENERAL-225-70R17-Grabber-AT3-115-112-S-RANT-Nowe-Liczba-opon-w-ofercie-1-szt\" srcset=\"https:\/\/a.allegroimg.com\/original\/11b893\/b90971064de2b11e9efe6b9e64ea\/1-szt-GENERAL-225-70R17-Grabber-AT3-115-112-S-RANT-Nowe-Liczba-opon-w-ofercie-1-szt 245w,https:\/\/a.allegroimg.com\/original\/11b893\/b90971064de2b11e9efe6b9e64ea\/1-szt-GENERAL-225-70R17-Grabber-AT3-115-112-S-RANT-Nowe-Liczba-opon-w-ofercie-1-szt 300w,https:\/\/a.allegroimg.com\/original\/11b893\/b90971064de2b11e9efe6b9e64ea\/1-szt-GENERAL-225-70R17-Grabber-AT3-115-112-S-RANT-Nowe-Liczba-opon-w-ofercie-1-szt 300w\" sizes=\"(min-width: 1200px) 560px, (min-width: 992px) 50vw, 100vw\" width=\"300px\" alt=\"1 szt. GENERAL 225\/70R17 Grabber AT3 115\/112 S RANT Nowe Liczba opon w ofercie 1 szt.\" style=\"max-width: 100%; height: auto; display: block; margin: 0 auto;\"><\/div>\n<\/div>\n<\/div>\n<\/div>\n<\/div>\n<div style=\"clear: both; display: block; margin: 10px 0;\">\n<div style=\"clear: both; display: block; margin: 10px 0;\">\n<h2>Hamowanie na mokrym &#8211; klasa B<\/h2>\n<p style=\"margin: 15px 0; line-height: 1.8; clear: both; display: block; width: 100%; float: none; position: static;\">Przyczepno\u015b\u0107 na mokrej nawierzchni to zdolno\u015b\u0107 zachowania kontaktu opony z pokryt\u0105 wod\u0105 jezdni\u0105. Najkr\u00f3tsz\u0105 drog\u0105 hamowania cechuje si\u0119 ogumienie zaliczane do klasy &#8222;A&#8221;. Najs\u0142absze parametry pod tym wzgl\u0119dem maj\u0105 modele z not\u0105 &#8222;G&#8221;.<\/p>\n<h2>Ha\u0142as &#8211; 75dB<\/h2>\n<p style=\"margin: 15px 0; line-height: 1.8; clear: both; display: block; width: 100%; float: none; position: static;\">Zmniejszenie ha\u0142asu wytwarzanego przez opony podczas jazdy, to nie tylko wi\u0119kszy komfort dla kierowc\u00f3w i mieszka\u0144c\u00f3w miast, ale tak\u017ce element wp\u0142ywaj\u0105cy na chronienie \u015brodowiska naturalnego. Dzi\u0119ki zawarciu na unijnej etykiecie do\u0142\u0105czonej do opony informacji dotycz\u0105cej ha\u0142asu zewn\u0119trznego generowanego przez opon\u0119, ka\u017cdy kierowca mo\u017ce wybra\u0107 model gwarantuj\u0105cy odpowiedni poziom komfortu. Parametr wyra\u017ca si\u0119 w decybelach.<\/p>\n<\/div>\n<\/div>\n<\/div>\n<div style=\"clear: both; display: block; margin: 10px 0;\">\n<div style=\"clear: both; display: block; margin: 10px 0;\">\n<div style=\"clear: both; display: block; margin: 10px 0;\">\n<div  style=\"max-width:612px;max-height:281px\">\n<div style=\"clear: both; display: block; margin: 10px 0;\">\n<div style=\"clear: both; width: 100%; display: block; margin: 20px 0; padding: 0; float: none; position: static; text-align: center;\"><img decoding=\"async\"  src=\"https:\/\/a.allegroimg.com\/original\/118b7c\/05e801fb4a18877bc8c4976c5bd2\/1-szt-GENERAL-225-70R17-Grabber-AT3-115-112-S-RANT-Nowe-Srednica-17\" srcset=\"https:\/\/a.allegroimg.com\/original\/118b7c\/05e801fb4a18877bc8c4976c5bd2\/1-szt-GENERAL-225-70R17-Grabber-AT3-115-112-S-RANT-Nowe-Srednica-17 360w,https:\/\/a.allegroimg.com\/original\/118b7c\/05e801fb4a18877bc8c4976c5bd2\/1-szt-GENERAL-225-70R17-Grabber-AT3-115-112-S-RANT-Nowe-Srednica-17 612w,https:\/\/a.allegroimg.com\/original\/118b7c\/05e801fb4a18877bc8c4976c5bd2\/1-szt-GENERAL-225-70R17-Grabber-AT3-115-112-S-RANT-Nowe-Srednica-17 612w\" sizes=\"100vw\" width=\"612px\" alt=\"1 szt. GENERAL 225\/70R17 Grabber AT3 115\/112 S RANT Nowe \u015arednica 17&quot;\" style=\"max-width: 100%; height: auto; display: block; margin: 0 auto;\"><\/div>\n<\/div>\n<\/div>\n<\/div>\n<\/div>\n<\/div>\n<div style=\"clear: both; display: block; margin: 10px 0;\">\n<div style=\"clear: both; display: block; margin: 10px 0;\">\n<div style=\"clear: both; display: block; margin: 10px 0;\">\n<h1>Opony ca\u0142oroczne General Grabber AT3<\/h1>\n<p style=\"margin: 15px 0; line-height: 1.8; clear: both; display: block; width: 100%; float: none; position: static;\">Opony ca\u0142oroczne <b>General Grabber AT3 225\/70 R17 115\/112 S FR<\/b> to kompromisowe rozwi\u0105zanie pomi\u0119dzy modelami przeznaczonymi typowo na lato lub na zim\u0119. W uproszczeniu mo\u017cna wyja\u015bni\u0107, \u017ce s\u0105 one lepsze od opon letnich w czasie zimy i od zimowych latem. Bie\u017cnik opon ca\u0142orocznych <b>General Grabber AT3<\/b> \u0142\u0105czy cechy modeli na lato i na zim\u0119 (np. centralna cz\u0119\u015b\u0107 ma wi\u0119cej lameli u\u0142atwiaj\u0105cych jazd\u0119 po \u015bniegu). Opony ca\u0142oroczne (okre\u015blane r\u00f3wnie\u017c jako uniwersalne lub wielosezonowe) najlepiej sprawdzaj\u0105 si\u0119 w umiarkowanych warunkach klimatycznych.<\/p>\n<p style=\"margin: 15px 0; line-height: 1.8; clear: both; display: block; width: 100%; float: none; position: static;\">Bie\u017cnik opon ca\u0142orocznych <b>General Grabber AT3<\/b> ma niejako dwie strefy: przystosowan\u0105 do jazdy latem i zim\u0105 (ta druga ma wi\u0119cej lameli). Opony ca\u0142oroczne s\u0105 projektowane z my\u015bl\u0105 o kierowcach, kt\u00f3rzy preferuj\u0105 umiarkowany styl jazdy, poruszaj\u0105 si\u0119 g\u0142\u00f3wnie po mie\u015bcie lub mieszkaj\u0105 w miejscu, gdzie zimy s\u0105 \u0142agodne, a latem nie ma du\u017cych upa\u0142\u00f3w.<\/p>\n<\/div>\n<\/div>\n<\/div>\n<div style=\"clear: both; display: block; margin: 10px 0;\">\n<div style=\"clear: both; display: block; margin: 10px 0;\">\n<div style=\"clear: both; display: block; margin: 10px 0;\">\n<h1>Kup u eksperta od opon!<\/h1>\n<p style=\"margin: 15px 0; line-height: 1.8; clear: both; display: block; width: 100%; float: none; position: static;\">Wszystkie oferowane opony dost\u0119pne s\u0105 &#8222;od r\u0119ki&#8221; na naszym magazynie. Do ka\u017cdego zam\u00f3wienia wystawiamy dokument sprzeda\u017cy (faktura na firm\u0119 lub osob\u0119 fizyczn\u0105). Wysy\u0142ki realizujemy w ci\u0105gu 24 godzin od momentu z\u0142o\u017cenia zam\u00f3wienia. Zobacz co jeszcze otrzymujesz wybieraj\u0105c nasz\u0105 ofert\u0119:<\/p>\n<\/div>\n<\/div>\n<\/div>\n<div style=\"clear: both; display: block; margin: 10px 0;\">\n<div style=\"clear: both; display: block; margin: 10px 0;\">\n<div style=\"clear: both; display: block; margin: 10px 0;\">\n<div  style=\"max-width:500px;max-height:500px\">\n<div style=\"clear: both; display: block; margin: 10px 0;\">\n<div style=\"clear: both; width: 100%; display: block; margin: 20px 0; padding: 0; float: none; position: static; text-align: center;\"><img decoding=\"async\"  src=\"https:\/\/a.allegroimg.com\/original\/113951\/a123e0a145f699c75a3fc78e3a6a\/1-szt-GENERAL-225-70R17-Grabber-AT3-115-112-S-RANT-Nowe-Przyczepnosc-na-mokrej-nawierzchni-B\" srcset=\"https:\/\/a.allegroimg.com\/original\/113951\/a123e0a145f699c75a3fc78e3a6a\/1-szt-GENERAL-225-70R17-Grabber-AT3-115-112-S-RANT-Nowe-Przyczepnosc-na-mokrej-nawierzchni-B 360w,https:\/\/a.allegroimg.com\/original\/113951\/a123e0a145f699c75a3fc78e3a6a\/1-szt-GENERAL-225-70R17-Grabber-AT3-115-112-S-RANT-Nowe-Przyczepnosc-na-mokrej-nawierzchni-B 500w,https:\/\/a.allegroimg.com\/original\/113951\/a123e0a145f699c75a3fc78e3a6a\/1-szt-GENERAL-225-70R17-Grabber-AT3-115-112-S-RANT-Nowe-Przyczepnosc-na-mokrej-nawierzchni-B 500w\" sizes=\"(min-width: 1200px) 560px, (min-width: 992px) 50vw, 100vw\" width=\"500px\" alt=\"1 szt. GENERAL 225\/70R17 Grabber AT3 115\/112 S RANT Nowe Przyczepno\u015b\u0107 na mokrej nawierzchni B\" style=\"max-width: 100%; height: auto; display: block; margin: 0 auto;\"><\/div>\n<\/div>\n<\/div>\n<\/div>\n<\/div>\n<div style=\"clear: both; display: block; margin: 10px 0;\">\n<div style=\"clear: both; display: block; margin: 10px 0;\">\n<p style=\"margin: 15px 0; line-height: 1.8; clear: both; display: block; width: 100%; float: none; position: static;\">W pilnych sprawach dotycz\u0105cych realizacji zam\u00f3wie\u0144 gwarantujemy <b>ca\u0142odobow\u0105 pomoc<\/b>. Dla naszych klient\u00f3w jeste\u015bmy do dyspozycji przez 7 dni w tygodniu (24h na dob\u0119).<\/p>\n<p style=\"margin: 15px 0; line-height: 1.8; clear: both; display: block; width: 100%; float: none; position: static;\">Przez 12 lata uda\u0142o nam si\u0119 zebra\u0107 prawdziwy <b>zesp\u00f3\u0142 profesjonalist\u00f3w<\/b>, kt\u00f3rzy szybko i sprawnie pomog\u0105 w zakupie opon. Wszystkie nasze wysy\u0142ki s\u0105 ubezpieczone do kwoty 15 000 z\u0142.<\/p>\n<p style=\"margin: 15px 0; line-height: 1.8; clear: both; display: block; width: 100%; float: none; position: static;\"><b>Pe\u0142na automatyzacja<\/b> magazynu pozwala nam wysy\u0142a\u0107 do 10 000 opon dziennie. Klimatyzowany magazyn chroni opony przed niekorzystnymi warunkami atmosferycznymi oraz promieniowaniem UV.<\/p>\n<\/div>\n<\/div>\n<\/div>\n<\/div>\n<\/div>\n<\/div>\n<div style=\"clear: both; display: block; margin: 10px 0;\">\n","protected":false},"excerpt":{"rendered":"<p>1x nowa opona ca\u0142oroczna General Grabber AT3 225\/70 R17 115\/112S FR \/ Ochrona felgi \/ Oryginalna<\/p>\n<p>Kup wygodnie i bezpiecznie u eksperta od opon osobowych, terenowych i dostawczych.<\/p>\n<p>Szczeg\u00f3\u0142y oferty:<\/p>\n<p>Sezon: opona ca\u0142oroczna<\/p>\n<p>Aukcja dotyczy: 1 sztuki (jednej opony)<\/p>\n<p>Przeznaczenie: auta osobowe, 4&#215;4, SUV<\/p>\n<p>Gatunek: pierwszy (najlepszy)<\/p>\n<p>Stan: fabrycznie nowa<\/p>\n","protected":false},"featured_media":16680,"template":"","meta":{"_uag_custom_page_level_css":""},"product_brand":[481],"product_cat":[416,428,413,412],"product_tag":[],"class_list":{"0":"post-16678","1":"product","2":"type-product","3":"status-publish","4":"has-post-thumbnail","6":"product_brand-general","7":"product_cat-caloroczne","8":"product_cat-do-samochodow-terenowych-i-4x4","9":"product_cat-opony","10":"product_cat-opony-i-felgi","12":"first","13":"instock","14":"shipping-taxable","15":"purchasable","16":"product-type-simple"},"uagb_featured_image_src":{"full":["https:\/\/oponixo.shop\/tire\/wp-content\/uploads\/2026\/01\/allegro-image-16678.jpg",800,800,false],"thumbnail":["https:\/\/oponixo.shop\/tire\/wp-content\/uploads\/2026\/01\/allegro-image-16678-150x150.jpg",150,150,true],"medium":["https:\/\/oponixo.shop\/tire\/wp-content\/uploads\/2026\/01\/allegro-image-16678-300x300.jpg",300,300,true],"medium_large":["https:\/\/oponixo.shop\/tire\/wp-content\/uploads\/2026\/01\/allegro-image-16678-768x768.jpg",768,768,true],"large":["https:\/\/oponixo.shop\/tire\/wp-content\/uploads\/2026\/01\/allegro-image-16678.jpg",800,800,false],"1536x1536":["https:\/\/oponixo.shop\/tire\/wp-content\/uploads\/2026\/01\/allegro-image-16678.jpg",800,800,false],"2048x2048":["https:\/\/oponixo.shop\/tire\/wp-content\/uploads\/2026\/01\/allegro-image-16678.jpg",800,800,false],"woocommerce_thumbnail":["https:\/\/oponixo.shop\/tire\/wp-content\/uploads\/2026\/01\/allegro-image-16678-300x300.jpg",300,300,true],"woocommerce_single":["https:\/\/oponixo.shop\/tire\/wp-content\/uploads\/2026\/01\/allegro-image-16678-600x600.jpg",600,600,true],"woocommerce_gallery_thumbnail":["https:\/\/oponixo.shop\/tire\/wp-content\/uploads\/2026\/01\/allegro-image-16678-100x100.jpg",100,100,true]},"uagb_author_info":{"display_name":"admin","author_link":"https:\/\/oponixo.shop\/tire\/author\/"},"uagb_comment_info":0,"uagb_excerpt":"1x nowa opona ca\u0142oroczna General Grabber AT3 225\/70 R17 115\/112S FR \/ Ochrona felgi \/ Oryginalna Kup wygodnie i bezpiecznie u eksperta od opon osobowych, terenowych i dostawczych. Szczeg\u00f3\u0142y oferty: Sezon: opona ca\u0142oroczna Aukcja dotyczy: 1 sztuki (jednej opony) Przeznaczenie: auta osobowe, 4x4, SUV Gatunek: pierwszy (najlepszy) Stan: fabrycznie nowa","_links":{"self":[{"href":"https:\/\/oponixo.shop\/tire\/wp-json\/wp\/v2\/product\/16678","targetHints":{"allow":["GET"]}}],"collection":[{"href":"https:\/\/oponixo.shop\/tire\/wp-json\/wp\/v2\/product"}],"about":[{"href":"https:\/\/oponixo.shop\/tire\/wp-json\/wp\/v2\/types\/product"}],"wp:featuredmedia":[{"embeddable":true,"href":"https:\/\/oponixo.shop\/tire\/wp-json\/wp\/v2\/media\/16680"}],"wp:attachment":[{"href":"https:\/\/oponixo.shop\/tire\/wp-json\/wp\/v2\/media?parent=16678"}],"wp:term":[{"taxonomy":"product_brand","embeddable":true,"href":"https:\/\/oponixo.shop\/tire\/wp-json\/wp\/v2\/product_brand?post=16678"},{"taxonomy":"product_cat","embeddable":true,"href":"https:\/\/oponixo.shop\/tire\/wp-json\/wp\/v2\/product_cat?post=16678"},{"taxonomy":"product_tag","embeddable":true,"href":"https:\/\/oponixo.shop\/tire\/wp-json\/wp\/v2\/product_tag?post=16678"}],"curies":[{"name":"wp","href":"https:\/\/api.w.org\/{rel}","templated":true}]}}