{"id":16499,"date":"2026-01-17T13:38:29","date_gmt":"2026-01-17T12:38:29","guid":{"rendered":"https:\/\/oponyonline.shop\/xef5\/produkt\/2x-firestone-roadhawk-2-195-45r17-85w\/"},"modified":"2026-01-17T13:38:29","modified_gmt":"2026-01-17T12:38:29","slug":"2x-firestone-roadhawk-2-195-45r17-85w","status":"publish","type":"product","link":"https:\/\/oponixo.shop\/tire\/produkt\/2x-firestone-roadhawk-2-195-45r17-85w\/","title":{"rendered":"2x Firestone Roadhawk 2 195\/45R17 85W"},"content":{"rendered":"<div style=\"font-family: Arial, sans-serif; line-height: 1.6; color: #333; padding: 20px; clear: both; display: block; width: 100%; float: none; position: static; overflow: hidden;\">\n<div style=\"clear: both; display: block; margin: 10px 0;\">\n<div style=\"clear: both; display: block; margin: 10px 0;\">\n<div style=\"clear: both; display: block; margin: 10px 0;\">\n<h1>2x nowe opony letnie FIRESTONE ROADHAWK 2 195\/45R17 85W<\/h1>\n<p style=\"margin: 15px 0; line-height: 1.8; clear: both; display: block; width: 100%; float: none; position: static;\">Cechy produktu<\/p>\n<ul style=\"margin: 15px 0; padding-left: 20px; clear: both; display: block; width: 100%; float: none; position: static;\">\n<li style=\"margin: 5px 0; padding: 2px 0; clear: both; display: list-item; float: none; position: static;\">Marka: Firestone<\/li>\n<li style=\"margin: 5px 0; padding: 2px 0; clear: both; display: list-item; float: none; position: static;\">Model: Roadhawk 2<\/li>\n<li style=\"margin: 5px 0; padding: 2px 0; clear: both; display: list-item; float: none; position: static;\">Szeroko\u015b\u0107\/profil\/\u015brednica: 195\/45R17<\/li>\n<li style=\"margin: 5px 0; padding: 2px 0; clear: both; display: list-item; float: none; position: static;\">Indeks no\u015bno\u015bci: do 85 (515 kg na opon\u0119)<\/li>\n<li style=\"margin: 5px 0; padding: 2px 0; clear: both; display: list-item; float: none; position: static;\">Indeks pr\u0119dko\u015bci: W (do 270 km\/h)<\/li>\n<li style=\"margin: 5px 0; padding: 2px 0; clear: both; display: list-item; float: none; position: static;\">Sezon: letnie<\/li>\n<li style=\"margin: 5px 0; padding: 2px 0; clear: both; display: list-item; float: none; position: static;\">Typ pojazdu: osobowy<\/li>\n<li style=\"margin: 5px 0; padding: 2px 0; clear: both; display: list-item; float: none; position: static;\">Klasa energetyczna: C<\/li>\n<li style=\"margin: 5px 0; padding: 2px 0; clear: both; display: list-item; float: none; position: static;\">Klasa przyczepno\u015bci: A<\/li>\n<li style=\"margin: 5px 0; padding: 2px 0; clear: both; display: list-item; float: none; position: static;\">Poziom ha\u0142asu: 71<\/li>\n<li style=\"margin: 5px 0; padding: 2px 0; clear: both; display: list-item; float: none; position: static;\">Klasa ha\u0142asu: B<\/li>\n<li style=\"margin: 5px 0; padding: 2px 0; clear: both; display: list-item; float: none; position: static;\">Rok produkcji: 2024\/2025<\/li>\n<li style=\"margin: 5px 0; padding: 2px 0; clear: both; display: list-item; float: none; position: static;\">Oznaczenia_dodatkowe: XL<\/li>\n<\/ul>\n<\/div>\n<\/div>\n<div style=\"clear: both; display: block; margin: 10px 0;\">\n<div style=\"clear: both; display: block; margin: 10px 0;\">\n<div  style=\"max-width:604px;max-height:800px\">\n<div style=\"clear: both; display: block; margin: 10px 0;\">\n<div style=\"clear: both; width: 100%; display: block; margin: 20px 0; padding: 0; float: none; position: static; text-align: center;\"><img decoding=\"async\"  src=\"https:\/\/a.allegroimg.com\/original\/1198fe\/fd16f61f404fba40ca9a48c3a43b\/2x-Firestone-Roadhawk-2-195-45R17-85W\" srcset=\"https:\/\/a.allegroimg.com\/original\/1198fe\/fd16f61f404fba40ca9a48c3a43b\/2x-Firestone-Roadhawk-2-195-45R17-85W 271w,https:\/\/a.allegroimg.com\/original\/1198fe\/fd16f61f404fba40ca9a48c3a43b\/2x-Firestone-Roadhawk-2-195-45R17-85W 543w,https:\/\/a.allegroimg.com\/original\/1198fe\/fd16f61f404fba40ca9a48c3a43b\/2x-Firestone-Roadhawk-2-195-45R17-85W 604w,https:\/\/a.allegroimg.com\/original\/1198fe\/fd16f61f404fba40ca9a48c3a43b\/2x-Firestone-Roadhawk-2-195-45R17-85W 604w\" sizes=\"(min-width: 1200px) 560px, (min-width: 992px) 50vw, 100vw\" width=\"604px\" alt=\"2x Firestone Roadhawk 2 195\/45R17 85W\" style=\"max-width: 100%; height: auto; display: block; margin: 0 auto;\"><\/div>\n<\/div>\n<\/div>\n<\/div>\n<\/div>\n<\/div>\n<div style=\"clear: both; display: block; margin: 10px 0;\">\n<div style=\"clear: both; display: block; margin: 10px 0;\">\n<div style=\"clear: both; display: block; margin: 10px 0;\">\n<div  style=\"max-width:212px;max-height:305px\">\n<div style=\"clear: both; display: block; margin: 10px 0;\">\n<div style=\"clear: both; width: 100%; display: block; margin: 20px 0; padding: 0; float: none; position: static; text-align: center;\"><img decoding=\"async\"  src=\"https:\/\/a.allegroimg.com\/original\/119295\/afaf40b9483e963365f68df00f2f\/2x-Firestone-Roadhawk-2-195-45R17-85W-Liczba-opon-w-ofercie-2-szt\" srcset=\"https:\/\/a.allegroimg.com\/original\/119295\/afaf40b9483e963365f68df00f2f\/2x-Firestone-Roadhawk-2-195-45R17-85W-Liczba-opon-w-ofercie-2-szt 212w,https:\/\/a.allegroimg.com\/original\/119295\/afaf40b9483e963365f68df00f2f\/2x-Firestone-Roadhawk-2-195-45R17-85W-Liczba-opon-w-ofercie-2-szt 212w\" sizes=\"(min-width: 1200px) 560px, (min-width: 992px) 50vw, 100vw\" width=\"212px\" alt=\"2x Firestone Roadhawk 2 195\/45R17 85W Liczba opon w ofercie 2 szt.\" style=\"max-width: 100%; height: auto; display: block; margin: 0 auto;\"><\/div>\n<\/div>\n<\/div>\n<\/div>\n<\/div>\n<div style=\"clear: both; display: block; margin: 10px 0;\">\n<div style=\"clear: both; display: block; margin: 10px 0;\">\n<div  style=\"max-width:1280px;max-height:225px\">\n<div style=\"clear: both; display: block; margin: 10px 0;\">\n<div style=\"clear: both; width: 100%; display: block; margin: 20px 0; padding: 0; float: none; position: static; text-align: center;\"><img decoding=\"async\"  src=\"https:\/\/a.allegroimg.com\/original\/11c892\/dac19fb14f479fc70409d13cc9a8\/2x-Firestone-Roadhawk-2-195-45R17-85W-Marka-Firestone\" srcset=\"https:\/\/a.allegroimg.com\/original\/11c892\/dac19fb14f479fc70409d13cc9a8\/2x-Firestone-Roadhawk-2-195-45R17-85W-Marka-Firestone 360w,https:\/\/a.allegroimg.com\/original\/11c892\/dac19fb14f479fc70409d13cc9a8\/2x-Firestone-Roadhawk-2-195-45R17-85W-Marka-Firestone 720w,https:\/\/a.allegroimg.com\/original\/11c892\/dac19fb14f479fc70409d13cc9a8\/2x-Firestone-Roadhawk-2-195-45R17-85W-Marka-Firestone 1024w,https:\/\/a.allegroimg.com\/original\/11c892\/dac19fb14f479fc70409d13cc9a8\/2x-Firestone-Roadhawk-2-195-45R17-85W-Marka-Firestone 1280w,https:\/\/a.allegroimg.com\/original\/11c892\/dac19fb14f479fc70409d13cc9a8\/2x-Firestone-Roadhawk-2-195-45R17-85W-Marka-Firestone 1280w\" sizes=\"(min-width: 1200px) 560px, (min-width: 992px) 50vw, 100vw\" width=\"1280px\" alt=\"2x Firestone Roadhawk 2 195\/45R17 85W Marka Firestone\" style=\"max-width: 100%; height: auto; display: block; margin: 0 auto;\"><\/div>\n<\/div>\n<\/div>\n<\/div>\n<\/div>\n<\/div>\n<div style=\"clear: both; display: block; margin: 10px 0;\">\n<div style=\"clear: both; display: block; margin: 10px 0;\">\n<div style=\"clear: both; display: block; margin: 10px 0;\">\n<p style=\"margin: 15px 0; line-height: 1.8; clear: both; display: block; width: 100%; float: none; position: static;\">Firestone to marka powsta\u0142a w 1900 roku w Stanach Zjednoczonych. Od 1988 roku marka nale\u017cy do japo\u0144skiego koncernu Bridgestone &#8211; lidera sprzeda\u017cy opon na \u015bwiecie. Opony Firestone to ameryka\u0144ska marka z tradycjami, ciesz\u0105ca si\u0119 uznaniem w\u015br\u00f3d kierowc\u00f3w z ca\u0142ego \u015bwiata. W po\u0142\u0105czeniu z technologi\u0105 firmy Bridgestone i przyst\u0119pn\u0105 cen\u0105 otrzymujemy produkt, z kt\u00f3rego zadowolony b\u0119dzie ka\u017cdy kierowca<\/p>\n<\/div>\n<\/div>\n<\/div>\n<\/div>\n<\/div>\n<\/div>\n<div style=\"clear: both; display: block; margin: 10px 0;\">\n","protected":false},"excerpt":{"rendered":"<p>2x nowe opony letnie FIRESTONE ROADHAWK 2 195\/45R17 85W<\/p>\n<p>Cechy produktu<\/p>\n<p>Marka: Firestone<\/p>\n<p>Model: Roadhawk 2<\/p>\n<p>Szeroko\u015b\u0107\/profil\/\u015brednica: 195\/45R17<\/p>\n<p>Indeks no\u015bno\u015bci: do 85 (515 kg na opon\u0119)<\/p>\n<p>Indeks pr\u0119dko\u015bci: W (do 270 km\/h)<\/p>\n<p>Sezon: letnie<\/p>\n","protected":false},"featured_media":16500,"template":"","meta":{"_uag_custom_page_level_css":""},"product_brand":[400],"product_cat":[414,418,413,412],"product_tag":[],"class_list":{"0":"post-16499","1":"product","2":"type-product","3":"status-publish","4":"has-post-thumbnail","6":"product_brand-firestone","7":"product_cat-do-samochodow-osobowych-i-suv","8":"product_cat-letnie","9":"product_cat-opony","10":"product_cat-opony-i-felgi","12":"first","13":"instock","14":"shipping-taxable","15":"purchasable","16":"product-type-simple"},"uagb_featured_image_src":{"full":["https:\/\/oponixo.shop\/tire\/wp-content\/uploads\/2026\/01\/allegro-image-16499.jpg",604,800,false],"thumbnail":["https:\/\/oponixo.shop\/tire\/wp-content\/uploads\/2026\/01\/allegro-image-16499-150x150.jpg",150,150,true],"medium":["https:\/\/oponixo.shop\/tire\/wp-content\/uploads\/2026\/01\/allegro-image-16499-227x300.jpg",227,300,true],"medium_large":["https:\/\/oponixo.shop\/tire\/wp-content\/uploads\/2026\/01\/allegro-image-16499.jpg",604,800,false],"large":["https:\/\/oponixo.shop\/tire\/wp-content\/uploads\/2026\/01\/allegro-image-16499.jpg",604,800,false],"1536x1536":["https:\/\/oponixo.shop\/tire\/wp-content\/uploads\/2026\/01\/allegro-image-16499.jpg",604,800,false],"2048x2048":["https:\/\/oponixo.shop\/tire\/wp-content\/uploads\/2026\/01\/allegro-image-16499.jpg",604,800,false],"woocommerce_thumbnail":["https:\/\/oponixo.shop\/tire\/wp-content\/uploads\/2026\/01\/allegro-image-16499-300x300.jpg",300,300,true],"woocommerce_single":["https:\/\/oponixo.shop\/tire\/wp-content\/uploads\/2026\/01\/allegro-image-16499-600x795.jpg",600,795,true],"woocommerce_gallery_thumbnail":["https:\/\/oponixo.shop\/tire\/wp-content\/uploads\/2026\/01\/allegro-image-16499-100x100.jpg",100,100,true]},"uagb_author_info":{"display_name":"admin","author_link":"https:\/\/oponixo.shop\/tire\/author\/"},"uagb_comment_info":0,"uagb_excerpt":"2x nowe opony letnie FIRESTONE ROADHAWK 2 195\/45R17 85W Cechy produktu Marka: Firestone Model: Roadhawk 2 Szeroko\u015b\u0107\/profil\/\u015brednica: 195\/45R17 Indeks no\u015bno\u015bci: do 85 (515 kg na opon\u0119) Indeks pr\u0119dko\u015bci: W (do 270 km\/h) Sezon: letnie","_links":{"self":[{"href":"https:\/\/oponixo.shop\/tire\/wp-json\/wp\/v2\/product\/16499","targetHints":{"allow":["GET"]}}],"collection":[{"href":"https:\/\/oponixo.shop\/tire\/wp-json\/wp\/v2\/product"}],"about":[{"href":"https:\/\/oponixo.shop\/tire\/wp-json\/wp\/v2\/types\/product"}],"wp:featuredmedia":[{"embeddable":true,"href":"https:\/\/oponixo.shop\/tire\/wp-json\/wp\/v2\/media\/16500"}],"wp:attachment":[{"href":"https:\/\/oponixo.shop\/tire\/wp-json\/wp\/v2\/media?parent=16499"}],"wp:term":[{"taxonomy":"product_brand","embeddable":true,"href":"https:\/\/oponixo.shop\/tire\/wp-json\/wp\/v2\/product_brand?post=16499"},{"taxonomy":"product_cat","embeddable":true,"href":"https:\/\/oponixo.shop\/tire\/wp-json\/wp\/v2\/product_cat?post=16499"},{"taxonomy":"product_tag","embeddable":true,"href":"https:\/\/oponixo.shop\/tire\/wp-json\/wp\/v2\/product_tag?post=16499"}],"curies":[{"name":"wp","href":"https:\/\/api.w.org\/{rel}","templated":true}]}}