{"id":15646,"date":"2026-01-16T03:21:37","date_gmt":"2026-01-16T02:21:37","guid":{"rendered":"https:\/\/oponyauto.shop\/xef5\/produkt\/2x-linglong-sport-master-4s-245-40r18-97-w\/"},"modified":"2026-01-16T03:21:37","modified_gmt":"2026-01-16T02:21:37","slug":"2x-linglong-sport-master-4s-245-40r18-97-w","status":"publish","type":"product","link":"https:\/\/oponixo.shop\/tire\/produkt\/2x-linglong-sport-master-4s-245-40r18-97-w\/","title":{"rendered":"2x LINGLONG SPORT MASTER 4S 245\/40R18 97 W"},"content":{"rendered":"<div style=\"font-family: Arial, sans-serif; line-height: 1.6; color: #333; padding: 20px; clear: both; display: block; width: 100%; float: none; position: static; overflow: hidden;\">\n<div style=\"clear: both; display: block; margin: 10px 0;\">\n<div style=\"clear: both; display: block; margin: 10px 0;\">\n<div style=\"clear: both; display: block; margin: 10px 0;\">\n<h2>2x LINGLONG SPORT MASTER 4S 245\/40R18 97 W<\/h2>\n<\/div>\n<\/div>\n<\/div>\n<div style=\"clear: both; display: block; margin: 10px 0;\">\n<div style=\"clear: both; display: block; margin: 10px 0;\">\n<div style=\"clear: both; display: block; margin: 10px 0;\">\n<div  style=\"max-width:920px;max-height:1120px\">\n<div style=\"clear: both; display: block; margin: 10px 0;\">\n<div style=\"clear: both; width: 100%; display: block; margin: 20px 0; padding: 0; float: none; position: static; text-align: center;\"><img decoding=\"async\"  src=\"https:\/\/a.allegroimg.com\/original\/118892\/03c484e445f4ab9c100ef6437626\/2x-LINGLONG-SPORT-MASTER-4S-245-40R18-97-W\" srcset=\"https:\/\/a.allegroimg.com\/original\/118892\/03c484e445f4ab9c100ef6437626\/2x-LINGLONG-SPORT-MASTER-4S-245-40R18-97-W 295w,https:\/\/a.allegroimg.com\/original\/118892\/03c484e445f4ab9c100ef6437626\/2x-LINGLONG-SPORT-MASTER-4S-245-40R18-97-W 591w,https:\/\/a.allegroimg.com\/original\/118892\/03c484e445f4ab9c100ef6437626\/2x-LINGLONG-SPORT-MASTER-4S-245-40R18-97-W 841w,https:\/\/a.allegroimg.com\/original\/118892\/03c484e445f4ab9c100ef6437626\/2x-LINGLONG-SPORT-MASTER-4S-245-40R18-97-W 920w,https:\/\/a.allegroimg.com\/original\/118892\/03c484e445f4ab9c100ef6437626\/2x-LINGLONG-SPORT-MASTER-4S-245-40R18-97-W 920w\" sizes=\"(min-width: 1200px) 560px, (min-width: 992px) 50vw, 100vw\" width=\"920px\" alt=\"2x LINGLONG SPORT MASTER 4S 245\/40R18 97 W\" style=\"max-width: 100%; height: auto; display: block; margin: 0 auto;\"><\/div>\n<\/div>\n<\/div>\n<\/div>\n<\/div>\n<div style=\"clear: both; display: block; margin: 10px 0;\">\n<div style=\"clear: both; display: block; margin: 10px 0;\">\n<h2>Ca\u0142oroczne opony LINGLONG SPORT MASTER 4S  FP 245\/40 R18 97 W<\/h2>\n<p style=\"margin: 15px 0; line-height: 1.8; clear: both; display: block; width: 100%; float: none; position: static;\">Opony LINGLONG SPORT MASTER 4S  FP to znacz\u0105cy model w portfolio producenta.&nbsp;<\/p>\n<p style=\"margin: 15px 0; line-height: 1.8; clear: both; display: block; width: 100%; float: none; position: static;\">Charakteryzuje si\u0119 optymalnym oporem toczenia. Opony klasy ekonomicznej maj\u0105 \u015bwietny stosunek jako\u015bci do ceny.<\/p>\n<ul style=\"margin: 15px 0; padding-left: 20px; clear: both; display: block; width: 100%; float: none; position: static;\">\n<li style=\"margin: 5px 0; padding: 2px 0; clear: both; display: list-item; float: none; position: static;\"><b>Stan:<\/b>&nbsp;Nowy<\/li>\n<li style=\"margin: 5px 0; padding: 2px 0; clear: both; display: list-item; float: none; position: static;\"><b>EAN:<\/b>&nbsp;8605068724664<\/li>\n<li style=\"margin: 5px 0; padding: 2px 0; clear: both; display: list-item; float: none; position: static;\"><b>Producent:<\/b> LINGLONG<\/li>\n<li style=\"margin: 5px 0; padding: 2px 0; clear: both; display: list-item; float: none; position: static;\"><b>Model:<\/b> SPORT MASTER 4S  FP<\/li>\n<li style=\"margin: 5px 0; padding: 2px 0; clear: both; display: list-item; float: none; position: static;\"><b>Rozmiar:<\/b> 245\/40 R18<\/li>\n<li style=\"margin: 5px 0; padding: 2px 0; clear: both; display: list-item; float: none; position: static;\"><b>Indeks no\u015bno\u015bci:<\/b> 97<\/li>\n<li style=\"margin: 5px 0; padding: 2px 0; clear: both; display: list-item; float: none; position: static;\"><b>Indeks pr\u0119dko\u015bci:<\/b> W<\/li>\n<li style=\"margin: 5px 0; padding: 2px 0; clear: both; display: list-item; float: none; position: static;\"><b>Ha\u0142as db:<\/b>&nbsp;72<\/li>\n<li style=\"margin: 5px 0; padding: 2px 0; clear: both; display: list-item; float: none; position: static;\"><b>Sezon:<\/b> Ca\u0142oroczne<\/li>\n<li style=\"margin: 5px 0; padding: 2px 0; clear: both; display: list-item; float: none; position: static;\"><b>Rok produkcji:<\/b> nie starsze ni\u017c 36 miesi\u0119cy<\/li>\n<li style=\"margin: 5px 0; padding: 2px 0; clear: both; display: list-item; float: none; position: static;\"><b>Przeznaczenie:<\/b> Osobowe<\/li>\n<li style=\"margin: 5px 0; padding: 2px 0; clear: both; display: list-item; float: none; position: static;\"><b>Kl. przycz. na mokrej naw.:<\/b>&nbsp;B<\/li>\n<li style=\"margin: 5px 0; padding: 2px 0; clear: both; display: list-item; float: none; position: static;\"><b>Kl. efekt. paliwowej:&nbsp;<\/b>C<\/li>\n<\/ul>\n<\/div>\n<\/div>\n<\/div>\n<div style=\"clear: both; display: block; margin: 10px 0;\">\n<div style=\"clear: both; display: block; margin: 10px 0;\">\n<div style=\"clear: both; display: block; margin: 10px 0;\">\n<div  style=\"max-width:1200px;max-height:470px\">\n<div style=\"clear: both; display: block; margin: 10px 0;\">\n<div style=\"clear: both; width: 100%; display: block; margin: 20px 0; padding: 0; float: none; position: static; text-align: center;\"><img decoding=\"async\"  src=\"https:\/\/a.allegroimg.com\/original\/118198\/eeda81ee45fcac5ace66cc8ad7cb\/2x-LINGLONG-SPORT-MASTER-4S-245-40R18-97-W-Liczba-opon-w-ofercie-2-szt\" srcset=\"https:\/\/a.allegroimg.com\/original\/118198\/eeda81ee45fcac5ace66cc8ad7cb\/2x-LINGLONG-SPORT-MASTER-4S-245-40R18-97-W-Liczba-opon-w-ofercie-2-szt 360w,https:\/\/a.allegroimg.com\/original\/118198\/eeda81ee45fcac5ace66cc8ad7cb\/2x-LINGLONG-SPORT-MASTER-4S-245-40R18-97-W-Liczba-opon-w-ofercie-2-szt 720w,https:\/\/a.allegroimg.com\/original\/118198\/eeda81ee45fcac5ace66cc8ad7cb\/2x-LINGLONG-SPORT-MASTER-4S-245-40R18-97-W-Liczba-opon-w-ofercie-2-szt 1024w,https:\/\/a.allegroimg.com\/original\/118198\/eeda81ee45fcac5ace66cc8ad7cb\/2x-LINGLONG-SPORT-MASTER-4S-245-40R18-97-W-Liczba-opon-w-ofercie-2-szt 1200w,https:\/\/a.allegroimg.com\/original\/118198\/eeda81ee45fcac5ace66cc8ad7cb\/2x-LINGLONG-SPORT-MASTER-4S-245-40R18-97-W-Liczba-opon-w-ofercie-2-szt 1200w\" sizes=\"100vw\" width=\"1200px\" alt=\"2x LINGLONG SPORT MASTER 4S 245\/40R18 97 W Liczba opon w ofercie 2 szt.\" style=\"max-width: 100%; height: auto; display: block; margin: 0 auto;\"><\/div>\n<\/div>\n<\/div>\n<\/div>\n<\/div>\n<\/div>\n<div style=\"clear: both; display: block; margin: 10px 0;\">\n<div style=\"clear: both; display: block; margin: 10px 0;\">\n<div style=\"clear: both; display: block; margin: 10px 0;\">\n<p style=\"margin: 15px 0; line-height: 1.8; clear: both; display: block; width: 100%; float: none; position: static;\">Marka Linglong&nbsp;to znany producent opon z siedzib\u0105 w Chinach. Firma ta jest jednym z lider\u00f3w w bran\u017cy oponiarskiej i specjalizuje si\u0119 w produkcji opon do r\u00f3\u017cnych rodzaj\u00f3w pojazd\u00f3w, w tym samochod\u00f3w osobowych, SUV-\u00f3w, ci\u0119\u017car\u00f3wek i innych.<\/p>\n<p style=\"margin: 15px 0; line-height: 1.8; clear: both; display: block; width: 100%; float: none; position: static;\">Linglong jest ceniony za konkurencyjne ceny i niezawodno\u015b\u0107 swoich produkt\u00f3w. Dzia\u0142a na rynkach na ca\u0142ym \u015bwiecie, oferuj\u0105c szeroki wyb\u00f3r opon dostosowanych do r\u00f3\u017cnych warunk\u00f3w na drodze.<\/p>\n<p style=\"margin: 15px 0; line-height: 1.8; clear: both; display: block; width: 100%; float: none; position: static;\">To marka, kt\u00f3ra stawia na jako\u015b\u0107 i innowacje, przyci\u0105gaj\u0105c tym samym klient\u00f3w z r\u00f3\u017cnych zak\u0105tk\u00f3w globu.<\/p>\n<\/div>\n<\/div>\n<\/div>\n<div style=\"clear: both; display: block; margin: 10px 0;\">\n<div style=\"clear: both; display: block; margin: 10px 0;\">\n<div style=\"clear: both; display: block; margin: 10px 0;\">\n<div  style=\"max-width:1200px;max-height:1758px\">\n<div style=\"clear: both; display: block; margin: 10px 0;\">\n<div style=\"clear: both; width: 100%; display: block; margin: 20px 0; padding: 0; float: none; position: static; text-align: center;\"><img decoding=\"async\"  src=\"https:\/\/a.allegroimg.com\/original\/11010a\/82e7fb6c4a37bfdae64bb6105e9d\/2x-LINGLONG-SPORT-MASTER-4S-245-40R18-97-W-Marka-Linglong\" srcset=\"https:\/\/a.allegroimg.com\/original\/11010a\/82e7fb6c4a37bfdae64bb6105e9d\/2x-LINGLONG-SPORT-MASTER-4S-245-40R18-97-W-Marka-Linglong 245w,https:\/\/a.allegroimg.com\/original\/11010a\/82e7fb6c4a37bfdae64bb6105e9d\/2x-LINGLONG-SPORT-MASTER-4S-245-40R18-97-W-Marka-Linglong 491w,https:\/\/a.allegroimg.com\/original\/11010a\/82e7fb6c4a37bfdae64bb6105e9d\/2x-LINGLONG-SPORT-MASTER-4S-245-40R18-97-W-Marka-Linglong 698w,https:\/\/a.allegroimg.com\/original\/11010a\/82e7fb6c4a37bfdae64bb6105e9d\/2x-LINGLONG-SPORT-MASTER-4S-245-40R18-97-W-Marka-Linglong 982w,https:\/\/a.allegroimg.com\/original\/11010a\/82e7fb6c4a37bfdae64bb6105e9d\/2x-LINGLONG-SPORT-MASTER-4S-245-40R18-97-W-Marka-Linglong 1200w\" sizes=\"(min-width: 1200px) 560px, (min-width: 992px) 50vw, 100vw\" width=\"1200px\" alt=\"2x LINGLONG SPORT MASTER 4S 245\/40R18 97 W Marka Linglong\" style=\"max-width: 100%; height: auto; display: block; margin: 0 auto;\"><\/div>\n<\/div>\n<\/div>\n<\/div>\n<\/div>\n<div style=\"clear: both; display: block; margin: 10px 0;\">\n<div style=\"clear: both; display: block; margin: 10px 0;\">\n<p style=\"margin: 15px 0; line-height: 1.8; clear: both; display: block; width: 100%; float: none; position: static;\">Dlaczego warto kupowa\u0107 u Nas ?<\/p>\n<p style=\"margin: 15px 0; line-height: 1.8; clear: both; display: block; width: 100%; float: none; position: static;\">Jeste\u015bmy firm\u0105, kt\u00f3ra na podstawie wieloletniego do\u015bwiadczenia z zaanga\u017cowaniem pomaga klientom w doborze oraz kupnie opon.<\/p>\n<p style=\"margin: 15px 0; line-height: 1.8; clear: both; display: block; width: 100%; float: none; position: static;\">Posiadamy szerok\u0105 game opon do aut osobowych, dostawczych, cie\u017carowych, motocyki jak i opon przemys\u0142owych.<\/p>\n<p style=\"margin: 15px 0; line-height: 1.8; clear: both; display: block; width: 100%; float: none; position: static;\">Gwarancja satysfakcjii oraz bezpiecznie przejechanych kilometr\u00f3w.<\/p>\n<p style=\"margin: 15px 0; line-height: 1.8; clear: both; display: block; width: 100%; float: none; position: static;\">Zosta\u0144 naszym kolejnym zadowolonym klientem.<\/p>\n<p style=\"margin: 15px 0; line-height: 1.8; clear: both; display: block; width: 100%; float: none; position: static;\">ZAPRASZAMY DO ZAKUP\u00d3W.<\/p>\n<\/div>\n<\/div>\n<\/div>\n<\/div>\n<\/div>\n<\/div>\n<div style=\"clear: both; display: block; margin: 10px 0;\">\n","protected":false},"excerpt":{"rendered":"<p>2x LINGLONG SPORT MASTER 4S 245\/40R18 97 W<\/p>\n<p>Ca\u0142oroczne opony LINGLONG SPORT MASTER 4S FP 245\/40 R18 97 W<\/p>\n<p>Opony LINGLONG SPORT MASTER 4S FP to znacz\u0105cy model w portfolio producenta.&nbsp;<\/p>\n<p>Charakteryzuje si\u0119 optymalnym oporem toczenia. Opony klasy ekonomicznej maj\u0105 \u015bwietny stosunek jako\u015bci do ceny.<\/p>\n<p>Stan:&nbsp;Nowy<\/p>\n<p>EAN:&nbsp;8605068724664<\/p>\n<p>Producent: LINGLONG<\/p>\n<p>Model: SPORT MASTER 4S FP<\/p>\n","protected":false},"featured_media":15647,"template":"","meta":{"_uag_custom_page_level_css":""},"product_brand":[464],"product_cat":[416,414,413,412],"product_tag":[],"class_list":{"0":"post-15646","1":"product","2":"type-product","3":"status-publish","4":"has-post-thumbnail","6":"product_brand-linglong","7":"product_cat-caloroczne","8":"product_cat-do-samochodow-osobowych-i-suv","9":"product_cat-opony","10":"product_cat-opony-i-felgi","12":"first","13":"instock","14":"shipping-taxable","15":"purchasable","16":"product-type-simple"},"uagb_featured_image_src":{"full":["https:\/\/oponixo.shop\/tire\/wp-content\/uploads\/2026\/01\/allegro-image-15646.jpg",920,1120,false],"thumbnail":["https:\/\/oponixo.shop\/tire\/wp-content\/uploads\/2026\/01\/allegro-image-15646-150x150.jpg",150,150,true],"medium":["https:\/\/oponixo.shop\/tire\/wp-content\/uploads\/2026\/01\/allegro-image-15646-246x300.jpg",246,300,true],"medium_large":["https:\/\/oponixo.shop\/tire\/wp-content\/uploads\/2026\/01\/allegro-image-15646-768x935.jpg",768,935,true],"large":["https:\/\/oponixo.shop\/tire\/wp-content\/uploads\/2026\/01\/allegro-image-15646-841x1024.jpg",841,1024,true],"1536x1536":["https:\/\/oponixo.shop\/tire\/wp-content\/uploads\/2026\/01\/allegro-image-15646.jpg",920,1120,false],"2048x2048":["https:\/\/oponixo.shop\/tire\/wp-content\/uploads\/2026\/01\/allegro-image-15646.jpg",920,1120,false],"woocommerce_thumbnail":["https:\/\/oponixo.shop\/tire\/wp-content\/uploads\/2026\/01\/allegro-image-15646-300x300.jpg",300,300,true],"woocommerce_single":["https:\/\/oponixo.shop\/tire\/wp-content\/uploads\/2026\/01\/allegro-image-15646-600x730.jpg",600,730,true],"woocommerce_gallery_thumbnail":["https:\/\/oponixo.shop\/tire\/wp-content\/uploads\/2026\/01\/allegro-image-15646-100x100.jpg",100,100,true]},"uagb_author_info":{"display_name":"admin","author_link":"https:\/\/oponixo.shop\/tire\/author\/"},"uagb_comment_info":0,"uagb_excerpt":"2x LINGLONG SPORT MASTER 4S 245\/40R18 97 W Ca\u0142oroczne opony LINGLONG SPORT MASTER 4S FP 245\/40 R18 97 W Opony LINGLONG SPORT MASTER 4S FP to znacz\u0105cy model w portfolio producenta.&nbsp; Charakteryzuje si\u0119 optymalnym oporem toczenia. Opony klasy ekonomicznej maj\u0105 \u015bwietny stosunek jako\u015bci do ceny. Stan:&nbsp;Nowy EAN:&nbsp;8605068724664 Producent: LINGLONG Model: SPORT MASTER 4S FP","_links":{"self":[{"href":"https:\/\/oponixo.shop\/tire\/wp-json\/wp\/v2\/product\/15646","targetHints":{"allow":["GET"]}}],"collection":[{"href":"https:\/\/oponixo.shop\/tire\/wp-json\/wp\/v2\/product"}],"about":[{"href":"https:\/\/oponixo.shop\/tire\/wp-json\/wp\/v2\/types\/product"}],"wp:featuredmedia":[{"embeddable":true,"href":"https:\/\/oponixo.shop\/tire\/wp-json\/wp\/v2\/media\/15647"}],"wp:attachment":[{"href":"https:\/\/oponixo.shop\/tire\/wp-json\/wp\/v2\/media?parent=15646"}],"wp:term":[{"taxonomy":"product_brand","embeddable":true,"href":"https:\/\/oponixo.shop\/tire\/wp-json\/wp\/v2\/product_brand?post=15646"},{"taxonomy":"product_cat","embeddable":true,"href":"https:\/\/oponixo.shop\/tire\/wp-json\/wp\/v2\/product_cat?post=15646"},{"taxonomy":"product_tag","embeddable":true,"href":"https:\/\/oponixo.shop\/tire\/wp-json\/wp\/v2\/product_tag?post=15646"}],"curies":[{"name":"wp","href":"https:\/\/api.w.org\/{rel}","templated":true}]}}