{"id":15083,"date":"2026-01-13T20:37:08","date_gmt":"2026-01-13T19:37:08","guid":{"rendered":"https:\/\/oponyauto.shop\/xef5\/produkt\/2x-opony-caloroczne-215-55r16-michelin-crossclimate-2\/"},"modified":"2026-01-13T20:37:09","modified_gmt":"2026-01-13T19:37:09","slug":"2x-opony-caloroczne-215-55r16-michelin-crossclimate-2","status":"publish","type":"product","link":"https:\/\/oponixo.shop\/tire\/produkt\/2x-opony-caloroczne-215-55r16-michelin-crossclimate-2\/","title":{"rendered":"2x opony ca\u0142oroczne 215\/55R16 Michelin CROSSCLIMATE 2"},"content":{"rendered":"<div style=\"font-family: Arial, sans-serif; line-height: 1.6; color: #333; padding: 20px; clear: both; display: block; width: 100%; float: none; position: static; overflow: hidden;\">\n<div style=\"clear: both; display: block; margin: 10px 0;\">\n<div style=\"clear: both; display: block; margin: 10px 0;\">\n<div style=\"clear: both; display: block; margin: 10px 0;\">\n<div  style=\"max-width:2048px;max-height:297px\">\n<div style=\"clear: both; display: block; margin: 10px 0;\">\n<div style=\"clear: both; width: 100%; display: block; margin: 20px 0; padding: 0; float: none; position: static; text-align: center;\"><img decoding=\"async\"  src=\"https:\/\/a.allegroimg.com\/original\/11b352\/eb5b9cf149ca91e0febf35b86cce\/2x-opony-caloroczne-215-55R16-Michelin-CROSSCLIMATE-2-Rok-produkcji-2024\" srcset=\"https:\/\/a.allegroimg.com\/original\/11b352\/eb5b9cf149ca91e0febf35b86cce\/2x-opony-caloroczne-215-55R16-Michelin-CROSSCLIMATE-2-Rok-produkcji-2024 360w,https:\/\/a.allegroimg.com\/original\/11b352\/eb5b9cf149ca91e0febf35b86cce\/2x-opony-caloroczne-215-55R16-Michelin-CROSSCLIMATE-2-Rok-produkcji-2024 720w,https:\/\/a.allegroimg.com\/original\/11b352\/eb5b9cf149ca91e0febf35b86cce\/2x-opony-caloroczne-215-55R16-Michelin-CROSSCLIMATE-2-Rok-produkcji-2024 1024w,https:\/\/a.allegroimg.com\/original\/11b352\/eb5b9cf149ca91e0febf35b86cce\/2x-opony-caloroczne-215-55R16-Michelin-CROSSCLIMATE-2-Rok-produkcji-2024 1440w,https:\/\/a.allegroimg.com\/original\/11b352\/eb5b9cf149ca91e0febf35b86cce\/2x-opony-caloroczne-215-55R16-Michelin-CROSSCLIMATE-2-Rok-produkcji-2024 2048w\" sizes=\"100vw\" width=\"2048px\" alt=\"2x opony ca\u0142oroczne 215\/55R16 Michelin CROSSCLIMATE 2 Rok produkcji 2024\" style=\"max-width: 100%; height: auto; display: block; margin: 0 auto;\"><\/div>\n<\/div>\n<\/div>\n<\/div>\n<\/div>\n<\/div>\n<div style=\"clear: both; display: block; margin: 10px 0;\">\n<div style=\"clear: both; display: block; margin: 10px 0;\">\n<div style=\"clear: both; display: block; margin: 10px 0;\">\n<div  style=\"max-width:1200px;max-height:1608px\">\n<div style=\"clear: both; display: block; margin: 10px 0;\">\n<div style=\"clear: both; width: 100%; display: block; margin: 20px 0; padding: 0; float: none; position: static; text-align: center;\"><img decoding=\"async\"  src=\"https:\/\/a.allegroimg.com\/original\/11d59f\/1df4b87b40b1b3a49387b8bd8632\/2x-opony-caloroczne-215-55R16-Michelin-CROSSCLIMATE-2\" srcset=\"https:\/\/a.allegroimg.com\/original\/11d59f\/1df4b87b40b1b3a49387b8bd8632\/2x-opony-caloroczne-215-55R16-Michelin-CROSSCLIMATE-2 268w,https:\/\/a.allegroimg.com\/original\/11d59f\/1df4b87b40b1b3a49387b8bd8632\/2x-opony-caloroczne-215-55R16-Michelin-CROSSCLIMATE-2 537w,https:\/\/a.allegroimg.com\/original\/11d59f\/1df4b87b40b1b3a49387b8bd8632\/2x-opony-caloroczne-215-55R16-Michelin-CROSSCLIMATE-2 764w,https:\/\/a.allegroimg.com\/original\/11d59f\/1df4b87b40b1b3a49387b8bd8632\/2x-opony-caloroczne-215-55R16-Michelin-CROSSCLIMATE-2 1074w,https:\/\/a.allegroimg.com\/original\/11d59f\/1df4b87b40b1b3a49387b8bd8632\/2x-opony-caloroczne-215-55R16-Michelin-CROSSCLIMATE-2 1200w\" sizes=\"(min-width: 1200px) 560px, (min-width: 992px) 50vw, 100vw\" width=\"1200px\" alt=\"2x opony ca\u0142oroczne 215\/55R16 Michelin CROSSCLIMATE 2\" style=\"max-width: 100%; height: auto; display: block; margin: 0 auto;\"><\/div>\n<\/div>\n<\/div>\n<\/div>\n<\/div>\n<div style=\"clear: both; display: block; margin: 10px 0;\">\n<div style=\"clear: both; display: block; margin: 10px 0;\">\n<h1>Cechy Opony:<\/h1>\n<ul style=\"margin: 15px 0; padding-left: 20px; clear: both; display: block; width: 100%; float: none; position: static;\">\n<li style=\"margin: 5px 0; padding: 2px 0; clear: both; display: list-item; float: none; position: static;\">Stan: <b>Fabrycznie nowa<\/b><\/li>\n<\/ul>\n<ul style=\"margin: 15px 0; padding-left: 20px; clear: both; display: block; width: 100%; float: none; position: static;\">\n<li style=\"margin: 5px 0; padding: 2px 0; clear: both; display: list-item; float: none; position: static;\">Dystrybucja: <b>Oficjalny dystrybutor w Polsce<\/b><\/li>\n<\/ul>\n<ul style=\"margin: 15px 0; padding-left: 20px; clear: both; display: block; width: 100%; float: none; position: static;\">\n<li style=\"margin: 5px 0; padding: 2px 0; clear: both; display: list-item; float: none; position: static;\">Sezon: <b>ca\u0142oroczne<\/b><\/li>\n<\/ul>\n<ul style=\"margin: 15px 0; padding-left: 20px; clear: both; display: block; width: 100%; float: none; position: static;\">\n<li style=\"margin: 5px 0; padding: 2px 0; clear: both; display: list-item; float: none; position: static;\">Producent: <b>Michelin<\/b><\/li>\n<\/ul>\n<ul style=\"margin: 15px 0; padding-left: 20px; clear: both; display: block; width: 100%; float: none; position: static;\">\n<li style=\"margin: 5px 0; padding: 2px 0; clear: both; display: list-item; float: none; position: static;\">Bie\u017cnik: <b>CROSSCLIMATE 2<\/b><\/li>\n<\/ul>\n<ul style=\"margin: 15px 0; padding-left: 20px; clear: both; display: block; width: 100%; float: none; position: static;\">\n<li style=\"margin: 5px 0; padding: 2px 0; clear: both; display: list-item; float: none; position: static;\">Rozmiar: <b>215\/55R16<\/b><\/li>\n<\/ul>\n<ul style=\"margin: 15px 0; padding-left: 20px; clear: both; display: block; width: 100%; float: none; position: static;\">\n<li style=\"margin: 5px 0; padding: 2px 0; clear: both; display: list-item; float: none; position: static;\">Indeks no\u015bno\u015bci: <b>97<\/b><\/li>\n<\/ul>\n<ul style=\"margin: 15px 0; padding-left: 20px; clear: both; display: block; width: 100%; float: none; position: static;\">\n<li style=\"margin: 5px 0; padding: 2px 0; clear: both; display: list-item; float: none; position: static;\">Indeks pr\u0119dko\u015bci: <b>V<\/b><\/li>\n<\/ul>\n<ul style=\"margin: 15px 0; padding-left: 20px; clear: both; display: block; width: 100%; float: none; position: static;\">\n<li style=\"margin: 5px 0; padding: 2px 0; clear: both; display: list-item; float: none; position: static;\">Rok produkcji:<b> 2024 (Ka\u017cda opona zosta\u0142a sprawdzona przy dostawie, co gwarantuje rok produkcji podany na aukcji)<\/b><\/li>\n<\/ul>\n<ul style=\"margin: 15px 0; padding-left: 20px; clear: both; display: block; width: 100%; float: none; position: static;\">\n<li style=\"margin: 5px 0; padding: 2px 0; clear: both; display: list-item; float: none; position: static;\">EAN: <b>3528705288112<\/b><\/li>\n<\/ul>\n<ul style=\"margin: 15px 0; padding-left: 20px; clear: both; display: block; width: 100%; float: none; position: static;\">\n<li style=\"margin: 5px 0; padding: 2px 0; clear: both; display: list-item; float: none; position: static;\">Wzmocniona konstrukcja (XL): <b>Tak<\/b><\/li>\n<\/ul><\/div>\n<\/div>\n<\/div>\n<div style=\"clear: both; display: block; margin: 10px 0;\">\n<div style=\"clear: both; display: block; margin: 10px 0;\">\n<div style=\"clear: both; display: block; margin: 10px 0;\">\n<h2>Zu\u017cycie paliwa \/ opory toczenia<\/h2>\n<p style=\"margin: 15px 0; line-height: 1.8; clear: both; display: block; width: 100%; float: none; position: static;\">Klasa A okre\u015bla opony o najmniejszych oporach toczenia, klasa E o najwi\u0119kszych. Op\u00f3r toczenia wp\u0142ywa na zu\u017cycie paliwa oraz emisj\u0119 spalin przez samoch\u00f3d. Im ni\u017cszy op\u00f3r toczenia, tym wi\u0119ksza oszcz\u0119dno\u015b\u0107 paliwa i mniejszy wp\u0142yw na \u015brodowisko.<\/p>\n<p style=\"margin: 15px 0; line-height: 1.8; clear: both; display: block; width: 100%; float: none; position: static;\">\n<h2>Przyczepno\u015b\u0107 na mokrej nawierzchni \/ droga hamowania<\/h2>\n<p style=\"margin: 15px 0; line-height: 1.8; clear: both; display: block; width: 100%; float: none; position: static;\">Klasa A oznacza najkr\u00f3tsz\u0105, a E najd\u0142u\u017csz\u0105 drog\u0119 hamowania na mokrej nawierzchni. Parametr ten zwi\u0105zany jest z przyczepno\u015bci\u0105 opony podczas jazdy po mokrej drodze, co ma znaczenie dla bezpiecze\u0144stwa podr\u00f3\u017cowania. Im wy\u017csza klasa, tym lepsze w\u0142a\u015bciwo\u015bci ogumienia.<\/p>\n<p style=\"margin: 15px 0; line-height: 1.8; clear: both; display: block; width: 100%; float: none; position: static;\">\n<h2>Zewn\u0119trzny ha\u0142as toczenia \/ emisja ha\u0142asu<\/h2>\n<p style=\"margin: 15px 0; line-height: 1.8; clear: both; display: block; width: 100%; float: none; position: static;\">Klasa A przeznaczona jest dla najcichszych opon, B i C \u2013 dla g\u0142o\u015bniejszych. Wp\u0142ywa na komfort podr\u00f3\u017cowania samochodem. Ha\u0142as, kt\u00f3ry powstaje przy toczeniu si\u0119 opony jest wyra\u017cony w decybelach. Im ni\u017csza liczba tym cichsza opona.<\/p>\n<p style=\"margin: 15px 0; line-height: 1.8; clear: both; display: block; width: 100%; float: none; position: static;\">\n<\/div>\n<\/div>\n<div style=\"clear: both; display: block; margin: 10px 0;\">\n<div style=\"clear: both; display: block; margin: 10px 0;\">\n<div  style=\"max-width:738px;max-height:1082px\">\n<div style=\"clear: both; display: block; margin: 10px 0;\">\n<div style=\"clear: both; width: 100%; display: block; margin: 20px 0; padding: 0; float: none; position: static; text-align: center;\"><img decoding=\"async\"  src=\"https:\/\/a.allegroimg.com\/original\/11b6db\/6fc188c74bbea581b49afdf591d5\/2x-opony-caloroczne-215-55R16-Michelin-CROSSCLIMATE-2-Liczba-opon-w-ofercie-2-szt\" srcset=\"https:\/\/a.allegroimg.com\/original\/11b6db\/6fc188c74bbea581b49afdf591d5\/2x-opony-caloroczne-215-55R16-Michelin-CROSSCLIMATE-2-Liczba-opon-w-ofercie-2-szt 245w,https:\/\/a.allegroimg.com\/original\/11b6db\/6fc188c74bbea581b49afdf591d5\/2x-opony-caloroczne-215-55R16-Michelin-CROSSCLIMATE-2-Liczba-opon-w-ofercie-2-szt 491w,https:\/\/a.allegroimg.com\/original\/11b6db\/6fc188c74bbea581b49afdf591d5\/2x-opony-caloroczne-215-55R16-Michelin-CROSSCLIMATE-2-Liczba-opon-w-ofercie-2-szt 698w,https:\/\/a.allegroimg.com\/original\/11b6db\/6fc188c74bbea581b49afdf591d5\/2x-opony-caloroczne-215-55R16-Michelin-CROSSCLIMATE-2-Liczba-opon-w-ofercie-2-szt 738w,https:\/\/a.allegroimg.com\/original\/11b6db\/6fc188c74bbea581b49afdf591d5\/2x-opony-caloroczne-215-55R16-Michelin-CROSSCLIMATE-2-Liczba-opon-w-ofercie-2-szt 738w\" sizes=\"(min-width: 1200px) 560px, (min-width: 992px) 50vw, 100vw\" width=\"738px\" alt=\"2x opony ca\u0142oroczne 215\/55R16 Michelin CROSSCLIMATE 2 Liczba opon w ofercie 2 szt.\" style=\"max-width: 100%; height: auto; display: block; margin: 0 auto;\"><\/div>\n<\/div>\n<\/div>\n<\/div>\n<\/div>\n<\/div>\n<div style=\"clear: both; display: block; margin: 10px 0;\">\n<div style=\"clear: both; display: block; margin: 10px 0;\">\n<div style=\"clear: both; display: block; margin: 10px 0;\">\n<div  style=\"max-width:2048px;max-height:297px\">\n<div style=\"clear: both; display: block; margin: 10px 0;\">\n<div style=\"clear: both; width: 100%; display: block; margin: 20px 0; padding: 0; float: none; position: static; text-align: center;\"><img decoding=\"async\"  src=\"https:\/\/a.allegroimg.com\/original\/11b352\/eb5b9cf149ca91e0febf35b86cce\/2x-opony-caloroczne-215-55R16-Michelin-CROSSCLIMATE-2-Rok-produkcji-2024\" srcset=\"https:\/\/a.allegroimg.com\/original\/11b352\/eb5b9cf149ca91e0febf35b86cce\/2x-opony-caloroczne-215-55R16-Michelin-CROSSCLIMATE-2-Rok-produkcji-2024 360w,https:\/\/a.allegroimg.com\/original\/11b352\/eb5b9cf149ca91e0febf35b86cce\/2x-opony-caloroczne-215-55R16-Michelin-CROSSCLIMATE-2-Rok-produkcji-2024 720w,https:\/\/a.allegroimg.com\/original\/11b352\/eb5b9cf149ca91e0febf35b86cce\/2x-opony-caloroczne-215-55R16-Michelin-CROSSCLIMATE-2-Rok-produkcji-2024 1024w,https:\/\/a.allegroimg.com\/original\/11b352\/eb5b9cf149ca91e0febf35b86cce\/2x-opony-caloroczne-215-55R16-Michelin-CROSSCLIMATE-2-Rok-produkcji-2024 1440w,https:\/\/a.allegroimg.com\/original\/11b352\/eb5b9cf149ca91e0febf35b86cce\/2x-opony-caloroczne-215-55R16-Michelin-CROSSCLIMATE-2-Rok-produkcji-2024 2048w\" sizes=\"(min-width: 1200px) 560px, (min-width: 992px) 50vw, 100vw\" width=\"2048px\" alt=\"2x opony ca\u0142oroczne 215\/55R16 Michelin CROSSCLIMATE 2 Rok produkcji 2024\" style=\"max-width: 100%; height: auto; display: block; margin: 0 auto;\"><\/div>\n<\/div>\n<\/div>\n<\/div>\n<\/div>\n<div style=\"clear: both; display: block; margin: 10px 0;\">\n<div style=\"clear: both; display: block; margin: 10px 0;\">\n<h2>O producencie<\/h2>\n<p style=\"margin: 15px 0; line-height: 1.8; clear: both; display: block; width: 100%; float: none; position: static;\">Michelin to francuska marka oponiarska, kt\u00f3ra powsta\u0142a w 1889 roku we Francji. Zosta\u0142a stworzona przez dw\u00f3ch braci: Andrego i Edouarda Michelin. Pierwotnym zamys\u0142em braci by\u0142o stworzenie firmy, kt\u00f3ra produkowa\u0142aby najbardziej nowoczesne opony klasy premium. Trzeba przyzna\u0107, \u017ce do dzi\u015b opony marki Michelin s\u0105 zachwalane przez klient\u00f3w ze wzgl\u0119du na wysok\u0105 jako\u015b\u0107, a tak\u017ce najnowsze standardy technologiczne. Natomiast fabryki Michelin uwa\u017cane s\u0105 za jedne z najbardziej nowoczesnych. Michelin produkuje g\u0142\u00f3wnie opony przeznaczone do aut osobowych, ci\u0119\u017carowych, rolniczych, rower\u00f3w, a tak\u017ce do samolot\u00f3w, a nawet prom\u00f3w kosmicznych! Michelin uwa\u017cany jest za jednego z najstarszych producent\u00f3w ogumienia na \u015bwiecie i jednocze\u015bnie za jednego z najbardziej innowacyjnych.<\/p>\n<\/div>\n<\/div>\n<\/div>\n<\/div>\n<\/div>\n<\/div>\n<div style=\"clear: both; display: block; margin: 10px 0;\">\n","protected":false},"excerpt":{"rendered":"<p>Cechy Opony:<\/p>\n<p>Stan: Fabrycznie nowa<\/p>\n<p>Dystrybucja: Oficjalny dystrybutor w Polsce<\/p>\n<p>Sezon: ca\u0142oroczne<\/p>\n<p>Producent: Michelin<\/p>\n<p>Bie\u017cnik: CROSSCLIMATE 2<\/p>\n<p>Rozmiar: 215\/55R16<\/p>\n<p>Indeks no\u015bno\u015bci: 97<\/p>\n","protected":false},"featured_media":15084,"template":"","meta":{"_uag_custom_page_level_css":""},"product_brand":[429],"product_cat":[416,414,413,412],"product_tag":[],"class_list":{"0":"post-15083","1":"product","2":"type-product","3":"status-publish","4":"has-post-thumbnail","6":"product_brand-michelin","7":"product_cat-caloroczne","8":"product_cat-do-samochodow-osobowych-i-suv","9":"product_cat-opony","10":"product_cat-opony-i-felgi","12":"first","13":"instock","14":"shipping-taxable","15":"purchasable","16":"product-type-simple"},"uagb_featured_image_src":{"full":["https:\/\/oponixo.shop\/tire\/wp-content\/uploads\/2026\/01\/allegro-image-15083.jpg",1200,1608,false],"thumbnail":["https:\/\/oponixo.shop\/tire\/wp-content\/uploads\/2026\/01\/allegro-image-15083-150x150.jpg",150,150,true],"medium":["https:\/\/oponixo.shop\/tire\/wp-content\/uploads\/2026\/01\/allegro-image-15083-224x300.jpg",224,300,true],"medium_large":["https:\/\/oponixo.shop\/tire\/wp-content\/uploads\/2026\/01\/allegro-image-15083-768x1029.jpg",768,1029,true],"large":["https:\/\/oponixo.shop\/tire\/wp-content\/uploads\/2026\/01\/allegro-image-15083-764x1024.jpg",764,1024,true],"1536x1536":["https:\/\/oponixo.shop\/tire\/wp-content\/uploads\/2026\/01\/allegro-image-15083-1146x1536.jpg",1146,1536,true],"2048x2048":["https:\/\/oponixo.shop\/tire\/wp-content\/uploads\/2026\/01\/allegro-image-15083.jpg",1200,1608,false],"woocommerce_thumbnail":["https:\/\/oponixo.shop\/tire\/wp-content\/uploads\/2026\/01\/allegro-image-15083-300x300.jpg",300,300,true],"woocommerce_single":["https:\/\/oponixo.shop\/tire\/wp-content\/uploads\/2026\/01\/allegro-image-15083-600x804.jpg",600,804,true],"woocommerce_gallery_thumbnail":["https:\/\/oponixo.shop\/tire\/wp-content\/uploads\/2026\/01\/allegro-image-15083-100x100.jpg",100,100,true]},"uagb_author_info":{"display_name":"admin","author_link":"https:\/\/oponixo.shop\/tire\/author\/"},"uagb_comment_info":0,"uagb_excerpt":"Cechy Opony: Stan: Fabrycznie nowa Dystrybucja: Oficjalny dystrybutor w Polsce Sezon: ca\u0142oroczne Producent: Michelin Bie\u017cnik: CROSSCLIMATE 2 Rozmiar: 215\/55R16 Indeks no\u015bno\u015bci: 97","_links":{"self":[{"href":"https:\/\/oponixo.shop\/tire\/wp-json\/wp\/v2\/product\/15083","targetHints":{"allow":["GET"]}}],"collection":[{"href":"https:\/\/oponixo.shop\/tire\/wp-json\/wp\/v2\/product"}],"about":[{"href":"https:\/\/oponixo.shop\/tire\/wp-json\/wp\/v2\/types\/product"}],"wp:featuredmedia":[{"embeddable":true,"href":"https:\/\/oponixo.shop\/tire\/wp-json\/wp\/v2\/media\/15084"}],"wp:attachment":[{"href":"https:\/\/oponixo.shop\/tire\/wp-json\/wp\/v2\/media?parent=15083"}],"wp:term":[{"taxonomy":"product_brand","embeddable":true,"href":"https:\/\/oponixo.shop\/tire\/wp-json\/wp\/v2\/product_brand?post=15083"},{"taxonomy":"product_cat","embeddable":true,"href":"https:\/\/oponixo.shop\/tire\/wp-json\/wp\/v2\/product_cat?post=15083"},{"taxonomy":"product_tag","embeddable":true,"href":"https:\/\/oponixo.shop\/tire\/wp-json\/wp\/v2\/product_tag?post=15083"}],"curies":[{"name":"wp","href":"https:\/\/api.w.org\/{rel}","templated":true}]}}