{"id":14276,"date":"2026-01-12T01:35:14","date_gmt":"2026-01-12T00:35:14","guid":{"rendered":"https:\/\/oponyspeed.shop\/xef5\/produkt\/2x-debica-145-70r13-passio-2-71-t-new-dot2023-letnie\/"},"modified":"2026-01-12T01:35:14","modified_gmt":"2026-01-12T00:35:14","slug":"2x-debica-145-70r13-passio-2-71-t-new-dot2023-letnie","status":"publish","type":"product","link":"https:\/\/oponexa.shop\/tire\/produkt\/2x-debica-145-70r13-passio-2-71-t-new-dot2023-letnie\/","title":{"rendered":"2x D\u0118BICA 145\/70R13 PASSIO 2 71 T NEW DOT2023 letnie"},"content":{"rendered":"<div style=\"font-family: Arial, sans-serif; line-height: 1.6; color: #333; padding: 20px; clear: both; display: block; width: 100%; float: none; position: static; overflow: hidden;\">\n<div style=\"clear: both; display: block; margin: 10px 0;\">\n<div style=\"clear: both; display: block; margin: 10px 0;\">\n<div style=\"clear: both; display: block; margin: 10px 0;\">\n<h2>Przedmiotem oferty s\u0105 opony 2x D\u0118BICA 145\/70R13 PASSIO 2 71 T NEW DOT2023 letnie<\/h2>\n<\/div>\n<\/div>\n<\/div>\n<div style=\"clear: both; display: block; margin: 10px 0;\">\n<div style=\"clear: both; display: block; margin: 10px 0;\">\n<div style=\"clear: both; display: block; margin: 10px 0;\">\n<h3 style=\"color: #2c5aa0; font-size: 18px; margin: 30px 0 15px 0; font-weight: bold; clear: both; display: block; width: 100%; float: none; position: static;\">Parametry:<\/h3>\n<p style=\"margin: 15px 0; line-height: 1.8; clear: both; display: block; width: 100%; float: none; position: static;\">Marka: <b>D\u0118BICA<\/b><\/p>\n<p style=\"margin: 15px 0; line-height: 1.8; clear: both; display: block; width: 100%; float: none; position: static;\">Szeroko\u015b\u0107 opony: <b> 145 mm<\/b><\/p>\n<p style=\"margin: 15px 0; line-height: 1.8; clear: both; display: block; width: 100%; float: none; position: static;\">Profil opony:  <b>70<\/b><\/p>\n<p style=\"margin: 15px 0; line-height: 1.8; clear: both; display: block; width: 100%; float: none; position: static;\">\u015arednica:  <b>13&#8243;<\/b><\/p>\n<p style=\"margin: 15px 0; line-height: 1.8; clear: both; display: block; width: 100%; float: none; position: static;\">Model:  <b>EFFECTA<\/b><\/p>\n<p style=\"margin: 15px 0; line-height: 1.8; clear: both; display: block; width: 100%; float: none; position: static;\">Kod producenta:  <b>539275W2023<\/b><\/p>\n<p style=\"margin: 15px 0; line-height: 1.8; clear: both; display: block; width: 100%; float: none; position: static;\">Indeks pr\u0119dko\u015bci:  <b>T  &#8211;  190 km\/h<\/b><\/p>\n<p style=\"margin: 15px 0; line-height: 1.8; clear: both; display: block; width: 100%; float: none; position: static;\">Indeks no\u015bno\u015bci:  <b>71<\/b><\/p>\n<p style=\"margin: 15px 0; line-height: 1.8; clear: both; display: block; width: 100%; float: none; position: static;\">Op\u00f3r toczenia:  <b>Klasa D<\/b><\/p>\n<p style=\"margin: 15px 0; line-height: 1.8; clear: both; display: block; width: 100%; float: none; position: static;\">Przyczepno\u015b\u0107 na mokrej nawierzchni:  <b>Klasa C<\/b><\/p>\n<p style=\"margin: 15px 0; line-height: 1.8; clear: both; display: block; width: 100%; float: none; position: static;\">Ha\u0142as zewn\u0119trzny:  <b>70dB<\/b><\/p>\n<\/div>\n<\/div>\n<div style=\"clear: both; display: block; margin: 10px 0;\">\n<div style=\"clear: both; display: block; margin: 10px 0;\">\n<div  style=\"max-width:286px;max-height:500px\">\n<div style=\"clear: both; display: block; margin: 10px 0;\">\n<div style=\"clear: both; width: 100%; display: block; margin: 20px 0; padding: 0; float: none; position: static; text-align: center;\"><img decoding=\"async\"  src=\"https:\/\/a.allegroimg.com\/original\/1151a6\/4885422d4962b28b1a8c26114507\/2x-DEBICA-145-70R13-PASSIO-2-71-T-NEW-DOT2023-letnie\" srcset=\"https:\/\/a.allegroimg.com\/original\/1151a6\/4885422d4962b28b1a8c26114507\/2x-DEBICA-145-70R13-PASSIO-2-71-T-NEW-DOT2023-letnie 205w,https:\/\/a.allegroimg.com\/original\/1151a6\/4885422d4962b28b1a8c26114507\/2x-DEBICA-145-70R13-PASSIO-2-71-T-NEW-DOT2023-letnie 286w,https:\/\/a.allegroimg.com\/original\/1151a6\/4885422d4962b28b1a8c26114507\/2x-DEBICA-145-70R13-PASSIO-2-71-T-NEW-DOT2023-letnie 286w\" sizes=\"(min-width: 1200px) 560px, (min-width: 992px) 50vw, 100vw\" width=\"286px\" alt=\"2x D\u0118BICA 145\/70R13 PASSIO 2 71 T NEW DOT2023 letnie\" style=\"max-width: 100%; height: auto; display: block; margin: 0 auto;\"><\/div>\n<\/div>\n<\/div>\n<\/div>\n<\/div>\n<\/div>\n<div style=\"clear: both; display: block; margin: 10px 0;\">\n<div style=\"clear: both; display: block; margin: 10px 0;\">\n<div style=\"clear: both; display: block; margin: 10px 0;\">\n<h1>D\u0119bica&nbsp;Passio 2<\/h1>\n<p style=\"margin: 15px 0; line-height: 1.8; clear: both; display: block; width: 100%; float: none; position: static;\"><b>Jeden z najpopularniejszych modeli na rynku polskim.<\/b> Zapewnia dobre prowadzenie oraz d\u0142ugie przebiegi. Produkt szczeg\u00f3lnie polecany dla os\u00f3b, kt\u00f3re ceni\u0105 oszcz\u0119dn\u0105 i komfortow\u0105 jazd\u0119.<\/p>\n<ul style=\"margin: 15px 0; padding-left: 20px; clear: both; display: block; width: 100%; float: none; position: static;\">\n<li style=\"margin: 5px 0; padding: 2px 0; clear: both; display: list-item; float: none; position: static;\">Dzi\u0119ki nowemu bie\u017cnikowi z szerokimi rowkami obwodowymi i poprzecznymi <b>D\u0119bica Passio 2<\/b> <b>dobrze sprawdza si\u0119 na mokrej drodze i jest odporna na zjawisko aquaplaningu.<\/b><\/li>\n<li style=\"margin: 5px 0; padding: 2px 0; clear: both; display: list-item; float: none; position: static;\">Jednocze\u015bnie optymalne rozmieszczenie klock\u00f3w bie\u017cnika <b>gwarantuje wyd\u0142u\u017cone przebiegi oraz trwa\u0142o\u015b\u0107 ogumienia<\/b>.<\/li>\n<\/ul>\n<\/div>\n<\/div>\n<\/div>\n<div style=\"clear: both; display: block; margin: 10px 0;\">\n<div style=\"clear: both; display: block; margin: 10px 0;\">\n<div style=\"clear: both; display: block; margin: 10px 0;\">\n<h2>D\u0118BICA<\/h2>\n<p style=\"margin: 15px 0; line-height: 1.8; clear: both; display: block; width: 100%; float: none; position: static;\"><b>Firma Oponiarska D\u0119bica S.A.&nbsp;<\/b>to wiod\u0105cy na polskim rynku producent opon do samochod\u00f3w osobowych, dostawczych i ci\u0119\u017carowych.<\/p>\n<p style=\"margin: 15px 0; line-height: 1.8; clear: both; display: block; width: 100%; float: none; position: static;\">Od 1995 roku inwestorem strategicznym w Sp\u00f3\u0142ce jest ameryka\u0144ski koncern The Goodyear Tire &amp; Rubber Company, kt\u00f3ry aktualnie poprzez Goodyear Holdings S.\u00e0r. l z siedzib\u0105 w Luksemburgu posiada po\u015brednio ok. 87,251% kapita\u0142u zak\u0142adowego Sp\u00f3\u0142ki. Sp\u00f3\u0142ka produkuje opony zar\u00f3wno pod w\u0142asn\u0105 mark\u0105 D\u0119bica, jak i innych marek nale\u017c\u0105cych do koncernu Goodyear, m.in.: Goodyear, Dunlop, Fulda, Sava. Ponadto opony marki D\u0119bica s\u0105 produkowane przez inne zak\u0142ady produkcyjne nale\u017c\u0105ce do koncernu Goodyear.<\/p>\n<p style=\"margin: 15px 0; line-height: 1.8; clear: both; display: block; width: 100%; float: none; position: static;\">Firma Oponiarska<b>&nbsp;D\u0119bica S.A.<\/b>&nbsp;jest tak\u017ce producentem membran wulkanizacyjnych przeznaczonych do produkcji opon.<\/p>\n<\/div>\n<\/div>\n<\/div>\n<div style=\"clear: both; display: block; margin: 10px 0;\">\n<div style=\"clear: both; display: block; margin: 10px 0;\">\n<div style=\"clear: both; display: block; margin: 10px 0;\">\n<div  style=\"max-width:1200px;max-height:219px\">\n<div style=\"clear: both; display: block; margin: 10px 0;\">\n<div style=\"clear: both; width: 100%; display: block; margin: 20px 0; padding: 0; float: none; position: static; text-align: center;\"><img decoding=\"async\"  src=\"https:\/\/a.allegroimg.com\/original\/1117f6\/7b906e824b9d8da34758923d22a0\/2x-DEBICA-145-70R13-PASSIO-2-71-T-NEW-DOT2023-letnie-Liczba-opon-w-ofercie-2-szt\" srcset=\"https:\/\/a.allegroimg.com\/original\/1117f6\/7b906e824b9d8da34758923d22a0\/2x-DEBICA-145-70R13-PASSIO-2-71-T-NEW-DOT2023-letnie-Liczba-opon-w-ofercie-2-szt 360w,https:\/\/a.allegroimg.com\/original\/1117f6\/7b906e824b9d8da34758923d22a0\/2x-DEBICA-145-70R13-PASSIO-2-71-T-NEW-DOT2023-letnie-Liczba-opon-w-ofercie-2-szt 720w,https:\/\/a.allegroimg.com\/original\/1117f6\/7b906e824b9d8da34758923d22a0\/2x-DEBICA-145-70R13-PASSIO-2-71-T-NEW-DOT2023-letnie-Liczba-opon-w-ofercie-2-szt 1024w,https:\/\/a.allegroimg.com\/original\/1117f6\/7b906e824b9d8da34758923d22a0\/2x-DEBICA-145-70R13-PASSIO-2-71-T-NEW-DOT2023-letnie-Liczba-opon-w-ofercie-2-szt 1200w,https:\/\/a.allegroimg.com\/original\/1117f6\/7b906e824b9d8da34758923d22a0\/2x-DEBICA-145-70R13-PASSIO-2-71-T-NEW-DOT2023-letnie-Liczba-opon-w-ofercie-2-szt 1200w\" sizes=\"100vw\" width=\"1200px\" alt=\"2x D\u0118BICA 145\/70R13 PASSIO 2 71 T NEW DOT2023 letnie Liczba opon w ofercie 2 szt.\" style=\"max-width: 100%; height: auto; display: block; margin: 0 auto;\"><\/div>\n<\/div>\n<\/div>\n<\/div>\n<\/div>\n<\/div>\n<\/div>\n<\/div>\n<\/div>\n<div style=\"clear: both; display: block; margin: 10px 0;\">\n","protected":false},"excerpt":{"rendered":"<p>Przedmiotem oferty s\u0105 opony 2x D\u0118BICA 145\/70R13 PASSIO 2 71 T NEW DOT2023 letnie<\/p>\n<p>Parametry:<\/p>\n<p>Marka: D\u0118BICA<\/p>\n<p>Szeroko\u015b\u0107 opony: 145 mm<\/p>\n<p>Profil opony: 70<\/p>\n<p>\u015arednica: 13&quot;<\/p>\n<p>Model: EFFECTA<\/p>\n<p>Kod producenta: 539275W2023<\/p>\n","protected":false},"featured_media":14277,"template":"","meta":{"_uag_custom_page_level_css":""},"product_brand":[378],"product_cat":[414,418,413,412],"product_tag":[],"class_list":{"0":"post-14276","1":"product","2":"type-product","3":"status-publish","4":"has-post-thumbnail","6":"product_brand-debica","7":"product_cat-do-samochodow-osobowych-i-suv","8":"product_cat-letnie","9":"product_cat-opony","10":"product_cat-opony-i-felgi","12":"first","13":"instock","14":"shipping-taxable","15":"purchasable","16":"product-type-simple"},"uagb_featured_image_src":{"full":["https:\/\/oponexa.shop\/tire\/wp-content\/uploads\/2026\/01\/allegro-image-14276.jpg",286,500,false],"thumbnail":["https:\/\/oponexa.shop\/tire\/wp-content\/uploads\/2026\/01\/allegro-image-14276-150x150.jpg",150,150,true],"medium":["https:\/\/oponexa.shop\/tire\/wp-content\/uploads\/2026\/01\/allegro-image-14276-172x300.jpg",172,300,true],"medium_large":["https:\/\/oponexa.shop\/tire\/wp-content\/uploads\/2026\/01\/allegro-image-14276.jpg",286,500,false],"large":["https:\/\/oponexa.shop\/tire\/wp-content\/uploads\/2026\/01\/allegro-image-14276.jpg",286,500,false],"1536x1536":["https:\/\/oponexa.shop\/tire\/wp-content\/uploads\/2026\/01\/allegro-image-14276.jpg",286,500,false],"2048x2048":["https:\/\/oponexa.shop\/tire\/wp-content\/uploads\/2026\/01\/allegro-image-14276.jpg",286,500,false],"woocommerce_thumbnail":["https:\/\/oponexa.shop\/tire\/wp-content\/uploads\/2026\/01\/allegro-image-14276-286x300.jpg",286,300,true],"woocommerce_single":["https:\/\/oponexa.shop\/tire\/wp-content\/uploads\/2026\/01\/allegro-image-14276.jpg",286,500,false],"woocommerce_gallery_thumbnail":["https:\/\/oponexa.shop\/tire\/wp-content\/uploads\/2026\/01\/allegro-image-14276-100x100.jpg",100,100,true]},"uagb_author_info":{"display_name":"admin","author_link":"https:\/\/oponexa.shop\/tire\/author\/"},"uagb_comment_info":0,"uagb_excerpt":"Przedmiotem oferty s\u0105 opony 2x D\u0118BICA 145\/70R13 PASSIO 2 71 T NEW DOT2023 letnie Parametry: Marka: D\u0118BICA Szeroko\u015b\u0107 opony: 145 mm Profil opony: 70 \u015arednica: 13&quot; Model: EFFECTA Kod producenta: 539275W2023","_links":{"self":[{"href":"https:\/\/oponexa.shop\/tire\/wp-json\/wp\/v2\/product\/14276","targetHints":{"allow":["GET"]}}],"collection":[{"href":"https:\/\/oponexa.shop\/tire\/wp-json\/wp\/v2\/product"}],"about":[{"href":"https:\/\/oponexa.shop\/tire\/wp-json\/wp\/v2\/types\/product"}],"wp:featuredmedia":[{"embeddable":true,"href":"https:\/\/oponexa.shop\/tire\/wp-json\/wp\/v2\/media\/14277"}],"wp:attachment":[{"href":"https:\/\/oponexa.shop\/tire\/wp-json\/wp\/v2\/media?parent=14276"}],"wp:term":[{"taxonomy":"product_brand","embeddable":true,"href":"https:\/\/oponexa.shop\/tire\/wp-json\/wp\/v2\/product_brand?post=14276"},{"taxonomy":"product_cat","embeddable":true,"href":"https:\/\/oponexa.shop\/tire\/wp-json\/wp\/v2\/product_cat?post=14276"},{"taxonomy":"product_tag","embeddable":true,"href":"https:\/\/oponexa.shop\/tire\/wp-json\/wp\/v2\/product_tag?post=14276"}],"curies":[{"name":"wp","href":"https:\/\/api.w.org\/{rel}","templated":true}]}}