{"id":13832,"date":"2026-01-09T10:35:29","date_gmt":"2026-01-09T09:35:29","guid":{"rendered":"https:\/\/oponyspeed.shop\/xef5\/produkt\/2x-opony-caloroczne-225-70r16-radar-dimax-4-season\/"},"modified":"2026-01-09T10:35:29","modified_gmt":"2026-01-09T09:35:29","slug":"2x-opony-caloroczne-225-70r16-radar-dimax-4-season","status":"publish","type":"product","link":"https:\/\/oponixo.shop\/tire\/produkt\/2x-opony-caloroczne-225-70r16-radar-dimax-4-season\/","title":{"rendered":"2x Opony Ca\u0142oroczne 225\/70R16 Radar Dimax 4 Season"},"content":{"rendered":"<div style=\"font-family: Arial, sans-serif; line-height: 1.6; color: #333; padding: 20px; clear: both; display: block; width: 100%; float: none; position: static; overflow: hidden;\">\n<div style=\"clear: both; display: block; margin: 10px 0;\">\n<div style=\"clear: both; display: block; margin: 10px 0;\">\n<div style=\"clear: both; display: block; margin: 10px 0;\">\n<h1> 2x Opony ca\u0142oroczne Radar Dimax 4 Season 225\/70R16 103H <\/h1>\n<h2> G\u0142\u00f3wne cechy: <\/h2>\n<ul style=\"margin: 15px 0; padding-left: 20px; clear: both; display: block; width: 100%; float: none; position: static;\">\n<li style=\"margin: 5px 0; padding: 2px 0; clear: both; display: list-item; float: none; position: static;\"><b>Stan:<\/b> nowe<\/li>\n<li style=\"margin: 5px 0; padding: 2px 0; clear: both; display: list-item; float: none; position: static;\"><b>Aukcja dotyczy:<\/b> 2 sztuk (pary opon)<\/li>\n<li style=\"margin: 5px 0; padding: 2px 0; clear: both; display: list-item; float: none; position: static;\"><b>Sezon:<\/b> opony ca\u0142oroczne<\/li>\n<li style=\"margin: 5px 0; padding: 2px 0; clear: both; display: list-item; float: none; position: static;\"><b>Przeznaczenie:<\/b> auta osobowe, SUV, 4&#215;4<\/li>\n<li style=\"margin: 5px 0; padding: 2px 0; clear: both; display: list-item; float: none; position: static;\"><b>Rok produkcji:<\/b> nie starsze jak 2024-2026 (szczeg\u00f3\u0142y w opisie aukcji)<\/li>\n<li style=\"margin: 5px 0; padding: 2px 0; clear: both; display: list-item; float: none; position: static;\">Wszystkie b\u0119d\u0105 pochodzi\u0142y z tego samego roku<\/li>\n<li style=\"margin: 5px 0; padding: 2px 0; clear: both; display: list-item; float: none; position: static;\"><b>Gwarancia:<\/b> 2 lata od daty zakupu<\/li>\n<li style=\"margin: 5px 0; padding: 2px 0; clear: both; display: list-item; float: none; position: static;\"><b>Kod produktu:<\/b> ARGC0128<\/li>\n<li style=\"margin: 5px 0; padding: 2px 0; clear: both; display: list-item; float: none; position: static;\"><b>EAN:<\/b> 8886459520069<\/li>\n<li style=\"margin: 5px 0; padding: 2px 0; clear: both; display: list-item; float: none; position: static;\">Komfortowe i ciche<\/li>\n<\/ul>\n<ul style=\"margin: 15px 0; padding-left: 20px; clear: both; display: block; width: 100%; float: none; position: static;\"><\/ul>\n<\/div>\n<\/div>\n<\/div>\n<div style=\"clear: both; display: block; margin: 10px 0;\">\n<div style=\"clear: both; display: block; margin: 10px 0;\">\n<div style=\"clear: both; display: block; margin: 10px 0;\">\n<h2>Parametry opony:<\/h2>\n<ul style=\"margin: 15px 0; padding-left: 20px; clear: both; display: block; width: 100%; float: none; position: static;\">\n<li style=\"margin: 5px 0; padding: 2px 0; clear: both; display: list-item; float: none; position: static;\"><b>Marka:<\/b> Radar<\/li>\n<li style=\"margin: 5px 0; padding: 2px 0; clear: both; display: list-item; float: none; position: static;\"><b>Klasa:<\/b> ekonomiczna<\/li>\n<li style=\"margin: 5px 0; padding: 2px 0; clear: both; display: list-item; float: none; position: static;\"><b>Model:<\/b> Dimax 4 Season<\/li>\n<li style=\"margin: 5px 0; padding: 2px 0; clear: both; display: list-item; float: none; position: static;\"><b>Rozmiar:<\/b> 225\/70R16 (225\/70 R16)<\/li>\n<li style=\"margin: 5px 0; padding: 2px 0; clear: both; display: list-item; float: none; position: static;\"><b>Szeroko\u015b\u0107:<\/b> 225 mm<\/li>\n<li style=\"margin: 5px 0; padding: 2px 0; clear: both; display: list-item; float: none; position: static;\"><b>Wysoko\u015b\u0107:<\/b> 70<\/li>\n<li style=\"margin: 5px 0; padding: 2px 0; clear: both; display: list-item; float: none; position: static;\"><b>\u015arednica:<\/b> R16 (16 cali)<\/li>\n<li style=\"margin: 5px 0; padding: 2px 0; clear: both; display: list-item; float: none; position: static;\"><b>Indeks no\u015bno\u015bci:<\/b> 103<\/li>\n<li style=\"margin: 5px 0; padding: 2px 0; clear: both; display: list-item; float: none; position: static;\"><b>Maks. no\u015bno\u015b\u0107:<\/b> 875 kg na opon\u0119<\/li>\n<li style=\"margin: 5px 0; padding: 2px 0; clear: both; display: list-item; float: none; position: static;\"><b>Indeks pr\u0119dko\u015bci:<\/b> H<\/li>\n<li style=\"margin: 5px 0; padding: 2px 0; clear: both; display: list-item; float: none; position: static;\"><b>Maks. pr\u0119dko\u015b\u0107:<\/b> 210 km\/h<\/li>\n<li style=\"margin: 5px 0; padding: 2px 0; clear: both; display: list-item; float: none; position: static;\"><b>Inne oznaczenia:<\/b><\/li>\n<\/ul>\n<\/div>\n<\/div>\n<div style=\"clear: both; display: block; margin: 10px 0;\">\n<div style=\"clear: both; display: block; margin: 10px 0;\">\n<div  style=\"max-width:250px;max-height:250px\">\n<div style=\"clear: both; display: block; margin: 10px 0;\">\n<div style=\"clear: both; width: 100%; display: block; margin: 20px 0; padding: 0; float: none; position: static; text-align: center;\"><img decoding=\"async\"  src=\"https:\/\/a.allegroimg.com\/original\/115e0d\/1268344e47f6b66688a256f4eb54\/2x-Opony-Caloroczne-225-70R16-Radar-Dimax-4-Season\" srcset=\"https:\/\/a.allegroimg.com\/original\/115e0d\/1268344e47f6b66688a256f4eb54\/2x-Opony-Caloroczne-225-70R16-Radar-Dimax-4-Season 250w,https:\/\/a.allegroimg.com\/original\/115e0d\/1268344e47f6b66688a256f4eb54\/2x-Opony-Caloroczne-225-70R16-Radar-Dimax-4-Season 250w\" sizes=\"(min-width: 1200px) 560px, (min-width: 992px) 50vw, 100vw\" width=\"250px\" alt=\"2x Opony Ca\u0142oroczne 225\/70R16 Radar Dimax 4 Season\" style=\"max-width: 100%; height: auto; display: block; margin: 0 auto;\"><\/div>\n<\/div>\n<\/div>\n<\/div>\n<\/div>\n<\/div>\n<div style=\"clear: both; display: block; margin: 10px 0;\">\n<div style=\"clear: both; display: block; margin: 10px 0;\">\n<div style=\"clear: both; display: block; margin: 10px 0;\">\n<div  style=\"max-width:886px;max-height:1299px\">\n<div style=\"clear: both; display: block; margin: 10px 0;\">\n<div style=\"clear: both; width: 100%; display: block; margin: 20px 0; padding: 0; float: none; position: static; text-align: center;\"><img decoding=\"async\"  src=\"https:\/\/a.allegroimg.com\/original\/116701\/434cac85476385547d4c23b13a44\/2x-Opony-Caloroczne-225-70R16-Radar-Dimax-4-Season-Liczba-opon-w-ofercie-2-szt\" srcset=\"https:\/\/a.allegroimg.com\/original\/116701\/434cac85476385547d4c23b13a44\/2x-Opony-Caloroczne-225-70R16-Radar-Dimax-4-Season-Liczba-opon-w-ofercie-2-szt 245w,https:\/\/a.allegroimg.com\/original\/116701\/434cac85476385547d4c23b13a44\/2x-Opony-Caloroczne-225-70R16-Radar-Dimax-4-Season-Liczba-opon-w-ofercie-2-szt 491w,https:\/\/a.allegroimg.com\/original\/116701\/434cac85476385547d4c23b13a44\/2x-Opony-Caloroczne-225-70R16-Radar-Dimax-4-Season-Liczba-opon-w-ofercie-2-szt 698w,https:\/\/a.allegroimg.com\/original\/116701\/434cac85476385547d4c23b13a44\/2x-Opony-Caloroczne-225-70R16-Radar-Dimax-4-Season-Liczba-opon-w-ofercie-2-szt 886w,https:\/\/a.allegroimg.com\/original\/116701\/434cac85476385547d4c23b13a44\/2x-Opony-Caloroczne-225-70R16-Radar-Dimax-4-Season-Liczba-opon-w-ofercie-2-szt 886w\" sizes=\"(min-width: 1200px) 560px, (min-width: 992px) 50vw, 100vw\" width=\"886px\" alt=\"2x Opony Ca\u0142oroczne 225\/70R16 Radar Dimax 4 Season Liczba opon w ofercie 2 szt.\" style=\"max-width: 100%; height: auto; display: block; margin: 0 auto;\"><\/div>\n<\/div>\n<\/div>\n<\/div>\n<\/div>\n<div style=\"clear: both; display: block; margin: 10px 0;\">\n<div style=\"clear: both; display: block; margin: 10px 0;\">\n<h1> Najnowsza etykieta opony <\/h1>\n<h2> Op\u00f3r toczenia &#8211; klasa D <\/h2>\n<p style=\"margin: 15px 0; line-height: 1.8; clear: both; display: block; width: 100%; float: none; position: static;\"> Zu\u017cycie paliwa odgrywa wa\u017cn\u0105 rol\u0119 z ekonomicznego i ekologicznego punktu widzenia. Im ni\u017csze opory toczenia, tym mniejsza ilo\u015b\u0107 zu\u017cywanej energii oraz ni\u017csze zu\u017cycie paliwa i emisja CO2. Przyk\u0142adowo r\u00f3\u017cnica w spalaniu mi\u0119dzy klas\u0105 E oraz C wynosi 1\/10 litra na 100km. <\/p>\n<h2> Przyczepno\u015b\u0107 na mokrym &#8211; klasa C <\/h2>\n<p style=\"margin: 15px 0; line-height: 1.8; clear: both; display: block; width: 100%; float: none; position: static;\"> Klasyfikacja przyczepno\u015bci wskazuje, jak dobrze opona b\u0119dzie si\u0119 zachowywa\u0107 na mokrej nawierzchni, a jej osi\u0105gi s\u0105 oceniane w skali od klasy A do G. Ocena A oznacza kr\u00f3tk\u0105 drog\u0119 hamowania na mokrej nawierzchni. <\/p>\n<h2> Ha\u0142as zewn\u0119trzny &#8211; klasa B <\/h2>\n<p style=\"margin: 15px 0; line-height: 1.8; clear: both; display: block; width: 100%; float: none; position: static;\"> Poziom ha\u0142asu zewn\u0119trznego (w decybelach) emitowanego przez opon\u0119 auta poruszaj\u0105cego si\u0119 z pr\u0119dko\u015bci\u0105 80km\/h. Opona ca\u0142oroczna 225 70 16 Radar Dimax 4 Season emituje ha\u0142as na poziomie 72 decybeli. <\/p>\n<\/div>\n<\/div>\n<\/div>\n<div style=\"clear: both; display: block; margin: 10px 0;\">\n<div style=\"clear: both; display: block; margin: 10px 0;\">\n<div style=\"clear: both; display: block; margin: 10px 0;\">\n<h1> Rok produkcji opon <\/h1>\n<p style=\"margin: 15px 0; line-height: 1.8; clear: both; display: block; width: 100%; float: none; position: static;\"> Na magazynie trzymamy razem oko\u0142o 200 tysi\u0119cy opon wyprodukowanych w latach <b> 2024 &#8211; 2026<\/b>. Pe\u0142na automatyzacja magazynu gwarantuje, i\u017c wszystkie zakupione przez Ciebie opony pochodzi\u0107 b\u0119d\u0105 z <b>tego samego rocznika<\/b>. Masz wi\u0119c pewno\u015b\u0107, otrzymania pe\u0142nowarto\u015bciowych opon, kt\u00f3rych data produkcji nie b\u0119dzie starsza ni\u017c 36 miesi\u0119cy (ka\u017cda opona by\u0142a r\u0119cznie weryfikowana). Wed\u0142ug polskiej normy PN-C-94300-7 <b>opony do 3 lat od daty ich produkcji zachowuj\u0105 100% w\u0142a\u015bciwo\u015bci<\/b> oraz wszystkie swoje parametry w zakresie bezpiecze\u0144stwa i eksploatacji. <\/p>\n<p style=\"margin: 15px 0; line-height: 1.8; clear: both; display: block; width: 100%; float: none; position: static;\"> Producenci na ca\u0142ym \u015bwiecie deklaruj\u0105 jednog\u0142o\u015bnie, \u017ce <b>\u017cywotno\u015b\u0107 ka\u017cdej opony<\/b> ko\u0144czy si\u0119 dopiero po 10 latach od daty jej wyprodukowania. Dodatkowo, aby przeciwdzia\u0142a\u0107 temu zjawisku, od kilkunastu lat mieszanki gumowe, z kt\u00f3rych wykonane s\u0105 opony <b>zawieraj\u0105 substancje przeciwstarzeniowe<\/b>. Dzi\u0119ki temu mamy gwaranci\u0119, \u017ce opona sk\u0142adowana w prawid\u0142owy spos\u00f3b nawet przez wiele lat, dzi\u0119ki swym odpowiednim w\u0142a\u015bciwo\u015bciom &#8211; <b>zachowuje cechy nowej opony<\/b>. <\/p>\n<p style=\"margin: 15px 0; line-height: 1.8; clear: both; display: block; width: 100%; float: none; position: static;\"> Opony starzej\u0105 si\u0119 wy\u0142\u0105cznie na skutek fizycznych i chemicznych proces\u00f3w takich jak promieniowanie UV, du\u017ca wilgotno\u015b\u0107, wysoka temperatura czy kontakt z substancjami typu benzyna, oleje, smary czy inne p\u0142yny samochodowe. <b>Nasze opony przechowujemy w suchym, klimatyzowanym i ciemnym magazynie<\/b> z dala od wilgoci, substancji szkodliwych oraz promieniowania s\u0142onecznego (UV). <\/p>\n<\/div>\n<\/div>\n<div style=\"clear: both; display: block; margin: 10px 0;\">\n<div style=\"clear: both; display: block; margin: 10px 0;\">\n<div  style=\"max-width:500px;max-height:500px\">\n<div style=\"clear: both; display: block; margin: 10px 0;\">\n<div style=\"clear: both; width: 100%; display: block; margin: 20px 0; padding: 0; float: none; position: static; text-align: center;\"><img decoding=\"async\"  src=\"https:\/\/a.allegroimg.com\/original\/11f97e\/fa0ac9b542a5a2581f216506763d\/2x-Opony-Caloroczne-225-70R16-Radar-Dimax-4-Season-Szerokosc-opony-225-mm\" srcset=\"https:\/\/a.allegroimg.com\/original\/11f97e\/fa0ac9b542a5a2581f216506763d\/2x-Opony-Caloroczne-225-70R16-Radar-Dimax-4-Season-Szerokosc-opony-225-mm 360w,https:\/\/a.allegroimg.com\/original\/11f97e\/fa0ac9b542a5a2581f216506763d\/2x-Opony-Caloroczne-225-70R16-Radar-Dimax-4-Season-Szerokosc-opony-225-mm 500w,https:\/\/a.allegroimg.com\/original\/11f97e\/fa0ac9b542a5a2581f216506763d\/2x-Opony-Caloroczne-225-70R16-Radar-Dimax-4-Season-Szerokosc-opony-225-mm 500w\" sizes=\"(min-width: 1200px) 560px, (min-width: 992px) 50vw, 100vw\" width=\"500px\" alt=\"2x Opony Ca\u0142oroczne 225\/70R16 Radar Dimax 4 Season Szeroko\u015b\u0107 opony 225 mm\" style=\"max-width: 100%; height: auto; display: block; margin: 0 auto;\"><\/div>\n<\/div>\n<\/div>\n<\/div>\n<\/div>\n<\/div>\n<div style=\"clear: both; display: block; margin: 10px 0;\">\n<div style=\"clear: both; display: block; margin: 10px 0;\">\n<div style=\"clear: both; display: block; margin: 10px 0;\">\n<div  style=\"max-width:500px;max-height:500px\">\n<div style=\"clear: both; display: block; margin: 10px 0;\">\n<div style=\"clear: both; width: 100%; display: block; margin: 20px 0; padding: 0; float: none; position: static; text-align: center;\"><img decoding=\"async\"  src=\"https:\/\/a.allegroimg.com\/original\/111662\/c9391aee48ea80f539bb2c4d48c3\/2x-Opony-Caloroczne-225-70R16-Radar-Dimax-4-Season-Marka-Radar\" srcset=\"https:\/\/a.allegroimg.com\/original\/111662\/c9391aee48ea80f539bb2c4d48c3\/2x-Opony-Caloroczne-225-70R16-Radar-Dimax-4-Season-Marka-Radar 360w,https:\/\/a.allegroimg.com\/original\/111662\/c9391aee48ea80f539bb2c4d48c3\/2x-Opony-Caloroczne-225-70R16-Radar-Dimax-4-Season-Marka-Radar 500w,https:\/\/a.allegroimg.com\/original\/111662\/c9391aee48ea80f539bb2c4d48c3\/2x-Opony-Caloroczne-225-70R16-Radar-Dimax-4-Season-Marka-Radar 500w\" sizes=\"(min-width: 1200px) 560px, (min-width: 992px) 50vw, 100vw\" width=\"500px\" alt=\"2x Opony Ca\u0142oroczne 225\/70R16 Radar Dimax 4 Season Marka Radar\" style=\"max-width: 100%; height: auto; display: block; margin: 0 auto;\"><\/div>\n<\/div>\n<\/div>\n<\/div>\n<\/div>\n<div style=\"clear: both; display: block; margin: 10px 0;\">\n<div style=\"clear: both; display: block; margin: 10px 0;\">\n<h1> Opony ca\u0142oroczne Radar <\/h1>\n<h2> Dobre osi\u0105gi bez wzgl\u0119du na pogod\u0119, o ka\u017cdej porze roku <\/h2>\n<p style=\"margin: 15px 0; line-height: 1.8; clear: both; display: block; width: 100%; float: none; position: static;\"> Radar Dimax 4 Season 225 70 16 103 H nale\u017cy to kategorii opon wielosezonowych. Opony ca\u0142oroczne (uniwersalne) \u0142\u0105cz\u0105 w sobie szereg rozwi\u0105za\u0144 znanych z opon letnich i zimowych przez co s\u0105 idealne do u\u017cytku w klimacie umiarkowanym. Zapewniaj\u0105 stabiln\u0105 przyczepno\u015b\u0107 na suchych, mokrych i za\u015bnie\u017conych lub pokrytych lodem drogach. Mieszanka gumowa opon ca\u0142orocznych charakteryzuje si\u0119 optymaln\u0105 sztywno\u015bci\u0105 i elastyczno\u015bci\u0105, co pozwala zachowa\u0107 w\u0142a\u015bciwo\u015bci jezdne na wysokim poziomie zar\u00f3wno w letnie upa\u0142y jak i zimowe ch\u0142ody. <\/p>\n<p style=\"margin: 15px 0; line-height: 1.8; clear: both; display: block; width: 100%; float: none; position: static;\"> Ponadto doskonale przystosowuje si\u0119 do zmian temperatury i wykazuje doskona\u0142\u0105 odporno\u015b\u0107 na \u015bcieranie i napr\u0119\u017cenia mechaniczne, a co wa\u017cne podobnie jak modele letnie, opony ca\u0142oroczne maj\u0105 niski wsp\u00f3\u0142czynnik opor\u00f3w toczenia, co wp\u0142ywa na oszcz\u0119dno\u015b\u0107 paliwa. Klasyczna opona ca\u0142oroczna ma bie\u017cnik z zbudowany z blok\u00f3w u\u0142o\u017conych w kszta\u0142t \u201ejode\u0142ki\u201d. G\u0142\u0119boko\u015b\u0107 bie\u017cnika jest wi\u0119ksza, ni\u017c w oponach letnich, lecz nie tak du\u017ca, jak w oponach zimowych. Warto pami\u0119ta\u0107 jednak, \u017ce opona ca\u0142oroczna stanowi wy\u0142\u0105cznie kompromis pomi\u0119dzy bie\u017cnikiem letnim, a zimowym. Je\u015bli mieszkasz w regionie o umiarkowanym klimacie gdzie nie wyst\u0119puj\u0105 skrajne zjawiska pogodowe, rocznie pokonujesz mniej ni\u017c 10 tysi\u0119cy kilometr\u00f3w po mie\u015bcie lub od\u015bnie\u017conych drogach to opony ca\u0142oroczne z pewno\u015bci\u0105 zaspokoj\u0105 Twoje potrzeby. <\/p>\n<\/div>\n<\/div>\n<\/div>\n<div style=\"clear: both; display: block; margin: 10px 0;\">\n<div style=\"clear: both; display: block; margin: 10px 0;\">\n<div style=\"clear: both; display: block; margin: 10px 0;\">\n<h1> Zaufaj sprawdzonym technologiom marki Radar <\/h1>\n<p style=\"margin: 15px 0; line-height: 1.8; clear: both; display: block; width: 100%; float: none; position: static;\"> Opony ca\u0142oroczne 225 70 R16 Radar Dimax 4 Season pozycjonowane s\u0105 przez bran\u017c\u0119 motoryzacyjn\u0105 jako produkty klasy ekonomicznej. To opony stworzone z my\u015bl\u0105 o kierowcach aut miejskich, kt\u00f3rzy preferuj\u0105 spokojny styl jazdy i nie pokonuj\u0105 rocznie dziesi\u0105tek tysi\u0119cy kilometr\u00f3w. Charakteryzuje je prostota budowy i brak w sk\u0142adzie mieszanki drogich komponent\u00f3w. <b>Technologie<\/b> stosowane w oponach klasy ekonomicznej najcz\u0119\u015bciej zostaj\u0105 odziedziczone po starszych krewnych z <b>klasy premium<\/b>. <\/p>\n<p style=\"margin: 15px 0; line-height: 1.8; clear: both; display: block; width: 100%; float: none; position: static;\"> Ma to swoje odzwierciedlenie w cenie, kt\u00f3ra cz\u0119sto jest <b>bardzo atrakcyjna<\/b>. Czy opony klasy ekonomicznej to dobry pomys\u0142? Wszystko zale\u017cy od pojazdu i stylu jazdy. Na oponach klasy ekonomicznej nadal pojedziemy <b>bezpiecznie<\/b> wi\u0119c warto si\u0119 zastanowi\u0107 czy do stania w korkach kilka godzin w drodze do domu potrzebne s\u0105 nam opony premium. <\/p>\n<\/div>\n<\/div>\n<\/div>\n<div style=\"clear: both; display: block; margin: 10px 0;\">\n<div style=\"clear: both; display: block; margin: 10px 0;\">\n<div style=\"clear: both; display: block; margin: 10px 0;\">\n<div  style=\"max-width:500px;max-height:700px\">\n<div style=\"clear: both; display: block; margin: 10px 0;\">\n<div style=\"clear: both; width: 100%; display: block; margin: 20px 0; padding: 0; float: none; position: static; text-align: center;\"><img decoding=\"async\"  src=\"https:\/\/a.allegroimg.com\/original\/115669\/638c8ca44950a89dfe749c463953\/2x-Opony-Caloroczne-225-70R16-Radar-Dimax-4-Season-Profil-opony-70\" srcset=\"https:\/\/a.allegroimg.com\/original\/115669\/638c8ca44950a89dfe749c463953\/2x-Opony-Caloroczne-225-70R16-Radar-Dimax-4-Season-Profil-opony-70 257w,https:\/\/a.allegroimg.com\/original\/115669\/638c8ca44950a89dfe749c463953\/2x-Opony-Caloroczne-225-70R16-Radar-Dimax-4-Season-Profil-opony-70 500w,https:\/\/a.allegroimg.com\/original\/115669\/638c8ca44950a89dfe749c463953\/2x-Opony-Caloroczne-225-70R16-Radar-Dimax-4-Season-Profil-opony-70 500w\" sizes=\"(min-width: 1200px) 560px, (min-width: 992px) 50vw, 100vw\" width=\"500px\" alt=\"2x Opony Ca\u0142oroczne 225\/70R16 Radar Dimax 4 Season Profil opony 70\" style=\"max-width: 100%; height: auto; display: block; margin: 0 auto;\"><\/div>\n<\/div>\n<\/div>\n<\/div>\n<\/div>\n<div style=\"clear: both; display: block; margin: 10px 0;\">\n<div style=\"clear: both; display: block; margin: 10px 0;\">\n<h1> Dlaczego warto kupi\u0107 opony Radar Dimax 4 Season 225\/70R16 103H na naszej aukcji? <\/h1>\n<p style=\"margin: 15px 0; line-height: 1.8; clear: both; display: block; width: 100%; float: none; position: static;\"> Zobacz co otrzymujesz dodatkowo: <\/p>\n<p style=\"margin: 15px 0; line-height: 1.8; clear: both; display: block; width: 100%; float: none; position: static;\"><b>Ca\u0142odobowa pomoc<\/b> &#8211; Przez lata uda\u0142o nam si\u0119 zebra\u0107 prawdziwy zesp\u00f3\u0142 profesjonalist\u00f3w, kt\u00f3rzy szybko i sprawnie pomog\u0105 w zakupie opon i zorganizowaniu dostawy. Nasz\u0105 firm\u0119 tworz\u0105 do\u015bwiadczeni, energiczni, ambitni ludzie, kt\u00f3rych zainteresowania obejmuj\u0105 r\u00f3\u017cne dziedziny motoryzacji i nie tylko. W pilnych sprawach dotycz\u0105cych zam\u00f3wienia czy przesy\u0142ki jeste\u015bmy do dyspozycji przez 7 dni w tygodniu oraz 24h na dob\u0119. <\/p>\n<p style=\"margin: 15px 0; line-height: 1.8; clear: both; display: block; width: 100%; float: none; position: static;\"><b>Najd\u0142u\u017cszy okres zwrot\u00f3w<\/b> &#8211; Je\u015bli z jakiego\u015b powodu otrzymane zam\u00f3wienie ci\u0119 nie satysfakcjonuje, a opona nie posiada \u015blad\u00f3w u\u017cytkowania to mo\u017cesz j\u0105 zwr\u00f3ci\u0107 w ci\u0105gu 31 dni od daty dostarczenia. <\/p>\n<p style=\"margin: 15px 0; line-height: 1.8; clear: both; display: block; width: 100%; float: none; position: static;\"><b>Wieloletnie do\u015bwiadczenie<\/b> &#8211; Na niezwykle trudnym i wymagaj\u0105cym rynku motoryzacyjnym dzia\u0142amy ju\u017c przesz\u0142o 19 lat dostarczaj\u0105c naszym klientom produkty najwy\u017cszej jako\u015bci. <\/p>\n<p style=\"margin: 15px 0; line-height: 1.8; clear: both; display: block; width: 100%; float: none; position: static;\"><b>Sprawdzeni partnerzy logistyczni<\/b> &#8211; Aby zakupiony towar znalaz\u0142 si\u0119 szybko i bezpiecznie w miejscu docelowym korzystamy z us\u0142ug sprawdzonych przewo\u017anik\u00f3w, a wszystkie nasze przesy\u0142ki s\u0105 ubezpieczone do kwoty 15 000 z\u0142. <\/p>\n<p style=\"margin: 15px 0; line-height: 1.8; clear: both; display: block; width: 100%; float: none; position: static;\"><b>Najlepsze warunki przechowywania<\/b> &#8211; Po\u015bwi\u0119camy bardzo du\u017co uwagi, aby w naszych magazynach zapewni\u0107 optymalne warunki sk\u0142adowania opon. Magazyn posiada wentylacj\u0119 i stale kontrolowan\u0105 temperatur\u0119 w zakresie od 15 do 25 stopni Celsjusza. Chroni opony przed nadmiernym nara\u017ceniem na \u015bwiat\u0142o s\u0142oneczne i promieniowanie UV, a opony s\u0105 przechowywane w taki spos\u00f3b, aby \u017caden inny obiekt nie wywiera\u0142 na nie nacisku. <\/p>\n<p style=\"margin: 15px 0; line-height: 1.8; clear: both; display: block; width: 100%; float: none; position: static;\"><b>Pe\u0142na automatyzacja<\/b> &#8211; Pe\u0142na automatyzacja magazyn\u00f3w pozwala nam wysy\u0142a\u0107 do 10 000 opon dziennie. Ponadto dzi\u0119ki systemowi zarz\u0105dzania magazynem jeste\u015bmy w stanie efektywnie i szybko realizowa\u0107 zam\u00f3wienia unikaj\u0105c nawet najdrobniejszych pomy\u0142ek. <\/p>\n<\/div>\n<\/div>\n<\/div>\n<\/div>\n<\/div>\n<\/div>\n<div style=\"clear: both; display: block; margin: 10px 0;\">\n","protected":false},"excerpt":{"rendered":"<p>2x Opony ca\u0142oroczne Radar Dimax 4 Season 225\/70R16 103H<\/p>\n<p>G\u0142\u00f3wne cechy:<\/p>\n<p>Stan: nowe<\/p>\n<p>Aukcja dotyczy: 2 sztuk (pary opon)<\/p>\n<p>Sezon: opony ca\u0142oroczne<\/p>\n<p>Przeznaczenie: auta osobowe, SUV, 4&#215;4<\/p>\n<p>Rok produkcji: nie starsze jak 2024-2026 (szczeg\u00f3\u0142y w opisie aukcji)<\/p>\n<p>Wszystkie b\u0119d\u0105 pochodzi\u0142y z tego samego roku<\/p>\n","protected":false},"featured_media":13833,"template":"","meta":{"_uag_custom_page_level_css":""},"product_brand":[486],"product_cat":[416,414,413,412],"product_tag":[],"class_list":{"0":"post-13832","1":"product","2":"type-product","3":"status-publish","4":"has-post-thumbnail","6":"product_brand-radar","7":"product_cat-caloroczne","8":"product_cat-do-samochodow-osobowych-i-suv","9":"product_cat-opony","10":"product_cat-opony-i-felgi","12":"first","13":"instock","14":"shipping-taxable","15":"purchasable","16":"product-type-simple"},"uagb_featured_image_src":{"full":["https:\/\/oponixo.shop\/tire\/wp-content\/uploads\/2026\/01\/allegro-image-13832.jpg",250,250,false],"thumbnail":["https:\/\/oponixo.shop\/tire\/wp-content\/uploads\/2026\/01\/allegro-image-13832-150x150.jpg",150,150,true],"medium":["https:\/\/oponixo.shop\/tire\/wp-content\/uploads\/2026\/01\/allegro-image-13832.jpg",250,250,false],"medium_large":["https:\/\/oponixo.shop\/tire\/wp-content\/uploads\/2026\/01\/allegro-image-13832.jpg",250,250,false],"large":["https:\/\/oponixo.shop\/tire\/wp-content\/uploads\/2026\/01\/allegro-image-13832.jpg",250,250,false],"1536x1536":["https:\/\/oponixo.shop\/tire\/wp-content\/uploads\/2026\/01\/allegro-image-13832.jpg",250,250,false],"2048x2048":["https:\/\/oponixo.shop\/tire\/wp-content\/uploads\/2026\/01\/allegro-image-13832.jpg",250,250,false],"woocommerce_thumbnail":["https:\/\/oponixo.shop\/tire\/wp-content\/uploads\/2026\/01\/allegro-image-13832.jpg",250,250,false],"woocommerce_single":["https:\/\/oponixo.shop\/tire\/wp-content\/uploads\/2026\/01\/allegro-image-13832.jpg",250,250,false],"woocommerce_gallery_thumbnail":["https:\/\/oponixo.shop\/tire\/wp-content\/uploads\/2026\/01\/allegro-image-13832-100x100.jpg",100,100,true]},"uagb_author_info":{"display_name":"admin","author_link":"https:\/\/oponixo.shop\/tire\/author\/"},"uagb_comment_info":0,"uagb_excerpt":"2x Opony ca\u0142oroczne Radar Dimax 4 Season 225\/70R16 103H G\u0142\u00f3wne cechy: Stan: nowe Aukcja dotyczy: 2 sztuk (pary opon) Sezon: opony ca\u0142oroczne Przeznaczenie: auta osobowe, SUV, 4x4 Rok produkcji: nie starsze jak 2024-2026 (szczeg\u00f3\u0142y w opisie aukcji) Wszystkie b\u0119d\u0105 pochodzi\u0142y z tego samego roku","_links":{"self":[{"href":"https:\/\/oponixo.shop\/tire\/wp-json\/wp\/v2\/product\/13832","targetHints":{"allow":["GET"]}}],"collection":[{"href":"https:\/\/oponixo.shop\/tire\/wp-json\/wp\/v2\/product"}],"about":[{"href":"https:\/\/oponixo.shop\/tire\/wp-json\/wp\/v2\/types\/product"}],"wp:featuredmedia":[{"embeddable":true,"href":"https:\/\/oponixo.shop\/tire\/wp-json\/wp\/v2\/media\/13833"}],"wp:attachment":[{"href":"https:\/\/oponixo.shop\/tire\/wp-json\/wp\/v2\/media?parent=13832"}],"wp:term":[{"taxonomy":"product_brand","embeddable":true,"href":"https:\/\/oponixo.shop\/tire\/wp-json\/wp\/v2\/product_brand?post=13832"},{"taxonomy":"product_cat","embeddable":true,"href":"https:\/\/oponixo.shop\/tire\/wp-json\/wp\/v2\/product_cat?post=13832"},{"taxonomy":"product_tag","embeddable":true,"href":"https:\/\/oponixo.shop\/tire\/wp-json\/wp\/v2\/product_tag?post=13832"}],"curies":[{"name":"wp","href":"https:\/\/api.w.org\/{rel}","templated":true}]}}