{"id":13212,"date":"2026-01-06T05:15:34","date_gmt":"2026-01-06T04:15:34","guid":{"rendered":"https:\/\/oponyprofi.shop\/xef5\/produkt\/4x-yokohama-bluearth-v905-255-50r19-285-45r19-zestaw-bmw-x5-zima-zimowe\/"},"modified":"2026-01-06T05:15:35","modified_gmt":"2026-01-06T04:15:35","slug":"4x-yokohama-bluearth-v905-255-50r19-285-45r19-zestaw-bmw-x5-zima-zimowe","status":"publish","type":"product","link":"https:\/\/oponixo.shop\/tire\/produkt\/4x-yokohama-bluearth-v905-255-50r19-285-45r19-zestaw-bmw-x5-zima-zimowe\/","title":{"rendered":"4x Yokohama Bluearth V905 255\/50R19 + 285\/45R19 Zestaw BMW X5 Zima Zimowe"},"content":{"rendered":"<div style=\"font-family: Arial, sans-serif; line-height: 1.6; color: #333; padding: 20px; clear: both; display: block; width: 100%; float: none; position: static; overflow: hidden;\">\n<div style=\"clear: both; display: block; margin: 10px 0;\">\n<div style=\"clear: both; display: block; margin: 10px 0;\">\n<div style=\"clear: both; display: block; margin: 10px 0;\">\n<h3 style=\"color: #2c5aa0; font-size: 18px; margin: 30px 0 15px 0; font-weight: bold; clear: both; display: block; width: 100%; float: none; position: static;\">Yokohama BluEarth Winter V905 &#8211; Opony zimowe,<\/h3>\n<h3 style=\"color: #2c5aa0; font-size: 18px; margin: 30px 0 15px 0; font-weight: bold; clear: both; display: block; width: 100%; float: none; position: static;\">Zestaw: 2x 255\/50 R19 + 2x 285\/45 R19<\/h3>\n<ul style=\"margin: 15px 0; padding-left: 20px; clear: both; display: block; width: 100%; float: none; position: static;\">\n<li style=\"margin: 5px 0; padding: 2px 0; clear: both; display: list-item; float: none; position: static;\">Opony nowe<\/li>\n<\/ul>\n<ul style=\"margin: 15px 0; padding-left: 20px; clear: both; display: block; width: 100%; float: none; position: static;\">\n<li style=\"margin: 5px 0; padding: 2px 0; clear: both; display: list-item; float: none; position: static;\"><b>Rok produkcji opon &#8211; 2023<\/b><\/li>\n<\/ul>\n<ul style=\"margin: 15px 0; padding-left: 20px; clear: both; display: block; width: 100%; float: none; position: static;\">\n<li style=\"margin: 5px 0; padding: 2px 0; clear: both; display: list-item; float: none; position: static;\">Indeks no\u015bno\u015bci i pr\u0119dko\u015bci &#8211; 107V XL + 111V XL<\/li>\n<\/ul>\n<ul style=\"margin: 15px 0; padding-left: 20px; clear: both; display: block; width: 100%; float: none; position: static;\">\n<li style=\"margin: 5px 0; padding: 2px 0; clear: both; display: list-item; float: none; position: static;\">Do ka\u017cdego zam\u00f3wienia do\u0142\u0105czamy dokument sprzeda\u017cy<\/li>\n<\/ul>\n<\/div>\n<\/div>\n<div style=\"clear: both; display: block; margin: 10px 0;\">\n<div style=\"clear: both; display: block; margin: 10px 0;\">\n<div  style=\"max-width:1834px;max-height:2560px\">\n<div style=\"clear: both; display: block; margin: 10px 0;\">\n<div style=\"clear: both; width: 100%; display: block; margin: 20px 0; padding: 0; float: none; position: static; text-align: center;\"><img decoding=\"async\"  src=\"https:\/\/a.allegroimg.com\/original\/115e98\/2e0d99c94ea884bcd028ee79f6d3\/4x-Yokohama-Bluearth-V905-255-50R19-285-45R19-Zestaw-BMW-X5-Zima-Zimowe-EAN-GTIN-4968814924027\" srcset=\"https:\/\/a.allegroimg.com\/original\/115e98\/2e0d99c94ea884bcd028ee79f6d3\/4x-Yokohama-Bluearth-V905-255-50R19-285-45R19-Zestaw-BMW-X5-Zima-Zimowe-EAN-GTIN-4968814924027 257w,https:\/\/a.allegroimg.com\/original\/115e98\/2e0d99c94ea884bcd028ee79f6d3\/4x-Yokohama-Bluearth-V905-255-50R19-285-45R19-Zestaw-BMW-X5-Zima-Zimowe-EAN-GTIN-4968814924027 515w,https:\/\/a.allegroimg.com\/original\/115e98\/2e0d99c94ea884bcd028ee79f6d3\/4x-Yokohama-Bluearth-V905-255-50R19-285-45R19-Zestaw-BMW-X5-Zima-Zimowe-EAN-GTIN-4968814924027 733w,https:\/\/a.allegroimg.com\/original\/115e98\/2e0d99c94ea884bcd028ee79f6d3\/4x-Yokohama-Bluearth-V905-255-50R19-285-45R19-Zestaw-BMW-X5-Zima-Zimowe-EAN-GTIN-4968814924027 1031w,https:\/\/a.allegroimg.com\/original\/115e98\/2e0d99c94ea884bcd028ee79f6d3\/4x-Yokohama-Bluearth-V905-255-50R19-285-45R19-Zestaw-BMW-X5-Zima-Zimowe-EAN-GTIN-4968814924027 1834w\" sizes=\"(min-width: 1200px) 560px, (min-width: 992px) 50vw, 100vw\" width=\"1834px\" alt=\"4x Yokohama Bluearth V905 255\/50R19 + 285\/45R19 Zestaw BMW X5 Zima Zimowe EAN (GTIN) 4968814924027\" style=\"max-width: 100%; height: auto; display: block; margin: 0 auto;\"><\/div>\n<\/div>\n<\/div>\n<\/div>\n<\/div>\n<\/div>\n<\/div>\n<\/div>\n<\/div>\n<div style=\"clear: both; display: block; margin: 10px 0;\">\n","protected":false},"excerpt":{"rendered":"<p>Yokohama BluEarth Winter V905 &#8211; Opony zimowe,<\/p>\n<p>Zestaw: 2x 255\/50 R19 + 2x 285\/45 R19<\/p>\n<p>Opony nowe<\/p>\n<p>Rok produkcji opon &#8211; 2023<\/p>\n<p>Indeks no\u015bno\u015bci i pr\u0119dko\u015bci &#8211; 107V XL + 111V XL<\/p>\n<p>Do ka\u017cdego zam\u00f3wienia do\u0142\u0105czamy dokument sprzeda\u017cy<\/p>\n","protected":false},"featured_media":13213,"template":"","meta":{"_uag_custom_page_level_css":""},"product_brand":[410],"product_cat":[414,413,412,415],"product_tag":[],"class_list":{"0":"post-13212","1":"product","2":"type-product","3":"status-publish","4":"has-post-thumbnail","6":"product_brand-yokohama","7":"product_cat-do-samochodow-osobowych-i-suv","8":"product_cat-opony","9":"product_cat-opony-i-felgi","10":"product_cat-zimowe","12":"first","13":"instock","14":"shipping-taxable","15":"purchasable","16":"product-type-simple"},"uagb_featured_image_src":{"full":["https:\/\/oponixo.shop\/tire\/wp-content\/uploads\/2026\/01\/allegro-image-13212.jpg",1698,1700,false],"thumbnail":["https:\/\/oponixo.shop\/tire\/wp-content\/uploads\/2026\/01\/allegro-image-13212-150x150.jpg",150,150,true],"medium":["https:\/\/oponixo.shop\/tire\/wp-content\/uploads\/2026\/01\/allegro-image-13212-300x300.jpg",300,300,true],"medium_large":["https:\/\/oponixo.shop\/tire\/wp-content\/uploads\/2026\/01\/allegro-image-13212-768x769.jpg",768,769,true],"large":["https:\/\/oponixo.shop\/tire\/wp-content\/uploads\/2026\/01\/allegro-image-13212-1024x1024.jpg",1024,1024,true],"1536x1536":["https:\/\/oponixo.shop\/tire\/wp-content\/uploads\/2026\/01\/allegro-image-13212-1534x1536.jpg",1534,1536,true],"2048x2048":["https:\/\/oponixo.shop\/tire\/wp-content\/uploads\/2026\/01\/allegro-image-13212.jpg",1698,1700,false],"woocommerce_thumbnail":["https:\/\/oponixo.shop\/tire\/wp-content\/uploads\/2026\/01\/allegro-image-13212-300x300.jpg",300,300,true],"woocommerce_single":["https:\/\/oponixo.shop\/tire\/wp-content\/uploads\/2026\/01\/allegro-image-13212-600x601.jpg",600,601,true],"woocommerce_gallery_thumbnail":["https:\/\/oponixo.shop\/tire\/wp-content\/uploads\/2026\/01\/allegro-image-13212-100x100.jpg",100,100,true]},"uagb_author_info":{"display_name":"admin","author_link":"https:\/\/oponixo.shop\/tire\/author\/"},"uagb_comment_info":0,"uagb_excerpt":"Yokohama BluEarth Winter V905 - Opony zimowe, Zestaw: 2x 255\/50 R19 + 2x 285\/45 R19 Opony nowe Rok produkcji opon - 2023 Indeks no\u015bno\u015bci i pr\u0119dko\u015bci - 107V XL + 111V XL Do ka\u017cdego zam\u00f3wienia do\u0142\u0105czamy dokument sprzeda\u017cy","_links":{"self":[{"href":"https:\/\/oponixo.shop\/tire\/wp-json\/wp\/v2\/product\/13212","targetHints":{"allow":["GET"]}}],"collection":[{"href":"https:\/\/oponixo.shop\/tire\/wp-json\/wp\/v2\/product"}],"about":[{"href":"https:\/\/oponixo.shop\/tire\/wp-json\/wp\/v2\/types\/product"}],"wp:featuredmedia":[{"embeddable":true,"href":"https:\/\/oponixo.shop\/tire\/wp-json\/wp\/v2\/media\/13213"}],"wp:attachment":[{"href":"https:\/\/oponixo.shop\/tire\/wp-json\/wp\/v2\/media?parent=13212"}],"wp:term":[{"taxonomy":"product_brand","embeddable":true,"href":"https:\/\/oponixo.shop\/tire\/wp-json\/wp\/v2\/product_brand?post=13212"},{"taxonomy":"product_cat","embeddable":true,"href":"https:\/\/oponixo.shop\/tire\/wp-json\/wp\/v2\/product_cat?post=13212"},{"taxonomy":"product_tag","embeddable":true,"href":"https:\/\/oponixo.shop\/tire\/wp-json\/wp\/v2\/product_tag?post=13212"}],"curies":[{"name":"wp","href":"https:\/\/api.w.org\/{rel}","templated":true}]}}