{"id":12774,"date":"2026-01-04T14:39:17","date_gmt":"2026-01-04T13:39:17","guid":{"rendered":"https:\/\/oponyexpert.shop\/xef5\/produkt\/2-opony-zimowe-255-35r20-97v-pirelli-winter-sottozero\/"},"modified":"2026-01-04T14:39:18","modified_gmt":"2026-01-04T13:39:18","slug":"2-opony-zimowe-255-35r20-97v-pirelli-winter-sottozero","status":"publish","type":"product","link":"https:\/\/oponixo.shop\/tire\/produkt\/2-opony-zimowe-255-35r20-97v-pirelli-winter-sottozero\/","title":{"rendered":"2 opony zimowe 255\/35R20 97V PIRELLI Winter SottoZero"},"content":{"rendered":"<div style=\"font-family: Arial, sans-serif; line-height: 1.6; color: #333; padding: 20px; clear: both; display: block; width: 100%; float: none; position: static; overflow: hidden;\">\n<div style=\"clear: both; display: block; margin: 10px 0;\">\n<div style=\"clear: both; display: block; margin: 10px 0;\">\n<div style=\"clear: both; display: block; margin: 10px 0;\">\n<ul style=\"margin: 15px 0; padding-left: 20px; clear: both; display: block; width: 100%; float: none; position: static;\">\n<li style=\"margin: 5px 0; padding: 2px 0; clear: both; display: list-item; float: none; position: static;\">MARKA\/MODEL: <b>PIRELLI Winter SottoZero<\/b><\/li>\n<li style=\"margin: 5px 0; padding: 2px 0; clear: both; display: list-item; float: none; position: static;\">ROZMIAR OPON: <b> 255\/35R20<\/b><\/li>\n<li style=\"margin: 5px 0; padding: 2px 0; clear: both; display: list-item; float: none; position: static;\">INDEKS PR\u0118DKO\u015aCI: <b>V<\/b><\/li>\n<li style=\"margin: 5px 0; padding: 2px 0; clear: both; display: list-item; float: none; position: static;\">INDEKS NO\u015aNO\u015aCI: <b>97 XL<\/b><\/li>\n<li style=\"margin: 5px 0; padding: 2px 0; clear: both; display: list-item; float: none; position: static;\">DATA PRODUKCJI: <b>nie starsze ni\u017c 2022<\/b><\/li>\n<li style=\"margin: 5px 0; padding: 2px 0; clear: both; display: list-item; float: none; position: static;\">SEZON: <b>Zimowe<\/b><\/li>\n<li style=\"margin: 5px 0; padding: 2px 0; clear: both; display: list-item; float: none; position: static;\">STAN: <b>Nowy<\/b><\/li>\n<li style=\"margin: 5px 0; padding: 2px 0; clear: both; display: list-item; float: none; position: static;\">RANT OCHRONNY NA FELG\u0118: <b>Brak<\/b><\/li>\n<li style=\"margin: 5px 0; padding: 2px 0; clear: both; display: list-item; float: none; position: static;\">DODATKOWE OZNACZENIA: <\/li>\n<\/ul>\n<\/div>\n<\/div>\n<\/div>\n<div style=\"clear: both; display: block; margin: 10px 0;\">\n<div style=\"clear: both; display: block; margin: 10px 0;\">\n<div style=\"clear: both; display: block; margin: 10px 0;\">\n<div  style=\"max-width:886px;max-height:1299px\">\n<div style=\"clear: both; display: block; margin: 10px 0;\">\n<div style=\"clear: both; width: 100%; display: block; margin: 20px 0; padding: 0; float: none; position: static; text-align: center;\"><img decoding=\"async\"  src=\"https:\/\/a.allegroimg.com\/original\/11eaa3\/8cab155f4a9584a9668a3283e579\/2-opony-zimowe-255-35R20-97V-PIRELLI-Winter-SottoZero\" srcset=\"https:\/\/a.allegroimg.com\/original\/11eaa3\/8cab155f4a9584a9668a3283e579\/2-opony-zimowe-255-35R20-97V-PIRELLI-Winter-SottoZero 245w,https:\/\/a.allegroimg.com\/original\/11eaa3\/8cab155f4a9584a9668a3283e579\/2-opony-zimowe-255-35R20-97V-PIRELLI-Winter-SottoZero 491w,https:\/\/a.allegroimg.com\/original\/11eaa3\/8cab155f4a9584a9668a3283e579\/2-opony-zimowe-255-35R20-97V-PIRELLI-Winter-SottoZero 698w,https:\/\/a.allegroimg.com\/original\/11eaa3\/8cab155f4a9584a9668a3283e579\/2-opony-zimowe-255-35R20-97V-PIRELLI-Winter-SottoZero 886w,https:\/\/a.allegroimg.com\/original\/11eaa3\/8cab155f4a9584a9668a3283e579\/2-opony-zimowe-255-35R20-97V-PIRELLI-Winter-SottoZero 886w\" sizes=\"100vw\" width=\"886px\" alt=\"2 opony zimowe 255\/35R20 97V PIRELLI Winter SottoZero\"\/ style=\"max-width: 100%; height: auto; display: block; margin: 0 auto;\"><\/div>\n<\/div>\n<\/div>\n<\/div>\n<\/div>\n<\/div>\n<div style=\"clear: both; display: block; margin: 10px 0;\">\n<div style=\"clear: both; display: block; margin: 10px 0;\">\n<div style=\"clear: both; display: block; margin: 10px 0;\">\n<div  style=\"max-width:1600px;max-height:418px\">\n<div style=\"clear: both; display: block; margin: 10px 0;\">\n<div style=\"clear: both; width: 100%; display: block; margin: 20px 0; padding: 0; float: none; position: static; text-align: center;\"><img decoding=\"async\"  src=\"https:\/\/a.allegroimg.com\/original\/119d99\/b09325a54a589d2fdab4b2039b4f\/2-opony-zimowe-255-35R20-97V-PIRELLI-Winter-SottoZero-Liczba-opon-w-ofercie-2-szt\" srcset=\"https:\/\/a.allegroimg.com\/original\/119d99\/b09325a54a589d2fdab4b2039b4f\/2-opony-zimowe-255-35R20-97V-PIRELLI-Winter-SottoZero-Liczba-opon-w-ofercie-2-szt 360w,https:\/\/a.allegroimg.com\/original\/119d99\/b09325a54a589d2fdab4b2039b4f\/2-opony-zimowe-255-35R20-97V-PIRELLI-Winter-SottoZero-Liczba-opon-w-ofercie-2-szt 720w,https:\/\/a.allegroimg.com\/original\/119d99\/b09325a54a589d2fdab4b2039b4f\/2-opony-zimowe-255-35R20-97V-PIRELLI-Winter-SottoZero-Liczba-opon-w-ofercie-2-szt 1024w,https:\/\/a.allegroimg.com\/original\/119d99\/b09325a54a589d2fdab4b2039b4f\/2-opony-zimowe-255-35R20-97V-PIRELLI-Winter-SottoZero-Liczba-opon-w-ofercie-2-szt 1440w,https:\/\/a.allegroimg.com\/original\/119d99\/b09325a54a589d2fdab4b2039b4f\/2-opony-zimowe-255-35R20-97V-PIRELLI-Winter-SottoZero-Liczba-opon-w-ofercie-2-szt 1600w\" sizes=\"(min-width: 1200px) 560px, (min-width: 992px) 50vw, 100vw\" width=\"1600px\" alt=\"2 opony zimowe 255\/35R20 97V PIRELLI Winter SottoZero Liczba opon w ofercie 2 szt.\"\/ style=\"max-width: 100%; height: auto; display: block; margin: 0 auto;\"><\/div>\n<\/div>\n<\/div>\n<\/div>\n<\/div>\n<div style=\"clear: both; display: block; margin: 10px 0;\">\n<div style=\"clear: both; display: block; margin: 10px 0;\">\n<p style=\"margin: 15px 0; line-height: 1.8; clear: both; display: block; width: 100%; float: none; position: static;\"><b>Pirelli<\/b>&#8211; w\u0142oska marka opon za\u0142o\u017cona przez Giovanniego Battist\u0119 Pirelli w 1872 roku. Przedsi\u0119biorstwo od zawsze kojarzy si\u0119 ze sportem. G\u0142\u00f3wnymi produktami s\u0105 opony osobowe oraz motocyklowe. Posiada zak\u0142ady produkcyjne ulokowane na ka\u017cdym kontynencie. Jest jednym z pi\u0119ciu najwi\u0119kszych przedsi\u0119biorstw na \u015bwiatowym rynku opon. Od 2011 roku nieprzerwanie dostarcza ogumienie dla F1. Pirelli znane jest r\u00f3wnie\u017c z wydawanych corocznie kalendarzy zawieraj\u0105cych fotograficzne akty modelek oraz portrety gwiazd.<\/p>\n<\/div>\n<\/div>\n<\/div>\n<div style=\"clear: both; display: block; margin: 10px 0;\">\n<div style=\"clear: both; display: block; margin: 10px 0;\">\n<div style=\"clear: both; display: block; margin: 10px 0;\">\n<h2>Na naszych innych aukcjach Allegro znajdziesz felgi stalowe i aluminiowe, czujniki (TPMS) oraz \u015bruby i nakr\u0119tki.<\/h2>\n<\/div>\n<\/div>\n<\/div>\n<\/div>\n<\/div>\n<\/div>\n<div style=\"clear: both; display: block; margin: 10px 0;\">\n","protected":false},"excerpt":{"rendered":"<p>MARKA\/MODEL: PIRELLI Winter SottoZero<\/p>\n<p>ROZMIAR OPON: 255\/35R20<\/p>\n<p>INDEKS PR\u0118DKO\u015aCI: V<\/p>\n<p>INDEKS NO\u015aNO\u015aCI: 97 XL<\/p>\n<p>DATA PRODUKCJI: nie starsze ni\u017c 2022<\/p>\n<p>SEZON: Zimowe<\/p>\n<p>STAN: Nowy<\/p>\n<p>RANT OCHRONNY NA FELG\u0118: Brak<\/p>\n","protected":false},"featured_media":12775,"template":"","meta":{"_uag_custom_page_level_css":""},"product_brand":[433],"product_cat":[414,413,412,415],"product_tag":[],"class_list":{"0":"post-12774","1":"product","2":"type-product","3":"status-publish","4":"has-post-thumbnail","6":"product_brand-pirelli","7":"product_cat-do-samochodow-osobowych-i-suv","8":"product_cat-opony","9":"product_cat-opony-i-felgi","10":"product_cat-zimowe","12":"first","13":"instock","14":"shipping-taxable","15":"purchasable","16":"product-type-simple"},"uagb_featured_image_src":{"full":["https:\/\/oponixo.shop\/tire\/wp-content\/uploads\/2026\/01\/allegro-image-12774.jpg",886,1299,false],"thumbnail":["https:\/\/oponixo.shop\/tire\/wp-content\/uploads\/2026\/01\/allegro-image-12774-150x150.jpg",150,150,true],"medium":["https:\/\/oponixo.shop\/tire\/wp-content\/uploads\/2026\/01\/allegro-image-12774-205x300.jpg",205,300,true],"medium_large":["https:\/\/oponixo.shop\/tire\/wp-content\/uploads\/2026\/01\/allegro-image-12774-768x1126.jpg",768,1126,true],"large":["https:\/\/oponixo.shop\/tire\/wp-content\/uploads\/2026\/01\/allegro-image-12774-698x1024.jpg",698,1024,true],"1536x1536":["https:\/\/oponixo.shop\/tire\/wp-content\/uploads\/2026\/01\/allegro-image-12774.jpg",886,1299,false],"2048x2048":["https:\/\/oponixo.shop\/tire\/wp-content\/uploads\/2026\/01\/allegro-image-12774.jpg",886,1299,false],"woocommerce_thumbnail":["https:\/\/oponixo.shop\/tire\/wp-content\/uploads\/2026\/01\/allegro-image-12774-300x300.jpg",300,300,true],"woocommerce_single":["https:\/\/oponixo.shop\/tire\/wp-content\/uploads\/2026\/01\/allegro-image-12774-600x880.jpg",600,880,true],"woocommerce_gallery_thumbnail":["https:\/\/oponixo.shop\/tire\/wp-content\/uploads\/2026\/01\/allegro-image-12774-100x100.jpg",100,100,true]},"uagb_author_info":{"display_name":"admin","author_link":"https:\/\/oponixo.shop\/tire\/author\/"},"uagb_comment_info":0,"uagb_excerpt":"MARKA\/MODEL: PIRELLI Winter SottoZero ROZMIAR OPON: 255\/35R20 INDEKS PR\u0118DKO\u015aCI: V INDEKS NO\u015aNO\u015aCI: 97 XL DATA PRODUKCJI: nie starsze ni\u017c 2022 SEZON: Zimowe STAN: Nowy RANT OCHRONNY NA FELG\u0118: Brak","_links":{"self":[{"href":"https:\/\/oponixo.shop\/tire\/wp-json\/wp\/v2\/product\/12774","targetHints":{"allow":["GET"]}}],"collection":[{"href":"https:\/\/oponixo.shop\/tire\/wp-json\/wp\/v2\/product"}],"about":[{"href":"https:\/\/oponixo.shop\/tire\/wp-json\/wp\/v2\/types\/product"}],"wp:featuredmedia":[{"embeddable":true,"href":"https:\/\/oponixo.shop\/tire\/wp-json\/wp\/v2\/media\/12775"}],"wp:attachment":[{"href":"https:\/\/oponixo.shop\/tire\/wp-json\/wp\/v2\/media?parent=12774"}],"wp:term":[{"taxonomy":"product_brand","embeddable":true,"href":"https:\/\/oponixo.shop\/tire\/wp-json\/wp\/v2\/product_brand?post=12774"},{"taxonomy":"product_cat","embeddable":true,"href":"https:\/\/oponixo.shop\/tire\/wp-json\/wp\/v2\/product_cat?post=12774"},{"taxonomy":"product_tag","embeddable":true,"href":"https:\/\/oponixo.shop\/tire\/wp-json\/wp\/v2\/product_tag?post=12774"}],"curies":[{"name":"wp","href":"https:\/\/api.w.org\/{rel}","templated":true}]}}