{"id":12230,"date":"2026-01-03T20:00:33","date_gmt":"2026-01-03T19:00:33","guid":{"rendered":"https:\/\/oponyexpert.shop\/xef5\/produkt\/2x-debica-185-70r14-88t-navigator-2-caloroczne-2024-r\/"},"modified":"2026-01-03T20:00:33","modified_gmt":"2026-01-03T19:00:33","slug":"2x-debica-185-70r14-88t-navigator-2-caloroczne-2024-r","status":"publish","type":"product","link":"https:\/\/oponexa.shop\/tire\/produkt\/2x-debica-185-70r14-88t-navigator-2-caloroczne-2024-r\/","title":{"rendered":"2x D\u0118BICA 185\/70R14 88T Navigator 2 ca\u0142oroczne 2024 r"},"content":{"rendered":"<div style=\"font-family: Arial, sans-serif; line-height: 1.6; color: #333; padding: 20px; clear: both; display: block; width: 100%; float: none; position: static; overflow: hidden;\">\n<div style=\"clear: both; display: block; margin: 10px 0;\">\n<div style=\"clear: both; display: block; margin: 10px 0;\">\n<div style=\"clear: both; display: block; margin: 10px 0;\">\n<h1>Rok produkcji: 2024<\/h1>\n<\/div>\n<\/div>\n<\/div>\n<div style=\"clear: both; display: block; margin: 10px 0;\">\n<div style=\"clear: both; display: block; margin: 10px 0;\">\n<div style=\"clear: both; display: block; margin: 10px 0;\">\n<div  style=\"max-width:1200px;max-height:1126px\">\n<div style=\"clear: both; display: block; margin: 10px 0;\">\n<div style=\"clear: both; width: 100%; display: block; margin: 20px 0; padding: 0; float: none; position: static; text-align: center;\"><img decoding=\"async\"  src=\"https:\/\/a.allegroimg.com\/original\/118b83\/36f1ef7c4150899e68aad925a02a\/2x-DEBICA-185-70R14-88T-Navigator-2-caloroczne-2024-r\" srcset=\"https:\/\/a.allegroimg.com\/original\/118b83\/36f1ef7c4150899e68aad925a02a\/2x-DEBICA-185-70R14-88T-Navigator-2-caloroczne-2024-r 360w,https:\/\/a.allegroimg.com\/original\/118b83\/36f1ef7c4150899e68aad925a02a\/2x-DEBICA-185-70R14-88T-Navigator-2-caloroczne-2024-r 720w,https:\/\/a.allegroimg.com\/original\/118b83\/36f1ef7c4150899e68aad925a02a\/2x-DEBICA-185-70R14-88T-Navigator-2-caloroczne-2024-r 1024w,https:\/\/a.allegroimg.com\/original\/118b83\/36f1ef7c4150899e68aad925a02a\/2x-DEBICA-185-70R14-88T-Navigator-2-caloroczne-2024-r 1200w,https:\/\/a.allegroimg.com\/original\/118b83\/36f1ef7c4150899e68aad925a02a\/2x-DEBICA-185-70R14-88T-Navigator-2-caloroczne-2024-r 1200w\" sizes=\"(min-width: 1200px) 560px, (min-width: 992px) 50vw, 100vw\" width=\"1200px\" alt=\"2x D\u0118BICA 185\/70R14 88T Navigator 2 ca\u0142oroczne 2024 r\"\/ style=\"max-width: 100%; height: auto; display: block; margin: 0 auto;\"><\/div>\n<\/div>\n<\/div>\n<\/div>\n<\/div>\n<div style=\"clear: both; display: block; margin: 10px 0;\">\n<div style=\"clear: both; display: block; margin: 10px 0;\">\n<h1>D\u0118BICA Navigator 2 185\/70R14 88T<\/h1>\n<h2>DCC3DE<\/h2>\n<ul style=\"margin: 15px 0; padding-left: 20px; clear: both; display: block; width: 100%; float: none; position: static;\">\n<li style=\"margin: 5px 0; padding: 2px 0; clear: both; display: list-item; float: none; position: static;\"><b>Data produkcji :<\/b> 2024<\/li>\n<li style=\"margin: 5px 0; padding: 2px 0; clear: both; display: list-item; float: none; position: static;\"><b>Hamowanie na mokrej nawierzchni :<\/b> F<\/li>\n<li style=\"margin: 5px 0; padding: 2px 0; clear: both; display: list-item; float: none; position: static;\"><b>Indeks :<\/b> 185\/70R14 CODE 88T NAV2V, 185\/70R14 CODE 88T NAV2V<\/li>\n<li style=\"margin: 5px 0; padding: 2px 0; clear: both; display: list-item; float: none; position: static;\"><b>Indeks no\u015bno\u015bci :<\/b> 88<\/li>\n<li style=\"margin: 5px 0; padding: 2px 0; clear: both; display: list-item; float: none; position: static;\"><b>Indeks pr\u0119dko\u015bci :<\/b> T &#8211; 190 km\/h<\/li>\n<li style=\"margin: 5px 0; padding: 2px 0; clear: both; display: list-item; float: none; position: static;\"><b>Karta informacyjna produktu :<\/b> https:\/\/eprel.ec.europa.eu\/qr\/609950<\/li>\n<li style=\"margin: 5px 0; padding: 2px 0; clear: both; display: list-item; float: none; position: static;\"><b>Kl. efekt. paliwowej :<\/b> D<\/li>\n<li style=\"margin: 5px 0; padding: 2px 0; clear: both; display: list-item; float: none; position: static;\"><b>Kl. przycz. na mokrej naw. :<\/b> E<\/li>\n<li style=\"margin: 5px 0; padding: 2px 0; clear: both; display: list-item; float: none; position: static;\"><b>Kl. zew. ha\u0142asu tocz. :<\/b> B<\/li>\n<li style=\"margin: 5px 0; padding: 2px 0; clear: both; display: list-item; float: none; position: static;\"><b>Klasa opony :<\/b> bud\u017cet<\/li>\n<li style=\"margin: 5px 0; padding: 2px 0; clear: both; display: list-item; float: none; position: static;\"><b>Kod EAN :<\/b> 5452000593801<\/li>\n<li style=\"margin: 5px 0; padding: 2px 0; clear: both; display: list-item; float: none; position: static;\"><b>Kod producenta :<\/b> 539624<\/li>\n<li style=\"margin: 5px 0; padding: 2px 0; clear: both; display: list-item; float: none; position: static;\"><b>Liczba decybeli :<\/b> 71 dB<\/li>\n<li style=\"margin: 5px 0; padding: 2px 0; clear: both; display: list-item; float: none; position: static;\"><b>Model bie\u017cnika :<\/b> Navigator 2<\/li>\n<li style=\"margin: 5px 0; padding: 2px 0; clear: both; display: list-item; float: none; position: static;\"><b>Nazwa produktu :<\/b> D\u0118BICA 185\/70R14 88T Navigator 2 ca\u0142oroczne<\/li>\n<li style=\"margin: 5px 0; padding: 2px 0; clear: both; display: list-item; float: none; position: static;\"><b>Op\u00f3r toczenia :<\/b> E<\/li>\n<li style=\"margin: 5px 0; padding: 2px 0; clear: both; display: list-item; float: none; position: static;\"><b>Poziom emisji ha\u0142asu :<\/b> 2<\/li>\n<li style=\"margin: 5px 0; padding: 2px 0; clear: both; display: list-item; float: none; position: static;\"><b>Producent :<\/b> D\u0118BICA<\/li>\n<li style=\"margin: 5px 0; padding: 2px 0; clear: both; display: list-item; float: none; position: static;\"><b>Profil :<\/b> 70<\/li>\n<li style=\"margin: 5px 0; padding: 2px 0; clear: both; display: list-item; float: none; position: static;\"><b>Przeznaczenie :<\/b> samochody osobowe\/SUV\/crossover<\/li>\n<li style=\"margin: 5px 0; padding: 2px 0; clear: both; display: list-item; float: none; position: static;\"><b>Przyczepno\u015b\u0107 na lodzie :<\/b> Nie<\/li>\n<li style=\"margin: 5px 0; padding: 2px 0; clear: both; display: list-item; float: none; position: static;\"><b>Przyczepno\u015b\u0107 na \u015bniegu :<\/b> Tak<\/li>\n<li style=\"margin: 5px 0; padding: 2px 0; clear: both; display: list-item; float: none; position: static;\"><b>QR kod :<\/b> https:\/\/eprel.ec.europa.eu\/qr\/609950<\/li>\n<li style=\"margin: 5px 0; padding: 2px 0; clear: both; display: list-item; float: none; position: static;\"><b>Sezon :<\/b> ca\u0142oroczna<\/li>\n<li style=\"margin: 5px 0; padding: 2px 0; clear: both; display: list-item; float: none; position: static;\"><b>\u015arednica :<\/b> 14&#8243;<\/li>\n<li style=\"margin: 5px 0; padding: 2px 0; clear: both; display: list-item; float: none; position: static;\"><b>Szeroko\u015b\u0107 :<\/b> 185<\/li>\n<li style=\"margin: 5px 0; padding: 2px 0; clear: both; display: list-item; float: none; position: static;\"><b>Wart. pom. i kl. zew. ha\u0142asu tocz. [dB] :<\/b> 71<\/li>\n<\/ul>\n<\/div>\n<\/div>\n<\/div>\n<div style=\"clear: both; display: block; margin: 10px 0;\">\n<div style=\"clear: both; display: block; margin: 10px 0;\">\n<div style=\"clear: both; display: block; margin: 10px 0;\">\n<p style=\"margin: 15px 0; line-height: 1.8; clear: both; display: block; width: 100%; float: none; position: static;\"> D\u0118BICA Navigator 2 to opona ca\u0142oroczna przeznaczona do samochod\u00f3w segmentu ekonomicznego. Je\u015bli nie potrzebujesz wymienia\u0107 opon w zale\u017cno\u015bci od sezonu i szukasz kompromisu, opona D\u0118BICA Navigator 2 spe\u0142ni Twoje oczekiwania. Jest to nast\u0119pczyni docenionego modelu Navigator. W ulepszonej wersji konstruktorzy zastosowali bie\u017cnik oparty na sprawdzonym wzorze GOODYEAR Vector 3. Mniejsze ryzyko aqaplaningu Specjalnie skonstruowana rze\u017aba bie\u017cnika zmniejsza ryzyko wyst\u0105pienia zjawiska aquaplaningu. Opona posiada trzy szerokie, wzd\u0142u\u017cne kana\u0142y, kt\u00f3re wsp\u00f3\u0142pracuj\u0105c z licznymi naci\u0119ciami w bie\u017cniku bardzo dobrze odprowadzaj\u0105 wod\u0119 oraz b\u0142oto po\u015bniegowe. Dobra przyczepno\u015b\u0107 na r\u00f3\u017cnych nawierzchniach Liczne lamele umieszczone w szerokich klockach bie\u017cnika skutecznie &#8222;wgryzaj\u0105&#8221; si\u0119 w \u015bnieg zapewniaj\u0105c bardzo dobr\u0105 przyczepno\u015b\u0107 nawet w najtrudniejszych warunkach drogowych. Opona posiada oznaczenie 3PMSF (symbol trzech szczyt\u00f3w g\u00f3rskich i p\u0142atka \u015bniegu) potwierdzaj\u0105ca spe\u0142nienie europejskich wymaga\u0144 dotycz\u0105cych opon zimowych. Sprawdza si\u0119 tak\u017ce na mokrych i oblodzonych drogach. Wi\u0119ksza trwa\u0142o\u015b\u0107 Wzmocniono konstrukcj\u0119 bie\u017cnika D\u0118BICY Navigator 2, skutecznie zwi\u0119kszaj\u0105c jej wytrzyma\u0142o\u015b\u0107. Opona jest odporna na \u015bcieranie i uszkodzenia. Wed\u0142ug bada\u0144 producenta zastosowanie nowej mieszanki zwi\u0119kszy\u0142o okres eksploatacji opony o 9% w stosunku do poprzedniego modelu Navigator. Wy\u017cszy komfort podr\u00f3\u017cowania Dzi\u0119ki optymalizacji wzoru bie\u017cnika, poprawi\u0142 si\u0119 komfort jazdy dzi\u0119ki redukcji poziomu ha\u0142asu. Podr\u00f3\u017cuj ciszej i bardziej komfortowo na oponach D\u0118BICA Navigator 2.<\/p>\n<\/div>\n<\/div>\n<div style=\"clear: both; display: block; margin: 10px 0;\">\n<div style=\"clear: both; display: block; margin: 10px 0;\">\n<div  style=\"max-width:886px;max-height:1299px\">\n<div style=\"clear: both; display: block; margin: 10px 0;\">\n<div style=\"clear: both; width: 100%; display: block; margin: 20px 0; padding: 0; float: none; position: static; text-align: center;\"><img decoding=\"async\"  src=\"https:\/\/a.allegroimg.com\/original\/11eeba\/495e684842a0a3279ca1397e3fc3\/2x-DEBICA-185-70R14-88T-Navigator-2-caloroczne-2024-r-Srednica-14\" srcset=\"https:\/\/a.allegroimg.com\/original\/11eeba\/495e684842a0a3279ca1397e3fc3\/2x-DEBICA-185-70R14-88T-Navigator-2-caloroczne-2024-r-Srednica-14 245w,https:\/\/a.allegroimg.com\/original\/11eeba\/495e684842a0a3279ca1397e3fc3\/2x-DEBICA-185-70R14-88T-Navigator-2-caloroczne-2024-r-Srednica-14 491w,https:\/\/a.allegroimg.com\/original\/11eeba\/495e684842a0a3279ca1397e3fc3\/2x-DEBICA-185-70R14-88T-Navigator-2-caloroczne-2024-r-Srednica-14 698w,https:\/\/a.allegroimg.com\/original\/11eeba\/495e684842a0a3279ca1397e3fc3\/2x-DEBICA-185-70R14-88T-Navigator-2-caloroczne-2024-r-Srednica-14 886w,https:\/\/a.allegroimg.com\/original\/11eeba\/495e684842a0a3279ca1397e3fc3\/2x-DEBICA-185-70R14-88T-Navigator-2-caloroczne-2024-r-Srednica-14 886w\" sizes=\"(min-width: 1200px) 560px, (min-width: 992px) 50vw, 100vw\" width=\"886px\" alt=\"2x D\u0118BICA 185\/70R14 88T Navigator 2 ca\u0142oroczne 2024 r \u015arednica 14&quot;\"\/ style=\"max-width: 100%; height: auto; display: block; margin: 0 auto;\"><\/div>\n<\/div>\n<\/div>\n<\/div>\n<\/div>\n<\/div>\n<div style=\"clear: both; display: block; margin: 10px 0;\">\n<div style=\"clear: both; display: block; margin: 10px 0;\">\n<div style=\"clear: both; display: block; margin: 10px 0;\">\n<p style=\"margin: 15px 0; line-height: 1.8; clear: both; display: block; width: 100%; float: none; position: static;\">Wychodz\u0105c naprzeciw oczekiwaniom Klient\u00f3w i chc\u0105c spe\u0142nia\u0107 jak najwy\u017csze standardy obs\u0142ugi dok\u0142adamy wszelkich stara\u0144, aby podawa\u0107 precyzyjn\u0105 dat\u0119 produkcji opony (DOT). Niestety, w wyj\u0105tkowych przypadkach, mo\u017ce zdarzy\u0107 si\u0119, \u017ce opony, kt\u00f3re wy\u015blemy b\u0119d\u0105 mia\u0142y inn\u0105 dat\u0119 produkcji ni\u017c podana. Sytuacja mo\u017ce dotyczy\u0107 zar\u00f3wno opon z DOT-em wcze\u015bniejszym jak i p\u00f3\u017aniejszym. Chcieliby\u015bmy podkre\u015bli\u0107, \u017ce warunki przechowywania opon w naszych magazynach spe\u0142niaj\u0105 Polsk\u0105 Norm\u0119 PN-C-94300-7 dzi\u0119ki czemu nawet opona przechowywana 24 miesi\u0105ce ma parametry takie same jak opona z bie\u017c\u0105cego roku. Warto pami\u0119ta\u0107 tak\u017ce o fakcie, \u017ce w przypadku wielu rozmiar\u00f3w i producent\u00f3w plany produkcyjne fabryk uniemo\u017cliwiaj\u0105 zakup opony z bie\u017c\u0105cego roku.<\/p>\n<p style=\"margin: 15px 0; line-height: 1.8; clear: both; display: block; width: 100%; float: none; position: static;\">Przy zakupie opon pami\u0119taj o sprawdzeniu w instrukcji samochodu lub na w\u0142a\u015bciwej stronie internetowej, jakie ogumienie zaleca producent Twojego auta. \u0179le dobrane opony mog\u0105 negatywnie wp\u0142yn\u0105\u0107 na poziom Twojego bezpiecze\u0144stwa. Kupuj\u0105c opony zwr\u00f3\u0107 uwag\u0119 na rozmiar oraz indeksy no\u015bno\u015bci i pr\u0119dko\u015bci jakie homologowane s\u0105 do Twojego pojazdu.<\/p>\n<p style=\"margin: 15px 0; line-height: 1.8; clear: both; display: block; width: 100%; float: none; position: static;\">Zamieszczone zdj\u0119cia pe\u0142ni\u0105 funkcj\u0119 pogl\u0105dow\u0105. W zale\u017cno\u015bci od szeroko\u015bci opon, mog\u0105 wyst\u0119powa\u0107 niewielkie r\u00f3\u017cnice w wygl\u0105dzie bie\u017cnika (w obr\u0119bie jednego modelu) na przyk\u0142ad w ilo\u015bci rowk\u00f3w obwodowych lub rozmieszczeniu blok\u00f3w bie\u017cnika, co nie stanowi wady produktu.<\/p>\n<p style=\"margin: 15px 0; line-height: 1.8; clear: both; display: block; width: 100%; float: none; position: static;\">Je\u017celi otrzymane przez Ciebie opony nie spe\u0142niaj\u0105 Twoich oczekiwa\u0144 masz mo\u017cliwo\u015b\u0107 zwrotu lub wymiany nieu\u017cywanego (niemontowanego) ogumienia.<\/p>\n<\/div>\n<\/div>\n<\/div>\n<div style=\"clear: both; display: block; margin: 10px 0;\">\n<div style=\"clear: both; display: block; margin: 10px 0;\">\n<div style=\"clear: both; display: block; margin: 10px 0;\">\n<div  style=\"max-width:910px;max-height:219px\">\n<div style=\"clear: both; display: block; margin: 10px 0;\">\n<div style=\"clear: both; width: 100%; display: block; margin: 20px 0; padding: 0; float: none; position: static; text-align: center;\"><img decoding=\"async\"  src=\"https:\/\/a.allegroimg.com\/original\/1104aa\/c482aa9c4cb88ce3b2089e1f666b\/2x-DEBICA-185-70R14-88T-Navigator-2-caloroczne-2024-r-Waga-produktu-z-opakowaniem-jednostkowym-16-kg\" srcset=\"https:\/\/a.allegroimg.com\/original\/1104aa\/c482aa9c4cb88ce3b2089e1f666b\/2x-DEBICA-185-70R14-88T-Navigator-2-caloroczne-2024-r-Waga-produktu-z-opakowaniem-jednostkowym-16-kg 360w,https:\/\/a.allegroimg.com\/original\/1104aa\/c482aa9c4cb88ce3b2089e1f666b\/2x-DEBICA-185-70R14-88T-Navigator-2-caloroczne-2024-r-Waga-produktu-z-opakowaniem-jednostkowym-16-kg 720w,https:\/\/a.allegroimg.com\/original\/1104aa\/c482aa9c4cb88ce3b2089e1f666b\/2x-DEBICA-185-70R14-88T-Navigator-2-caloroczne-2024-r-Waga-produktu-z-opakowaniem-jednostkowym-16-kg 910w,https:\/\/a.allegroimg.com\/original\/1104aa\/c482aa9c4cb88ce3b2089e1f666b\/2x-DEBICA-185-70R14-88T-Navigator-2-caloroczne-2024-r-Waga-produktu-z-opakowaniem-jednostkowym-16-kg 910w\" sizes=\"(min-width: 1200px) 560px, (min-width: 992px) 50vw, 100vw\" width=\"910px\" alt=\"2x D\u0118BICA 185\/70R14 88T Navigator 2 ca\u0142oroczne 2024 r Waga produktu z opakowaniem jednostkowym 16 kg\"\/ style=\"max-width: 100%; height: auto; display: block; margin: 0 auto;\"><\/div>\n<\/div>\n<\/div>\n<\/div>\n<\/div>\n<div style=\"clear: both; display: block; margin: 10px 0;\">\n<div style=\"clear: both; display: block; margin: 10px 0;\">\n<h1>D\u0119bica<\/h1>\n<p style=\"margin: 15px 0; line-height: 1.8; clear: both; display: block; width: 100%; float: none; position: static;\">W 1939 roku wyprodukowano pierwsz\u0105 opon\u0119 w fabryce nale\u017c\u0105cej do za\u0142o\u017conej dwa lata wcze\u015bniej Firmy Oponiarskiej D\u0119bica, pa\u0144stwowego przedsi\u0119wzi\u0119cia wytwarzaj\u0105cego ogumienie na potrzeby wojska. Cho\u0107 firma rozwija\u0142a si\u0119 pr\u0119\u017cnie, nie by\u0142 to dobry rok \u2013 po wybuchu II Wojny \u015awiatowej fabryk\u0119 przej\u0119\u0142y w\u0142adze okupacyjne, kt\u00f3re sprzeda\u0142y do Niemiec lini\u0119 produkcyjn\u0105 i zaj\u0119\u0142y reszt\u0119 maj\u0105tku. Po wojnie wi\u0119kszo\u015b\u0107 utraconych maszyn uda\u0142o si\u0119 odzyska\u0107 i produkcja ruszy\u0142a na nowo, nap\u0119dzana inwestycjami niezb\u0119dnymi dla tego, by sprosta\u0107 rosn\u0105cemu zapotrzebowaniu na opony. Progresywnie unowocze\u015bniana fabryka rozpocz\u0119\u0142a w latach 70. produkcj\u0119 opon radialnych dla samochod\u00f3w osobowych, a w latach 80. &#8211; ogumienia ci\u0119\u017carowego i rolniczego. W ostatniej dekadzie XX wieku firma zosta\u0142a sprywatyzowana, a wi\u0119kszo\u015bciowy pakiet akcji wykupi\u0142 ameryka\u0144ski koncern Goodyear. Obecnie D\u0119bica jest jedn\u0105 z najlepiej znanych i najcz\u0119\u015bciej rozpoznawanych na polskim rynku rodzimych marek, znajduje si\u0119 tak\u017ce w gronie 30 najwi\u0119kszych polskich eksporter\u00f3w. W pierwszych trzech kwarta\u0142ach 2011 roku przychody ze sprzeda\u017cy wynios\u0142y ponad p\u00f3\u0142tora miliarda z\u0142otych. Przeznaczone dla samochod\u00f3w klasy \u015bredniej i wy\u017cszej asymetryczne letnie opony D\u0119bica Presto i opony zimowe D\u0119bica Frigo s\u0105 cenione przez klient\u00f3w za dobre w\u0142a\u015bciwo\u015bci jezdne niezale\u017cnie od kondycji nawierzchni. Starannie opracowana rze\u017aba bie\u017cnika sprawia, \u017ce opony dobrze odprowadzaj\u0105 wod\u0119 i zapewniaj\u0105 komfortow\u0105 jazd\u0119 przy wysokich pr\u0119dko\u015bciach.\n<\/p>\n<\/div>\n<\/div>\n<\/div>\n<\/div>\n<\/div>\n<\/div>\n<div style=\"clear: both; display: block; margin: 10px 0;\">\n","protected":false},"excerpt":{"rendered":"<p>Rok produkcji: 2024<\/p>\n<p>D\u0118BICA Navigator 2 185\/70R14 88T<\/p>\n<p>DCC3DE<\/p>\n<p>Data produkcji : 2024<\/p>\n<p>Hamowanie na mokrej nawierzchni : F<\/p>\n<p>Indeks : 185\/70R14 CODE 88T NAV2V, 185\/70R14 CODE 88T NAV2V<\/p>\n<p>Indeks no\u015bno\u015bci : 88<\/p>\n<p>Indeks pr\u0119dko\u015bci : T &#8211; 190 km\/h<\/p>\n","protected":false},"featured_media":12231,"template":"","meta":{"_uag_custom_page_level_css":""},"product_brand":[378],"product_cat":[416,414,413,412],"product_tag":[],"class_list":{"0":"post-12230","1":"product","2":"type-product","3":"status-publish","4":"has-post-thumbnail","6":"product_brand-debica","7":"product_cat-caloroczne","8":"product_cat-do-samochodow-osobowych-i-suv","9":"product_cat-opony","10":"product_cat-opony-i-felgi","12":"first","13":"instock","14":"shipping-taxable","15":"purchasable","16":"product-type-simple"},"uagb_featured_image_src":{"full":["https:\/\/oponexa.shop\/tire\/wp-content\/uploads\/2026\/01\/allegro-image-12230.jpg",1200,1126,false],"thumbnail":["https:\/\/oponexa.shop\/tire\/wp-content\/uploads\/2026\/01\/allegro-image-12230-150x150.jpg",150,150,true],"medium":["https:\/\/oponexa.shop\/tire\/wp-content\/uploads\/2026\/01\/allegro-image-12230-300x282.jpg",300,282,true],"medium_large":["https:\/\/oponexa.shop\/tire\/wp-content\/uploads\/2026\/01\/allegro-image-12230-768x721.jpg",768,721,true],"large":["https:\/\/oponexa.shop\/tire\/wp-content\/uploads\/2026\/01\/allegro-image-12230-1024x961.jpg",1024,961,true],"1536x1536":["https:\/\/oponexa.shop\/tire\/wp-content\/uploads\/2026\/01\/allegro-image-12230.jpg",1200,1126,false],"2048x2048":["https:\/\/oponexa.shop\/tire\/wp-content\/uploads\/2026\/01\/allegro-image-12230.jpg",1200,1126,false],"woocommerce_thumbnail":["https:\/\/oponexa.shop\/tire\/wp-content\/uploads\/2026\/01\/allegro-image-12230-300x300.jpg",300,300,true],"woocommerce_single":["https:\/\/oponexa.shop\/tire\/wp-content\/uploads\/2026\/01\/allegro-image-12230-600x563.jpg",600,563,true],"woocommerce_gallery_thumbnail":["https:\/\/oponexa.shop\/tire\/wp-content\/uploads\/2026\/01\/allegro-image-12230-100x100.jpg",100,100,true]},"uagb_author_info":{"display_name":"admin","author_link":"https:\/\/oponexa.shop\/tire\/author\/"},"uagb_comment_info":0,"uagb_excerpt":"Rok produkcji: 2024 D\u0118BICA Navigator 2 185\/70R14 88T DCC3DE Data produkcji : 2024 Hamowanie na mokrej nawierzchni : F Indeks : 185\/70R14 CODE 88T NAV2V, 185\/70R14 CODE 88T NAV2V Indeks no\u015bno\u015bci : 88 Indeks pr\u0119dko\u015bci : T - 190 km\/h","_links":{"self":[{"href":"https:\/\/oponexa.shop\/tire\/wp-json\/wp\/v2\/product\/12230","targetHints":{"allow":["GET"]}}],"collection":[{"href":"https:\/\/oponexa.shop\/tire\/wp-json\/wp\/v2\/product"}],"about":[{"href":"https:\/\/oponexa.shop\/tire\/wp-json\/wp\/v2\/types\/product"}],"wp:featuredmedia":[{"embeddable":true,"href":"https:\/\/oponexa.shop\/tire\/wp-json\/wp\/v2\/media\/12231"}],"wp:attachment":[{"href":"https:\/\/oponexa.shop\/tire\/wp-json\/wp\/v2\/media?parent=12230"}],"wp:term":[{"taxonomy":"product_brand","embeddable":true,"href":"https:\/\/oponexa.shop\/tire\/wp-json\/wp\/v2\/product_brand?post=12230"},{"taxonomy":"product_cat","embeddable":true,"href":"https:\/\/oponexa.shop\/tire\/wp-json\/wp\/v2\/product_cat?post=12230"},{"taxonomy":"product_tag","embeddable":true,"href":"https:\/\/oponexa.shop\/tire\/wp-json\/wp\/v2\/product_tag?post=12230"}],"curies":[{"name":"wp","href":"https:\/\/api.w.org\/{rel}","templated":true}]}}