{"id":11727,"date":"2026-01-03T03:31:13","date_gmt":"2026-01-03T02:31:13","guid":{"rendered":"https:\/\/oponyexpert.shop\/xef5\/produkt\/4x-hankook-235-45r18-98v-winter-icept-ion-iw01-xl-sound-absorber-2024-r\/"},"modified":"2026-01-03T03:31:14","modified_gmt":"2026-01-03T02:31:14","slug":"4x-hankook-235-45r18-98v-winter-icept-ion-iw01-xl-sound-absorber-2024-r","status":"publish","type":"product","link":"https:\/\/oponixo.shop\/tire\/produkt\/4x-hankook-235-45r18-98v-winter-icept-ion-iw01-xl-sound-absorber-2024-r\/","title":{"rendered":"4x HANKOOK 235\/45R18 98V Winter i*cept ION IW01 XL Sound Absorber 2024 r"},"content":{"rendered":"<div style=\"font-family: Arial, sans-serif; line-height: 1.6; color: #333; padding: 20px; clear: both; display: block; width: 100%; float: none; position: static; overflow: hidden;\">\n<div style=\"clear: both; display: block; margin: 10px 0;\">\n<div style=\"clear: both; display: block; margin: 10px 0;\">\n<div style=\"clear: both; display: block; margin: 10px 0;\">\n<h1>Rok produkcji: 2024<\/h1>\n<\/div>\n<\/div>\n<\/div>\n<div style=\"clear: both; display: block; margin: 10px 0;\">\n<div style=\"clear: both; display: block; margin: 10px 0;\">\n<div style=\"clear: both; display: block; margin: 10px 0;\">\n<div  style=\"max-width:1200px;max-height:1126px\">\n<div style=\"clear: both; display: block; margin: 10px 0;\">\n<div style=\"clear: both; width: 100%; display: block; margin: 20px 0; padding: 0; float: none; position: static; text-align: center;\"><img decoding=\"async\"  src=\"https:\/\/a.allegroimg.com\/original\/11cff2\/e6baeb4f4282a06520e585dadcc0\/4x-HANKOOK-235-45R18-98V-Winter-i-cept-ION-IW01-XL-Sound-Absorber-2024-r\" srcset=\"https:\/\/a.allegroimg.com\/original\/11cff2\/e6baeb4f4282a06520e585dadcc0\/4x-HANKOOK-235-45R18-98V-Winter-i-cept-ION-IW01-XL-Sound-Absorber-2024-r 360w,https:\/\/a.allegroimg.com\/original\/11cff2\/e6baeb4f4282a06520e585dadcc0\/4x-HANKOOK-235-45R18-98V-Winter-i-cept-ION-IW01-XL-Sound-Absorber-2024-r 720w,https:\/\/a.allegroimg.com\/original\/11cff2\/e6baeb4f4282a06520e585dadcc0\/4x-HANKOOK-235-45R18-98V-Winter-i-cept-ION-IW01-XL-Sound-Absorber-2024-r 1024w,https:\/\/a.allegroimg.com\/original\/11cff2\/e6baeb4f4282a06520e585dadcc0\/4x-HANKOOK-235-45R18-98V-Winter-i-cept-ION-IW01-XL-Sound-Absorber-2024-r 1200w,https:\/\/a.allegroimg.com\/original\/11cff2\/e6baeb4f4282a06520e585dadcc0\/4x-HANKOOK-235-45R18-98V-Winter-i-cept-ION-IW01-XL-Sound-Absorber-2024-r 1200w\" sizes=\"(min-width: 1200px) 560px, (min-width: 992px) 50vw, 100vw\" width=\"1200px\" alt=\"4x HANKOOK 235\/45R18 98V Winter i*cept ION IW01 XL Sound Absorber 2024 r\"\/ style=\"max-width: 100%; height: auto; display: block; margin: 0 auto;\"><\/div>\n<\/div>\n<\/div>\n<\/div>\n<\/div>\n<div style=\"clear: both; display: block; margin: 10px 0;\">\n<div style=\"clear: both; display: block; margin: 10px 0;\">\n<h1>HANKOOK iON i*cept IW01 235\/45R18 98V XL FR T0 EVSound Absorber<\/h1>\n<h2>G0YG67<\/h2>\n<ul style=\"margin: 15px 0; padding-left: 20px; clear: both; display: block; width: 100%; float: none; position: static;\">\n<li style=\"margin: 5px 0; padding: 2px 0; clear: both; display: list-item; float: none; position: static;\"><b>Data produkcji :<\/b> 2024<\/li>\n<li style=\"margin: 5px 0; padding: 2px 0; clear: both; display: list-item; float: none; position: static;\"><b>Indeks :<\/b> 235\/45R18 ZOHA 98V IW01<\/li>\n<li style=\"margin: 5px 0; padding: 2px 0; clear: both; display: list-item; float: none; position: static;\"><b>Indeks no\u015bno\u015bci :<\/b> 98<\/li>\n<li style=\"margin: 5px 0; padding: 2px 0; clear: both; display: list-item; float: none; position: static;\"><b>Indeks pr\u0119dko\u015bci :<\/b> V &#8211; 240 km\/h<\/li>\n<li style=\"margin: 5px 0; padding: 2px 0; clear: both; display: list-item; float: none; position: static;\"><b>Karta informacyjna produktu :<\/b> https:\/\/eprel.ec.europa.eu\/qr\/1236726<\/li>\n<li style=\"margin: 5px 0; padding: 2px 0; clear: both; display: list-item; float: none; position: static;\"><b>Kl. efekt. paliwowej :<\/b> D<\/li>\n<li style=\"margin: 5px 0; padding: 2px 0; clear: both; display: list-item; float: none; position: static;\"><b>Kl. przycz. na mokrej naw. :<\/b> B<\/li>\n<li style=\"margin: 5px 0; padding: 2px 0; clear: both; display: list-item; float: none; position: static;\"><b>Kl. zew. ha\u0142asu tocz. :<\/b> A<\/li>\n<li style=\"margin: 5px 0; padding: 2px 0; clear: both; display: list-item; float: none; position: static;\"><b>Klasa opony :<\/b> \u015brednia<\/li>\n<li style=\"margin: 5px 0; padding: 2px 0; clear: both; display: list-item; float: none; position: static;\"><b>Kod EAN :<\/b> 8808563574400<\/li>\n<li style=\"margin: 5px 0; padding: 2px 0; clear: both; display: list-item; float: none; position: static;\"><b>Kod producenta :<\/b> 1031708<\/li>\n<li style=\"margin: 5px 0; padding: 2px 0; clear: both; display: list-item; float: none; position: static;\"><b>Model bie\u017cnika :<\/b> Winter i*cept ION IW01<\/li>\n<li style=\"margin: 5px 0; padding: 2px 0; clear: both; display: list-item; float: none; position: static;\"><b>Nazwa produktu :<\/b> HANKOOK 235\/45R18 98V Winter i*cept ION IW01 XL Sound Absorber zimowe<\/li>\n<li style=\"margin: 5px 0; padding: 2px 0; clear: both; display: list-item; float: none; position: static;\"><b>No\u015bno\u015b\u0107 opony :<\/b> XL<\/li>\n<li style=\"margin: 5px 0; padding: 2px 0; clear: both; display: list-item; float: none; position: static;\"><b>Producent :<\/b> HANKOOK<\/li>\n<li style=\"margin: 5px 0; padding: 2px 0; clear: both; display: list-item; float: none; position: static;\"><b>Profil :<\/b> 45<\/li>\n<li style=\"margin: 5px 0; padding: 2px 0; clear: both; display: list-item; float: none; position: static;\"><b>Przeznaczenie :<\/b> samochody osobowe\/SUV\/4&#215;4<\/li>\n<li style=\"margin: 5px 0; padding: 2px 0; clear: both; display: list-item; float: none; position: static;\"><b>Przyczepno\u015b\u0107 na lodzie :<\/b> Nie<\/li>\n<li style=\"margin: 5px 0; padding: 2px 0; clear: both; display: list-item; float: none; position: static;\"><b>Przyczepno\u015b\u0107 na \u015bniegu :<\/b> Tak<\/li>\n<li style=\"margin: 5px 0; padding: 2px 0; clear: both; display: list-item; float: none; position: static;\"><b>QR kod :<\/b> https:\/\/eprel.ec.europa.eu\/qr\/1236726<\/li>\n<li style=\"margin: 5px 0; padding: 2px 0; clear: both; display: list-item; float: none; position: static;\"><b>Sezon :<\/b> zimowa<\/li>\n<li style=\"margin: 5px 0; padding: 2px 0; clear: both; display: list-item; float: none; position: static;\"><b>\u015arednica :<\/b> 18&#8243;<\/li>\n<li style=\"margin: 5px 0; padding: 2px 0; clear: both; display: list-item; float: none; position: static;\"><b>Szeroko\u015b\u0107 :<\/b> 235<\/li>\n<li style=\"margin: 5px 0; padding: 2px 0; clear: both; display: list-item; float: none; position: static;\"><b>Wart. pom. i kl. zew. ha\u0142asu tocz. [dB] :<\/b> 69<\/li>\n<li style=\"margin: 5px 0; padding: 2px 0; clear: both; display: list-item; float: none; position: static;\"><b>zastosowana technologia :<\/b> opona z systemem redukcji ha\u0142asu Sound Absorber<\/li>\n<\/ul>\n<\/div>\n<\/div>\n<\/div>\n<div style=\"clear: both; display: block; margin: 10px 0;\">\n<div style=\"clear: both; display: block; margin: 10px 0;\">\n<div style=\"clear: both; display: block; margin: 10px 0;\">\n<p style=\"margin: 15px 0; line-height: 1.8; clear: both; display: block; width: 100%; float: none; position: static;\"> HANKOOK Winter i*cept ION IW01 &#8211; zimowa EVolucja opon <\/p>\n<p style=\"margin: 15px 0; line-height: 1.8; clear: both; display: block; width: 100%; float: none; position: static;\"> HANKOOK Winter i*cept ION IW01 to zimowa opona klasy medium, oferuj\u0105ca bezkompromisowe osi\u0105gi przy obni\u017conych oporach toczenia, dzi\u0119ki czemu jest ona doskona\u0142ym wyborem dla pojazd\u00f3w elektrycznych. <\/p>\n<p style=\"margin: 15px 0; line-height: 1.8; clear: both; display: block; width: 100%; float: none; position: static;\"> &#8222;EVolucyjna&#8221; mieszanka gumy bie\u017cnika na bazie wysoko skoncentrowanej krzemionki oraz zr\u00f3wnowa\u017conych materia\u0142\u00f3w przyjaznych \u015brodowisku, pozwala na topowe osi\u0105gi przy obni\u017conym oporze toczenia. Zmniejszony op\u00f3r nie wp\u0142ywa jednak na pogorszenie w\u0142a\u015bciwo\u015bci jezdnych pojazdu, pomaga za to zwi\u0119kszy\u0107 jego zasi\u0119g. <\/p>\n<p style=\"margin: 15px 0; line-height: 1.8; clear: both; display: block; width: 100%; float: none; position: static;\"> Za doskona\u0142\u0105 trakcj\u0119 na \u015bniegu odpowiada zoptymalizowana rze\u017aba bie\u017cnika. Zimowe lamelowanie, ustawione pod specjalnym k\u0105tem, wspieraj\u0105 stabilne hamowanie oraz pewne prowadzenie, r\u00f3wnie\u017c w sytuacjach, gdy nawierzchnia nie jest idealnie sucha i przyczepna. <\/p>\n<p style=\"margin: 15px 0; line-height: 1.8; clear: both; display: block; width: 100%; float: none; position: static;\"> R\u00f3\u017cnorodno\u015b\u0107 zastosowanego lamelowania &#8211; naci\u0119cia 2D w cz\u0119\u015bci centralnej i 3D na barkach opony &#8211; zapewnia bezpiecze\u0144stwo w ka\u017cdych warunkach ze wzgl\u0119du na lepsze dopasowanie do zmiennych warunk\u00f3w pogodowych. <\/p>\n<p style=\"margin: 15px 0; line-height: 1.8; clear: both; display: block; width: 100%; float: none; position: static;\"> Efektywny drena\u017c bie\u017cnika jest realizowany dzi\u0119ki &#8222;lamelom wodnym&#8221;, czyli specjalnym kanalikom, wkomponowanym w rze\u017ab\u0119. Lamele doskonale odprowadzaj\u0105 ciecz z ka\u017cdego zakamarka opony, dla nieprzerwanej przyczepno\u015bci i zapobiegania zjawisku aquaplaningu. <\/p>\n<p style=\"margin: 15px 0; line-height: 1.8; clear: both; display: block; width: 100%; float: none; position: static;\"> Model Winter i*cept ION IW01 zosta\u0142 wyposa\u017cony tak\u017ce w technologi\u0105 obni\u017cania ha\u0142asu &#8222;Hankook SoundAbsorberTM&#8221;. Specjalnie dobrana, naprzemienna sekwencja blok\u00f3w bie\u017cnika pozawala na skuteczne rozpraszanie ha\u0142asu drogowego, dzi\u0119ki czemu jazda staje si\u0119 cicha i du\u017co bardziej przyjemna. <\/p>\n<p style=\"margin: 15px 0; line-height: 1.8; clear: both; display: block; width: 100%; float: none; position: static;\"> HANKOOK Winter i*cept ION IW01 to nowy standard w oponach dedykowanych pojazdom o nap\u0119dach alternatywnych. R\u00f3\u017cnorodno\u015b\u0107 technologii, zastosowana w modelu, pozawala osi\u0105ga\u0107 jeszcze wi\u0119cej przy pe\u0142nym bezpiecze\u0144stwie jazdy i jeszcze d\u0142u\u017cszych przebiegach. <\/p>\n<\/div>\n<\/div>\n<div style=\"clear: both; display: block; margin: 10px 0;\">\n<div style=\"clear: both; display: block; margin: 10px 0;\">\n<div  style=\"max-width:886px;max-height:1299px\">\n<div style=\"clear: both; display: block; margin: 10px 0;\">\n<div style=\"clear: both; width: 100%; display: block; margin: 20px 0; padding: 0; float: none; position: static; text-align: center;\"><img decoding=\"async\"  src=\"https:\/\/a.allegroimg.com\/original\/11c1bd\/481b71414177a2f2af2a4e736019\/4x-HANKOOK-235-45R18-98V-Winter-i-cept-ION-IW01-XL-Sound-Absorber-2024-r-Srednica-18\" srcset=\"https:\/\/a.allegroimg.com\/original\/11c1bd\/481b71414177a2f2af2a4e736019\/4x-HANKOOK-235-45R18-98V-Winter-i-cept-ION-IW01-XL-Sound-Absorber-2024-r-Srednica-18 245w,https:\/\/a.allegroimg.com\/original\/11c1bd\/481b71414177a2f2af2a4e736019\/4x-HANKOOK-235-45R18-98V-Winter-i-cept-ION-IW01-XL-Sound-Absorber-2024-r-Srednica-18 491w,https:\/\/a.allegroimg.com\/original\/11c1bd\/481b71414177a2f2af2a4e736019\/4x-HANKOOK-235-45R18-98V-Winter-i-cept-ION-IW01-XL-Sound-Absorber-2024-r-Srednica-18 698w,https:\/\/a.allegroimg.com\/original\/11c1bd\/481b71414177a2f2af2a4e736019\/4x-HANKOOK-235-45R18-98V-Winter-i-cept-ION-IW01-XL-Sound-Absorber-2024-r-Srednica-18 886w,https:\/\/a.allegroimg.com\/original\/11c1bd\/481b71414177a2f2af2a4e736019\/4x-HANKOOK-235-45R18-98V-Winter-i-cept-ION-IW01-XL-Sound-Absorber-2024-r-Srednica-18 886w\" sizes=\"(min-width: 1200px) 560px, (min-width: 992px) 50vw, 100vw\" width=\"886px\" alt=\"4x HANKOOK 235\/45R18 98V Winter i*cept ION IW01 XL Sound Absorber 2024 r \u015arednica 18&quot;\"\/ style=\"max-width: 100%; height: auto; display: block; margin: 0 auto;\"><\/div>\n<\/div>\n<\/div>\n<\/div>\n<\/div>\n<\/div>\n<div style=\"clear: both; display: block; margin: 10px 0;\">\n<div style=\"clear: both; display: block; margin: 10px 0;\">\n<div style=\"clear: both; display: block; margin: 10px 0;\">\n<p style=\"margin: 15px 0; line-height: 1.8; clear: both; display: block; width: 100%; float: none; position: static;\">Wychodz\u0105c naprzeciw oczekiwaniom Klient\u00f3w i chc\u0105c spe\u0142nia\u0107 jak najwy\u017csze standardy obs\u0142ugi dok\u0142adamy wszelkich stara\u0144, aby podawa\u0107 precyzyjn\u0105 dat\u0119 produkcji opony (DOT). Niestety, w wyj\u0105tkowych przypadkach, mo\u017ce zdarzy\u0107 si\u0119, \u017ce opony, kt\u00f3re wy\u015blemy b\u0119d\u0105 mia\u0142y inn\u0105 dat\u0119 produkcji ni\u017c podana. Sytuacja mo\u017ce dotyczy\u0107 zar\u00f3wno opon z DOT-em wcze\u015bniejszym jak i p\u00f3\u017aniejszym. Chcieliby\u015bmy podkre\u015bli\u0107, \u017ce warunki przechowywania opon w naszych magazynach spe\u0142niaj\u0105 Polsk\u0105 Norm\u0119 PN-C-94300-7 dzi\u0119ki czemu nawet opona przechowywana 24 miesi\u0105ce ma parametry takie same jak opona z bie\u017c\u0105cego roku. Warto pami\u0119ta\u0107 tak\u017ce o fakcie, \u017ce w przypadku wielu rozmiar\u00f3w i producent\u00f3w plany produkcyjne fabryk uniemo\u017cliwiaj\u0105 zakup opony z bie\u017c\u0105cego roku.<\/p>\n<p style=\"margin: 15px 0; line-height: 1.8; clear: both; display: block; width: 100%; float: none; position: static;\">Przy zakupie opon pami\u0119taj o sprawdzeniu w instrukcji samochodu lub na w\u0142a\u015bciwej stronie internetowej, jakie ogumienie zaleca producent Twojego auta. \u0179le dobrane opony mog\u0105 negatywnie wp\u0142yn\u0105\u0107 na poziom Twojego bezpiecze\u0144stwa. Kupuj\u0105c opony zwr\u00f3\u0107 uwag\u0119 na rozmiar oraz indeksy no\u015bno\u015bci i pr\u0119dko\u015bci jakie homologowane s\u0105 do Twojego pojazdu.<\/p>\n<p style=\"margin: 15px 0; line-height: 1.8; clear: both; display: block; width: 100%; float: none; position: static;\">Zamieszczone zdj\u0119cia pe\u0142ni\u0105 funkcj\u0119 pogl\u0105dow\u0105. W zale\u017cno\u015bci od szeroko\u015bci opon, mog\u0105 wyst\u0119powa\u0107 niewielkie r\u00f3\u017cnice w wygl\u0105dzie bie\u017cnika (w obr\u0119bie jednego modelu) na przyk\u0142ad w ilo\u015bci rowk\u00f3w obwodowych lub rozmieszczeniu blok\u00f3w bie\u017cnika, co nie stanowi wady produktu.<\/p>\n<p style=\"margin: 15px 0; line-height: 1.8; clear: both; display: block; width: 100%; float: none; position: static;\">Je\u017celi otrzymane przez Ciebie opony nie spe\u0142niaj\u0105 Twoich oczekiwa\u0144 masz mo\u017cliwo\u015b\u0107 zwrotu lub wymiany nieu\u017cywanego (niemontowanego) ogumienia.<\/p>\n<\/div>\n<\/div>\n<\/div>\n<div style=\"clear: both; display: block; margin: 10px 0;\">\n<div style=\"clear: both; display: block; margin: 10px 0;\">\n<div style=\"clear: both; display: block; margin: 10px 0;\">\n<div  style=\"max-width:2242px;max-height:652px\">\n<div style=\"clear: both; display: block; margin: 10px 0;\">\n<div style=\"clear: both; width: 100%; display: block; margin: 20px 0; padding: 0; float: none; position: static; text-align: center;\"><img decoding=\"async\"  src=\"https:\/\/a.allegroimg.com\/original\/110d5a\/4273b47740119419602f7ab0adb2\/4x-HANKOOK-235-45R18-98V-Winter-i-cept-ION-IW01-XL-Sound-Absorber-2024-r-Waga-produktu-z-opakowaniem-jednostkowym-44-32-kg\" srcset=\"https:\/\/a.allegroimg.com\/original\/110d5a\/4273b47740119419602f7ab0adb2\/4x-HANKOOK-235-45R18-98V-Winter-i-cept-ION-IW01-XL-Sound-Absorber-2024-r-Waga-produktu-z-opakowaniem-jednostkowym-44-32-kg 360w,https:\/\/a.allegroimg.com\/original\/110d5a\/4273b47740119419602f7ab0adb2\/4x-HANKOOK-235-45R18-98V-Winter-i-cept-ION-IW01-XL-Sound-Absorber-2024-r-Waga-produktu-z-opakowaniem-jednostkowym-44-32-kg 720w,https:\/\/a.allegroimg.com\/original\/110d5a\/4273b47740119419602f7ab0adb2\/4x-HANKOOK-235-45R18-98V-Winter-i-cept-ION-IW01-XL-Sound-Absorber-2024-r-Waga-produktu-z-opakowaniem-jednostkowym-44-32-kg 1024w,https:\/\/a.allegroimg.com\/original\/110d5a\/4273b47740119419602f7ab0adb2\/4x-HANKOOK-235-45R18-98V-Winter-i-cept-ION-IW01-XL-Sound-Absorber-2024-r-Waga-produktu-z-opakowaniem-jednostkowym-44-32-kg 1440w,https:\/\/a.allegroimg.com\/original\/110d5a\/4273b47740119419602f7ab0adb2\/4x-HANKOOK-235-45R18-98V-Winter-i-cept-ION-IW01-XL-Sound-Absorber-2024-r-Waga-produktu-z-opakowaniem-jednostkowym-44-32-kg 2242w\" sizes=\"(min-width: 1200px) 560px, (min-width: 992px) 50vw, 100vw\" width=\"2242px\" alt=\"4x HANKOOK 235\/45R18 98V Winter i*cept ION IW01 XL Sound Absorber 2024 r Waga produktu z opakowaniem jednostkowym 44.32 kg\"\/ style=\"max-width: 100%; height: auto; display: block; margin: 0 auto;\"><\/div>\n<\/div>\n<\/div>\n<\/div>\n<\/div>\n<div style=\"clear: both; display: block; margin: 10px 0;\">\n<div style=\"clear: both; display: block; margin: 10px 0;\">\n<h1>Hankook<\/h1>\n<p style=\"margin: 15px 0; line-height: 1.8; clear: both; display: block; width: 100%; float: none; position: static;\">Za\u0142o\u017cona w 1941 roku po\u0142udniowokorea\u0144ska firma Hankook rozs\u0142awi\u0142a si\u0119 w \u015bwiecie dzi\u0119ki produkcji opon \u2013 niegdy\u015b diagonalnych, wsp\u00f3\u0142cze\u015bnie natomiast radialnych. D\u0142ugofalowa wizja, staranno\u015b\u0107 w projektowaniu, badaniu i wdra\u017caniu nowych produkt\u00f3w oraz konsekwentnie wprowadzana w \u017cycie strategia dynamicznego rozwoju sprawi\u0142y, \u017ce ta w\u0142a\u015bnie firma zajmuje si\u00f3dme miejsce na li\u015bcie najwi\u0119kszych \u015bwiatowych producent\u00f3w opon. Ju\u017c w 1981 roku otwarto ameryka\u0144sk\u0105 fili\u0119 Hankook, rok p\u00f3\u017aniej za\u015b produkcj\u0119 rozpocz\u0119\u0142a pierwsza fabryka ogumienia tej marki w USA. Obecnie w\u0142a\u015bciwo\u015bci jezdne i wytrzyma\u0142o\u015b\u0107 nowych modeli opon letnich i zimowych poddawane s\u0105 badaniom w korea\u0144skich i europejskich centrach testowych. O pozytywnych wynikach test\u00f3w mo\u017ce za\u015bwiadczy\u0107 fakt, \u017ce opony firmy Hankook zosta\u0142y przyj\u0119te jako pierwsze wyposa\u017cenie przez szereg wiod\u0105cych producent\u00f3w samochod\u00f3w \u2013 mi\u0119dzy innymi Ford, Toyota, Volkswagen i Hyundai. Chocia\u017c jednym z cel\u00f3w firmy jest utrzymywanie jak najni\u017cszych cen w po\u0142\u0105czeniu z jak najwy\u017csz\u0105 jako\u015bci\u0105 produktu, jej przych\u00f3d w trzecim kwartale 2011 roku wyni\u00f3s\u0142 prawie p\u00f3\u0142tora miliarda dolar\u00f3w, co dowodzi, \u017ce znaczne grono klient\u00f3w w ponad 180 krajach postanowi\u0142o zaufa\u0107 ogumieniu tej marki. Asortyment firmy Hankook jest bardzo szeroki \u2013 w katalogu dost\u0119pna jest mi\u0119dzy innymi rodzina opon Dynapro o agresywnym bie\u017cniku nadaj\u0105cym si\u0119 na wszystkie rodzaje nawierzchni, linia opon sportowych Ventus zapewniaj\u0105cych maksymaln\u0105 kontrol\u0119 i przyczepno\u015b\u0107 nawet przy wysokich pr\u0119dko\u015bciach, oraz e-cube, nowatorskie, oszcz\u0119dne, ekologiczne ogumienie dla ci\u0119\u017car\u00f3wek. Wysok\u0105 jako\u015bci\u0105 odznaczaj\u0105 si\u0119 tak\u017ce zimowe opony z serii i*cept<\/p>\n<\/div>\n<\/div>\n<\/div>\n<\/div>\n<\/div>\n<\/div>\n<div style=\"clear: both; display: block; margin: 10px 0;\">\n","protected":false},"excerpt":{"rendered":"<p>Rok produkcji: 2024<\/p>\n<p>HANKOOK iON i*cept IW01 235\/45R18 98V XL FR T0 EVSound Absorber<\/p>\n<p>G0YG67<\/p>\n<p>Data produkcji : 2024<\/p>\n<p>Indeks : 235\/45R18 ZOHA 98V IW01<\/p>\n<p>Indeks no\u015bno\u015bci : 98<\/p>\n<p>Indeks pr\u0119dko\u015bci : V &#8211; 240 km\/h<\/p>\n<p>Karta informacyjna produktu : https:\/\/eprel.ec.europa.eu\/qr\/1236726<\/p>\n","protected":false},"featured_media":11728,"template":"","meta":{"_uag_custom_page_level_css":""},"product_brand":[411],"product_cat":[414,413,412,415],"product_tag":[],"class_list":{"0":"post-11727","1":"product","2":"type-product","3":"status-publish","4":"has-post-thumbnail","6":"product_brand-hankook","7":"product_cat-do-samochodow-osobowych-i-suv","8":"product_cat-opony","9":"product_cat-opony-i-felgi","10":"product_cat-zimowe","12":"first","13":"instock","14":"shipping-taxable","15":"purchasable","16":"product-type-simple"},"uagb_featured_image_src":{"full":["https:\/\/oponixo.shop\/tire\/wp-content\/uploads\/2026\/01\/allegro-image-11727.jpg",1200,1126,false],"thumbnail":["https:\/\/oponixo.shop\/tire\/wp-content\/uploads\/2026\/01\/allegro-image-11727-150x150.jpg",150,150,true],"medium":["https:\/\/oponixo.shop\/tire\/wp-content\/uploads\/2026\/01\/allegro-image-11727-300x282.jpg",300,282,true],"medium_large":["https:\/\/oponixo.shop\/tire\/wp-content\/uploads\/2026\/01\/allegro-image-11727-768x721.jpg",768,721,true],"large":["https:\/\/oponixo.shop\/tire\/wp-content\/uploads\/2026\/01\/allegro-image-11727-1024x961.jpg",1024,961,true],"1536x1536":["https:\/\/oponixo.shop\/tire\/wp-content\/uploads\/2026\/01\/allegro-image-11727.jpg",1200,1126,false],"2048x2048":["https:\/\/oponixo.shop\/tire\/wp-content\/uploads\/2026\/01\/allegro-image-11727.jpg",1200,1126,false],"woocommerce_thumbnail":["https:\/\/oponixo.shop\/tire\/wp-content\/uploads\/2026\/01\/allegro-image-11727-300x300.jpg",300,300,true],"woocommerce_single":["https:\/\/oponixo.shop\/tire\/wp-content\/uploads\/2026\/01\/allegro-image-11727-600x563.jpg",600,563,true],"woocommerce_gallery_thumbnail":["https:\/\/oponixo.shop\/tire\/wp-content\/uploads\/2026\/01\/allegro-image-11727-100x100.jpg",100,100,true]},"uagb_author_info":{"display_name":"admin","author_link":"https:\/\/oponixo.shop\/tire\/author\/"},"uagb_comment_info":0,"uagb_excerpt":"Rok produkcji: 2024 HANKOOK iON i*cept IW01 235\/45R18 98V XL FR T0 EVSound Absorber G0YG67 Data produkcji : 2024 Indeks : 235\/45R18 ZOHA 98V IW01 Indeks no\u015bno\u015bci : 98 Indeks pr\u0119dko\u015bci : V - 240 km\/h Karta informacyjna produktu : https:\/\/eprel.ec.europa.eu\/qr\/1236726","_links":{"self":[{"href":"https:\/\/oponixo.shop\/tire\/wp-json\/wp\/v2\/product\/11727","targetHints":{"allow":["GET"]}}],"collection":[{"href":"https:\/\/oponixo.shop\/tire\/wp-json\/wp\/v2\/product"}],"about":[{"href":"https:\/\/oponixo.shop\/tire\/wp-json\/wp\/v2\/types\/product"}],"wp:featuredmedia":[{"embeddable":true,"href":"https:\/\/oponixo.shop\/tire\/wp-json\/wp\/v2\/media\/11728"}],"wp:attachment":[{"href":"https:\/\/oponixo.shop\/tire\/wp-json\/wp\/v2\/media?parent=11727"}],"wp:term":[{"taxonomy":"product_brand","embeddable":true,"href":"https:\/\/oponixo.shop\/tire\/wp-json\/wp\/v2\/product_brand?post=11727"},{"taxonomy":"product_cat","embeddable":true,"href":"https:\/\/oponixo.shop\/tire\/wp-json\/wp\/v2\/product_cat?post=11727"},{"taxonomy":"product_tag","embeddable":true,"href":"https:\/\/oponixo.shop\/tire\/wp-json\/wp\/v2\/product_tag?post=11727"}],"curies":[{"name":"wp","href":"https:\/\/api.w.org\/{rel}","templated":true}]}}