{"id":10986,"date":"2025-12-31T03:32:04","date_gmt":"2025-12-31T03:32:04","guid":{"rendered":"https:\/\/oponyexpert.shop\/xef5\/produkt\/2x-265-60r18-kormoran-suv-snow-114h-nowe-zima-2\/"},"modified":"2025-12-31T03:32:05","modified_gmt":"2025-12-31T03:32:05","slug":"2x-265-60r18-kormoran-suv-snow-114h-nowe-zima-2","status":"publish","type":"product","link":"https:\/\/oponexa.shop\/tire\/produkt\/2x-265-60r18-kormoran-suv-snow-114h-nowe-zima-2\/","title":{"rendered":"2x 265\/60R18 Kormoran SUV Snow 114H NOWE ZIMA"},"content":{"rendered":"<div style=\"font-family: Arial, sans-serif; line-height: 1.6; color: #333; padding: 20px; clear: both; display: block; width: 100%; float: none; position: static; overflow: hidden;\">\n<div style=\"clear: both; display: block; margin: 10px 0;\">\n<div style=\"clear: both; display: block; margin: 10px 0;\">\n<div style=\"clear: both; display: block; margin: 10px 0;\">\n<div  style=\"max-width:1140px;max-height:350px\">\n<div style=\"clear: both; display: block; margin: 10px 0;\">\n<div style=\"clear: both; width: 100%; display: block; margin: 20px 0; padding: 0; float: none; position: static; text-align: center;\"><img decoding=\"async\"  src=\"https:\/\/a.allegroimg.com\/original\/1142a5\/0caa6b3d41f7b8b5fe60a7431c75\/2x-265-60R18-Kormoran-SUV-Snow-114H-NOWE-ZIMA-Liczba-opon-w-ofercie-2-szt\" srcset=\"https:\/\/a.allegroimg.com\/original\/1142a5\/0caa6b3d41f7b8b5fe60a7431c75\/2x-265-60R18-Kormoran-SUV-Snow-114H-NOWE-ZIMA-Liczba-opon-w-ofercie-2-szt 360w,https:\/\/a.allegroimg.com\/original\/1142a5\/0caa6b3d41f7b8b5fe60a7431c75\/2x-265-60R18-Kormoran-SUV-Snow-114H-NOWE-ZIMA-Liczba-opon-w-ofercie-2-szt 720w,https:\/\/a.allegroimg.com\/original\/1142a5\/0caa6b3d41f7b8b5fe60a7431c75\/2x-265-60R18-Kormoran-SUV-Snow-114H-NOWE-ZIMA-Liczba-opon-w-ofercie-2-szt 1024w,https:\/\/a.allegroimg.com\/original\/1142a5\/0caa6b3d41f7b8b5fe60a7431c75\/2x-265-60R18-Kormoran-SUV-Snow-114H-NOWE-ZIMA-Liczba-opon-w-ofercie-2-szt 1140w,https:\/\/a.allegroimg.com\/original\/1142a5\/0caa6b3d41f7b8b5fe60a7431c75\/2x-265-60R18-Kormoran-SUV-Snow-114H-NOWE-ZIMA-Liczba-opon-w-ofercie-2-szt 1140w\" sizes=\"100vw\" width=\"1140px\" alt=\"2x 265\/60R18 Kormoran SUV Snow 114H NOWE ZIMA Liczba opon w ofercie 2 szt.\"\/ style=\"max-width: 100%; height: auto; display: block; margin: 0 auto;\"><\/div>\n<\/div>\n<\/div>\n<\/div>\n<\/div>\n<\/div>\n<div style=\"clear: both; display: block; margin: 10px 0;\">\n<div style=\"clear: both; display: block; margin: 10px 0;\">\n<div style=\"clear: both; display: block; margin: 10px 0;\">\n<div  style=\"max-width:656px;max-height:478px\">\n<div style=\"clear: both; display: block; margin: 10px 0;\">\n<div style=\"clear: both; width: 100%; display: block; margin: 20px 0; padding: 0; float: none; position: static; text-align: center;\"><img decoding=\"async\"  src=\"https:\/\/a.allegroimg.com\/original\/11c565\/7c527b4d42cda7b44b0f6011adf3\/2x-265-60R18-Kormoran-SUV-Snow-114H-NOWE-ZIMA\" srcset=\"https:\/\/a.allegroimg.com\/original\/11c565\/7c527b4d42cda7b44b0f6011adf3\/2x-265-60R18-Kormoran-SUV-Snow-114H-NOWE-ZIMA 360w,https:\/\/a.allegroimg.com\/original\/11c565\/7c527b4d42cda7b44b0f6011adf3\/2x-265-60R18-Kormoran-SUV-Snow-114H-NOWE-ZIMA 656w,https:\/\/a.allegroimg.com\/original\/11c565\/7c527b4d42cda7b44b0f6011adf3\/2x-265-60R18-Kormoran-SUV-Snow-114H-NOWE-ZIMA 656w\" sizes=\"(min-width: 1200px) 560px, (min-width: 992px) 50vw, 100vw\" width=\"656px\" alt=\"2x 265\/60R18 Kormoran SUV Snow 114H NOWE ZIMA\"\/ style=\"max-width: 100%; height: auto; display: block; margin: 0 auto;\"><\/div>\n<\/div>\n<\/div>\n<\/div>\n<\/div>\n<div style=\"clear: both; display: block; margin: 10px 0;\">\n<div style=\"clear: both; display: block; margin: 10px 0;\">\n<h3 style=\"color: #2c5aa0; font-size: 18px; margin: 30px 0 15px 0; font-weight: bold; clear: both; display: block; width: 100%; float: none; position: static;\">PARAMETRY OPON:<\/h3>\n<p style=\"margin: 15px 0; line-height: 1.8; clear: both; display: block; width: 100%; float: none; position: static;\">Producent: Kormoran<\/p>\n<p style=\"margin: 15px 0; line-height: 1.8; clear: both; display: block; width: 100%; float: none; position: static;\">Kod producenta: 036191<\/p>\n<p style=\"margin: 15px 0; line-height: 1.8; clear: both; display: block; width: 100%; float: none; position: static;\">EAN (GTIN): 3528700361919<\/p>\n<p style=\"margin: 15px 0; line-height: 1.8; clear: both; display: block; width: 100%; float: none; position: static;\">Rozmiar: 265\/60R18<\/p>\n<p style=\"margin: 15px 0; line-height: 1.8; clear: both; display: block; width: 100%; float: none; position: static;\">Model: SUV Snow<\/p>\n<p style=\"margin: 15px 0; line-height: 1.8; clear: both; display: block; width: 100%; float: none; position: static;\">Indeks no\u015bno\u015bci: 114 &#8211; 1180 kg<\/p>\n<p style=\"margin: 15px 0; line-height: 1.8; clear: both; display: block; width: 100%; float: none; position: static;\">Indeks pr\u0119dko\u015bci: H do 210 km\/h<\/p>\n<p style=\"margin: 15px 0; line-height: 1.8; clear: both; display: block; width: 100%; float: none; position: static;\">Homologacja:<\/p>\n<p style=\"margin: 15px 0; line-height: 1.8; clear: both; display: block; width: 100%; float: none; position: static;\">Rok produkcji: 2024<\/p>\n<\/div>\n<\/div>\n<\/div>\n<div style=\"clear: both; display: block; margin: 10px 0;\">\n<div style=\"clear: both; display: block; margin: 10px 0;\">\n<div style=\"clear: both; display: block; margin: 10px 0;\">\n<p style=\"margin: 15px 0; line-height: 1.8; clear: both; display: block; width: 100%; float: none; position: static;\">Kormoran SUV Snow &#8211; zimowa opona do SUV-\u00f3w na trudne warunki<\/p>\n<h3 style=\"color: #2c5aa0; font-size: 18px; margin: 30px 0 15px 0; font-weight: bold; clear: both; display: block; width: 100%; float: none; position: static;\">Kormoran SUV Snow to zimowa opona klasy ekonomicznej, stworzona z my\u015bl\u0105 o samochodach typu SUV. Dzi\u0119ki nowoczesnej mieszance i kierunkowej rze\u017abie bie\u017cnika model ten zapewnia pewno\u015b\u0107 prowadzenia i bezpiecze\u0144stwo na \u015bniegu, b\u0142ocie i lodzie.<\/h3>\n<p style=\"margin: 15px 0; line-height: 1.8; clear: both; display: block; width: 100%; float: none; position: static;\">Dlaczego warto wybra\u0107 Kormoran SUV Snow?<\/p>\n<ul style=\"margin: 15px 0; padding-left: 20px; clear: both; display: block; width: 100%; float: none; position: static;\">\n<li style=\"margin: 5px 0; padding: 2px 0; clear: both; display: list-item; float: none; position: static;\"><b>Efektywne odprowadzanie wody<\/b> &#8211; Szerokie naci\u0119cia i kierunkowy bie\u017cnik odprowadzaj\u0105 wod\u0119 i b\u0142oto po\u015bniegowe, zmniejszaj\u0105c ryzyko aquaplaningu.<\/li>\n<li style=\"margin: 5px 0; padding: 2px 0; clear: both; display: list-item; float: none; position: static;\"><b>Bezpieczna jazda na \u015bliskiej nawierzchni<\/b> &#8211; Rowki poprzeczne i mikro-\u017ceberka zwi\u0119kszaj\u0105 przyczepno\u015b\u0107 na oblodzonych drogach.<\/li>\n<li style=\"margin: 5px 0; padding: 2px 0; clear: both; display: list-item; float: none; position: static;\"><b>Mieszanka z dodatkiem krzemionki<\/b> &#8211; Zachowuje elastyczno\u015b\u0107 nawet w bardzo niskich temperaturach, poprawiaj\u0105c w\u0142a\u015bciwo\u015bci trakcyjne.<\/li>\n<li style=\"margin: 5px 0; padding: 2px 0; clear: both; display: list-item; float: none; position: static;\"><b>Ni\u017csze zu\u017cycie paliwa<\/b> &#8211; Konstrukcja opony zosta\u0142a zoptymalizowana pod k\u0105tem opor\u00f3w toczenia, co pomaga oszcz\u0119dza\u0107 paliwo.<\/li>\n<li style=\"margin: 5px 0; padding: 2px 0; clear: both; display: list-item; float: none; position: static;\"><b>R\u00f3wnomierne zu\u017cycie bie\u017cnika<\/b> &#8211; Doskona\u0142e przyleganie do nawierzchni przek\u0142ada si\u0119 na trwa\u0142o\u015b\u0107 i cichsz\u0105 prac\u0119 opony.<\/li>\n<\/ul>\n<h3 style=\"color: #2c5aa0; font-size: 18px; margin: 30px 0 15px 0; font-weight: bold; clear: both; display: block; width: 100%; float: none; position: static;\">Kormoran SUV Snow &#8211; niezawodna opona zimowa, kt\u00f3ra sprawdzi si\u0119 w ka\u017cdych warunkach drogowych.<\/h3>\n<\/div>\n<\/div>\n<\/div>\n<\/div>\n<\/div>\n<\/div>\n<div style=\"clear: both; display: block; margin: 10px 0;\">\n","protected":false},"excerpt":{"rendered":"<p>PARAMETRY OPON:<\/p>\n<p>Producent: Kormoran<\/p>\n<p>Kod producenta: 036191<\/p>\n<p>EAN (GTIN): 3528700361919<\/p>\n<p>Rozmiar: 265\/60R18<\/p>\n<p>Model: SUV Snow<\/p>\n<p>Indeks no\u015bno\u015bci: 114 &#8211; 1180 kg<\/p>\n<p>Indeks pr\u0119dko\u015bci: H do 210 km\/h<\/p>\n","protected":false},"featured_media":10988,"template":"","meta":{"_uag_custom_page_level_css":""},"product_brand":[382],"product_cat":[414,413,412,415],"product_tag":[],"class_list":{"0":"post-10986","1":"product","2":"type-product","3":"status-publish","4":"has-post-thumbnail","6":"product_brand-kormoran","7":"product_cat-do-samochodow-osobowych-i-suv","8":"product_cat-opony","9":"product_cat-opony-i-felgi","10":"product_cat-zimowe","12":"first","13":"instock","14":"sale","15":"shipping-taxable","16":"purchasable","17":"product-type-simple"},"uagb_featured_image_src":{"full":["https:\/\/oponexa.shop\/tire\/wp-content\/uploads\/2025\/12\/allegro-image-10986.jpg",656,478,false],"thumbnail":["https:\/\/oponexa.shop\/tire\/wp-content\/uploads\/2025\/12\/allegro-image-10986-150x150.jpg",150,150,true],"medium":["https:\/\/oponexa.shop\/tire\/wp-content\/uploads\/2025\/12\/allegro-image-10986-300x219.jpg",300,219,true],"medium_large":["https:\/\/oponexa.shop\/tire\/wp-content\/uploads\/2025\/12\/allegro-image-10986.jpg",656,478,false],"large":["https:\/\/oponexa.shop\/tire\/wp-content\/uploads\/2025\/12\/allegro-image-10986.jpg",656,478,false],"1536x1536":["https:\/\/oponexa.shop\/tire\/wp-content\/uploads\/2025\/12\/allegro-image-10986.jpg",656,478,false],"2048x2048":["https:\/\/oponexa.shop\/tire\/wp-content\/uploads\/2025\/12\/allegro-image-10986.jpg",656,478,false],"woocommerce_thumbnail":["https:\/\/oponexa.shop\/tire\/wp-content\/uploads\/2025\/12\/allegro-image-10986-300x300.jpg",300,300,true],"woocommerce_single":["https:\/\/oponexa.shop\/tire\/wp-content\/uploads\/2025\/12\/allegro-image-10986-600x437.jpg",600,437,true],"woocommerce_gallery_thumbnail":["https:\/\/oponexa.shop\/tire\/wp-content\/uploads\/2025\/12\/allegro-image-10986-100x100.jpg",100,100,true]},"uagb_author_info":{"display_name":"admin","author_link":"https:\/\/oponexa.shop\/tire\/author\/"},"uagb_comment_info":0,"uagb_excerpt":"PARAMETRY OPON: Producent: Kormoran Kod producenta: 036191 EAN (GTIN): 3528700361919 Rozmiar: 265\/60R18 Model: SUV Snow Indeks no\u015bno\u015bci: 114 - 1180 kg Indeks pr\u0119dko\u015bci: H do 210 km\/h","_links":{"self":[{"href":"https:\/\/oponexa.shop\/tire\/wp-json\/wp\/v2\/product\/10986","targetHints":{"allow":["GET"]}}],"collection":[{"href":"https:\/\/oponexa.shop\/tire\/wp-json\/wp\/v2\/product"}],"about":[{"href":"https:\/\/oponexa.shop\/tire\/wp-json\/wp\/v2\/types\/product"}],"wp:featuredmedia":[{"embeddable":true,"href":"https:\/\/oponexa.shop\/tire\/wp-json\/wp\/v2\/media\/10988"}],"wp:attachment":[{"href":"https:\/\/oponexa.shop\/tire\/wp-json\/wp\/v2\/media?parent=10986"}],"wp:term":[{"taxonomy":"product_brand","embeddable":true,"href":"https:\/\/oponexa.shop\/tire\/wp-json\/wp\/v2\/product_brand?post=10986"},{"taxonomy":"product_cat","embeddable":true,"href":"https:\/\/oponexa.shop\/tire\/wp-json\/wp\/v2\/product_cat?post=10986"},{"taxonomy":"product_tag","embeddable":true,"href":"https:\/\/oponexa.shop\/tire\/wp-json\/wp\/v2\/product_tag?post=10986"}],"curies":[{"name":"wp","href":"https:\/\/api.w.org\/{rel}","templated":true}]}}