{"id":10796,"date":"2025-12-31T03:31:32","date_gmt":"2025-12-31T03:31:32","guid":{"rendered":"https:\/\/oponyexpert.shop\/xef5\/produkt\/2-x-vredestein-wintrac-pro-245-50r20-105-v-xl-fr-3pmsf-opona-zimowa\/"},"modified":"2025-12-31T03:31:33","modified_gmt":"2025-12-31T03:31:33","slug":"2-x-vredestein-wintrac-pro-245-50r20-105-v-xl-fr-3pmsf-opona-zimowa","status":"publish","type":"product","link":"https:\/\/oponexa.shop\/tire\/produkt\/2-x-vredestein-wintrac-pro-245-50r20-105-v-xl-fr-3pmsf-opona-zimowa\/","title":{"rendered":"2 x Vredestein Wintrac Pro+ 245\/50R20 105 V XL FR 3PMSF opona zimowa"},"content":{"rendered":"<div style=\"font-family: Arial, sans-serif; line-height: 1.6; color: #333; padding: 20px; clear: both; display: block; width: 100%; float: none; position: static; overflow: hidden;\">\n<div style=\"clear: both; display: block; margin: 10px 0;\">\n<div style=\"clear: both; display: block; margin: 10px 0;\">\n<div style=\"clear: both; display: block; margin: 10px 0;\">\n<div  style=\"max-width:291px;max-height:500px\">\n<div style=\"clear: both; display: block; margin: 10px 0;\">\n<div style=\"clear: both; width: 100%; display: block; margin: 20px 0; padding: 0; float: none; position: static; text-align: center;\"><img decoding=\"async\"  src=\"https:\/\/a.allegroimg.com\/original\/114b6c\/0d2606044906a99691b72882e022\/2-x-Vredestein-Wintrac-Pro-245-50R20-105-V-XL-FR-3PMSF-opona-zimowa\" srcset=\"https:\/\/a.allegroimg.com\/original\/114b6c\/0d2606044906a99691b72882e022\/2-x-Vredestein-Wintrac-Pro-245-50R20-105-V-XL-FR-3PMSF-opona-zimowa 209w,https:\/\/a.allegroimg.com\/original\/114b6c\/0d2606044906a99691b72882e022\/2-x-Vredestein-Wintrac-Pro-245-50R20-105-V-XL-FR-3PMSF-opona-zimowa 291w,https:\/\/a.allegroimg.com\/original\/114b6c\/0d2606044906a99691b72882e022\/2-x-Vredestein-Wintrac-Pro-245-50R20-105-V-XL-FR-3PMSF-opona-zimowa 291w\" sizes=\"(min-width: 1200px) 560px, (min-width: 992px) 50vw, 100vw\" width=\"291px\" alt=\"2 x Vredestein Wintrac Pro+ 245\/50R20 105 V XL FR 3PMSF opona zimowa\"\/ style=\"max-width: 100%; height: auto; display: block; margin: 0 auto;\"><\/div>\n<\/div>\n<\/div>\n<\/div>\n<\/div>\n<div style=\"clear: both; display: block; margin: 10px 0;\">\n<div style=\"clear: both; display: block; margin: 10px 0;\">\n<h2>Vredestein Wintrac Pro+ 245\/50R20 105 V XL FR 3PMSF<\/h2>\n<p style=\"margin: 15px 0; line-height: 1.8; clear: both; display: block; width: 100%; float: none; position: static;\">Producent: Vredestein<\/p>\n<p style=\"margin: 15px 0; line-height: 1.8; clear: both; display: block; width: 100%; float: none; position: static;\">Model: Wintrac Pro+<\/p>\n<p style=\"margin: 15px 0; line-height: 1.8; clear: both; display: block; width: 100%; float: none; position: static;\">Sezon: zimowe<\/p>\n<p style=\"margin: 15px 0; line-height: 1.8; clear: both; display: block; width: 100%; float: none; position: static;\">Rozmiar: 245\/50R20<\/p>\n<p style=\"margin: 15px 0; line-height: 1.8; clear: both; display: block; width: 100%; float: none; position: static;\">Data produkcji: 2025<\/p>\n<p style=\"margin: 15px 0; line-height: 1.8; clear: both; display: block; width: 100%; float: none; position: static;\">Zu\u017cycie paliwa: klasa C<\/p>\n<p style=\"margin: 15px 0; line-height: 1.8; clear: both; display: block; width: 100%; float: none; position: static;\">Przyczepno\u015b\u0107 na mokrym: klasa B<\/p>\n<p style=\"margin: 15px 0; line-height: 1.8; clear: both; display: block; width: 100%; float: none; position: static;\">Poziom ha\u0142asu: 70 dB<\/p>\n<\/div>\n<\/div>\n<\/div>\n<div style=\"clear: both; display: block; margin: 10px 0;\">\n<div style=\"clear: both; display: block; margin: 10px 0;\">\n<div style=\"clear: both; display: block; margin: 10px 0;\">\n<div  style=\"max-width:760px;max-height:580px\">\n<div style=\"clear: both; display: block; margin: 10px 0;\">\n<div style=\"clear: both; width: 100%; display: block; margin: 20px 0; padding: 0; float: none; position: static; text-align: center;\"><img decoding=\"async\"  src=\"https:\/\/a.allegroimg.com\/original\/114b19\/8c9b0f13483ba52cdba659460218\/2-x-Vredestein-Wintrac-Pro-245-50R20-105-V-XL-FR-3PMSF-opona-zimowa-Liczba-opon-w-ofercie-2-szt\" srcset=\"https:\/\/a.allegroimg.com\/original\/114b19\/8c9b0f13483ba52cdba659460218\/2-x-Vredestein-Wintrac-Pro-245-50R20-105-V-XL-FR-3PMSF-opona-zimowa-Liczba-opon-w-ofercie-2-szt 360w,https:\/\/a.allegroimg.com\/original\/114b19\/8c9b0f13483ba52cdba659460218\/2-x-Vredestein-Wintrac-Pro-245-50R20-105-V-XL-FR-3PMSF-opona-zimowa-Liczba-opon-w-ofercie-2-szt 720w,https:\/\/a.allegroimg.com\/original\/114b19\/8c9b0f13483ba52cdba659460218\/2-x-Vredestein-Wintrac-Pro-245-50R20-105-V-XL-FR-3PMSF-opona-zimowa-Liczba-opon-w-ofercie-2-szt 760w,https:\/\/a.allegroimg.com\/original\/114b19\/8c9b0f13483ba52cdba659460218\/2-x-Vredestein-Wintrac-Pro-245-50R20-105-V-XL-FR-3PMSF-opona-zimowa-Liczba-opon-w-ofercie-2-szt 760w\" sizes=\"(min-width: 1200px) 560px, (min-width: 992px) 50vw, 100vw\" width=\"760px\" alt=\"2 x Vredestein Wintrac Pro+ 245\/50R20 105 V XL FR 3PMSF opona zimowa Liczba opon w ofercie 2 szt.\"\/ style=\"max-width: 100%; height: auto; display: block; margin: 0 auto;\"><\/div>\n<\/div>\n<\/div>\n<\/div>\n<\/div>\n<div style=\"clear: both; display: block; margin: 10px 0;\">\n<div style=\"clear: both; display: block; margin: 10px 0;\">\n<h1>Vredestein Wintrac Pro+ \u2013 zimowa precyzja klasy premium<\/h1>\n<p style=\"margin: 15px 0; line-height: 1.8; clear: both; display: block; width: 100%; float: none; position: static;\">Vredestein Wintrac Pro+ to opona zimowa klasy UHP (Ultra High Performance), stworzona specjalnie dla kierowc\u00f3w samochod\u00f3w o wysokich osi\u0105gach i nowoczesnych SUV-\u00f3w. Zoptymalizowana konstrukcja bie\u017cnika oraz nowa mieszanka z wysok\u0105 zawarto\u015bci\u0105 krzemionki i \u017cywic zapewniaj\u0105 doskona\u0142\u0105 przyczepno\u015b\u0107 na \u015bniegu oraz kr\u00f3tk\u0105 drog\u0119 hamowania nawet przy wy\u017cszych pr\u0119dko\u015bciach. W por\u00f3wnaniu z poprzedni\u0105 generacj\u0105 Wintrac Pro, model Pro+ oferuje o 20% lepsz\u0105 trakcj\u0119 na \u015bniegu, o 4% lepsze hamowanie i o 5% lepsze prowadzenie, co potwierdzaj\u0105 wewn\u0119trzne testy producenta.<\/p>\n<\/div>\n<\/div>\n<\/div>\n<div style=\"clear: both; display: block; margin: 10px 0;\">\n<div style=\"clear: both; display: block; margin: 10px 0;\">\n<div style=\"clear: both; display: block; margin: 10px 0;\">\n<div  style=\"max-width:760px;max-height:582px\">\n<div style=\"clear: both; display: block; margin: 10px 0;\">\n<div style=\"clear: both; width: 100%; display: block; margin: 20px 0; padding: 0; float: none; position: static; text-align: center;\"><img decoding=\"async\"  src=\"https:\/\/a.allegroimg.com\/original\/11ca7b\/514df9014536b708ea663b2a5dbe\/2-x-Vredestein-Wintrac-Pro-245-50R20-105-V-XL-FR-3PMSF-opona-zimowa-Rok-produkcji-2025\" srcset=\"https:\/\/a.allegroimg.com\/original\/11ca7b\/514df9014536b708ea663b2a5dbe\/2-x-Vredestein-Wintrac-Pro-245-50R20-105-V-XL-FR-3PMSF-opona-zimowa-Rok-produkcji-2025 360w,https:\/\/a.allegroimg.com\/original\/11ca7b\/514df9014536b708ea663b2a5dbe\/2-x-Vredestein-Wintrac-Pro-245-50R20-105-V-XL-FR-3PMSF-opona-zimowa-Rok-produkcji-2025 720w,https:\/\/a.allegroimg.com\/original\/11ca7b\/514df9014536b708ea663b2a5dbe\/2-x-Vredestein-Wintrac-Pro-245-50R20-105-V-XL-FR-3PMSF-opona-zimowa-Rok-produkcji-2025 760w,https:\/\/a.allegroimg.com\/original\/11ca7b\/514df9014536b708ea663b2a5dbe\/2-x-Vredestein-Wintrac-Pro-245-50R20-105-V-XL-FR-3PMSF-opona-zimowa-Rok-produkcji-2025 760w\" sizes=\"(min-width: 1200px) 560px, (min-width: 992px) 50vw, 100vw\" width=\"760px\" alt=\"2 x Vredestein Wintrac Pro+ 245\/50R20 105 V XL FR 3PMSF opona zimowa Rok produkcji 2025\"\/ style=\"max-width: 100%; height: auto; display: block; margin: 0 auto;\"><\/div>\n<\/div>\n<\/div>\n<\/div>\n<\/div>\n<div style=\"clear: both; display: block; margin: 10px 0;\">\n<div style=\"clear: both; display: block; margin: 10px 0;\">\n<h1>\n","protected":false},"excerpt":{"rendered":"<p>Vredestein Wintrac Pro+ 245\/50R20 105 V XL FR 3PMSF<\/p>\n<p>Producent: Vredestein<\/p>\n<p>Model: Wintrac Pro+<\/p>\n<p>Sezon: zimowe<\/p>\n<p>Rozmiar: 245\/50R20<\/p>\n<p>Data produkcji: 2025<\/p>\n<p>Zu\u017cycie paliwa: klasa C<\/p>\n<p>Przyczepno\u015b\u0107 na mokrym: klasa B<\/p>\n","protected":false},"featured_media":10799,"template":"","meta":{"_uag_custom_page_level_css":""},"product_brand":[436],"product_cat":[414,413,412,415],"product_tag":[],"class_list":{"0":"post-10796","1":"product","2":"type-product","3":"status-publish","4":"has-post-thumbnail","6":"product_brand-vredestein","7":"product_cat-do-samochodow-osobowych-i-suv","8":"product_cat-opony","9":"product_cat-opony-i-felgi","10":"product_cat-zimowe","12":"first","13":"instock","14":"sale","15":"shipping-taxable","16":"purchasable","17":"product-type-simple"},"uagb_featured_image_src":{"full":["https:\/\/oponexa.shop\/tire\/wp-content\/uploads\/2025\/12\/allegro-image-10796.jpg",291,500,false],"thumbnail":["https:\/\/oponexa.shop\/tire\/wp-content\/uploads\/2025\/12\/allegro-image-10796-150x150.jpg",150,150,true],"medium":["https:\/\/oponexa.shop\/tire\/wp-content\/uploads\/2025\/12\/allegro-image-10796-175x300.jpg",175,300,true],"medium_large":["https:\/\/oponexa.shop\/tire\/wp-content\/uploads\/2025\/12\/allegro-image-10796.jpg",291,500,false],"large":["https:\/\/oponexa.shop\/tire\/wp-content\/uploads\/2025\/12\/allegro-image-10796.jpg",291,500,false],"1536x1536":["https:\/\/oponexa.shop\/tire\/wp-content\/uploads\/2025\/12\/allegro-image-10796.jpg",291,500,false],"2048x2048":["https:\/\/oponexa.shop\/tire\/wp-content\/uploads\/2025\/12\/allegro-image-10796.jpg",291,500,false],"woocommerce_thumbnail":["https:\/\/oponexa.shop\/tire\/wp-content\/uploads\/2025\/12\/allegro-image-10796-291x300.jpg",291,300,true],"woocommerce_single":["https:\/\/oponexa.shop\/tire\/wp-content\/uploads\/2025\/12\/allegro-image-10796.jpg",291,500,false],"woocommerce_gallery_thumbnail":["https:\/\/oponexa.shop\/tire\/wp-content\/uploads\/2025\/12\/allegro-image-10796-100x100.jpg",100,100,true]},"uagb_author_info":{"display_name":"admin","author_link":"https:\/\/oponexa.shop\/tire\/author\/"},"uagb_comment_info":0,"uagb_excerpt":"Vredestein Wintrac Pro+ 245\/50R20 105 V XL FR 3PMSF Producent: Vredestein Model: Wintrac Pro+ Sezon: zimowe Rozmiar: 245\/50R20 Data produkcji: 2025 Zu\u017cycie paliwa: klasa C Przyczepno\u015b\u0107 na mokrym: klasa B","_links":{"self":[{"href":"https:\/\/oponexa.shop\/tire\/wp-json\/wp\/v2\/product\/10796","targetHints":{"allow":["GET"]}}],"collection":[{"href":"https:\/\/oponexa.shop\/tire\/wp-json\/wp\/v2\/product"}],"about":[{"href":"https:\/\/oponexa.shop\/tire\/wp-json\/wp\/v2\/types\/product"}],"wp:featuredmedia":[{"embeddable":true,"href":"https:\/\/oponexa.shop\/tire\/wp-json\/wp\/v2\/media\/10799"}],"wp:attachment":[{"href":"https:\/\/oponexa.shop\/tire\/wp-json\/wp\/v2\/media?parent=10796"}],"wp:term":[{"taxonomy":"product_brand","embeddable":true,"href":"https:\/\/oponexa.shop\/tire\/wp-json\/wp\/v2\/product_brand?post=10796"},{"taxonomy":"product_cat","embeddable":true,"href":"https:\/\/oponexa.shop\/tire\/wp-json\/wp\/v2\/product_cat?post=10796"},{"taxonomy":"product_tag","embeddable":true,"href":"https:\/\/oponexa.shop\/tire\/wp-json\/wp\/v2\/product_tag?post=10796"}],"curies":[{"name":"wp","href":"https:\/\/api.w.org\/{rel}","templated":true}]}}