{"id":10409,"date":"2025-12-31T03:30:09","date_gmt":"2025-12-31T03:30:09","guid":{"rendered":"https:\/\/oponyexpert.shop\/xef5\/produkt\/2x-nokian-snowproof-1-255-45r18-103v-xl\/"},"modified":"2025-12-31T03:30:10","modified_gmt":"2025-12-31T03:30:10","slug":"2x-nokian-snowproof-1-255-45r18-103v-xl","status":"publish","type":"product","link":"https:\/\/oponixo.shop\/tire\/produkt\/2x-nokian-snowproof-1-255-45r18-103v-xl\/","title":{"rendered":"2x Nokian Snowproof 1 255\/45R18 103V XL"},"content":{"rendered":"<div style=\"font-family: Arial, sans-serif; line-height: 1.6; color: #333; padding: 20px; clear: both; display: block; width: 100%; float: none; position: static; overflow: hidden;\">\n<div style=\"clear: both; display: block; margin: 10px 0;\">\n<div style=\"clear: both; display: block; margin: 10px 0;\">\n<div style=\"clear: both; display: block; margin: 10px 0;\">\n<h1>Nokian Snowproof 1 <\/h1>\n<h1>255\/45 R18 103V do 240 km\/h<\/h1>\n<h2>Kod produktu: 6921109066664<\/h2>\n<p style=\"margin: 15px 0; line-height: 1.8; clear: both; display: block; width: 100%; float: none; position: static;\">Nokian Snowproof 1 jest godna zaufania w ka\u017cdych warunkach codziennej jazdy. Zapewniaj\u0105c niezawodn\u0105 przyczepno\u015b\u0107 na \u015bniegu i b\u0142ocie po\u015bniegowym, unowocze\u015bniona koncepcja Alpine Sense Grip radzi sobie ze wszystkimi wyzwaniami zimowej pogody, oferuj\u0105c bezpieczn\u0105 i przewidywaln\u0105 jazd\u0119. Unowocze\u015bniony, przypominaj\u0105cy strza\u0142k\u0119 wz\u00f3r bie\u017cnika skutecznie usuwa \u015bnieg i b\u0142oto po\u015bniegowe z przestrzeni mi\u0119dzy opon\u0105 a drog\u0105. Mieszanka gumowa Alpine Grip zosta\u0142a jeszcze bardziej dopracowana, aby zapewni\u0107 lepsze wra\u017cenia z jazdy na mokrej nawierzchni. G\u0119ste lamelki na bie\u017cniku zapewniaj\u0105 doskona\u0142\u0105 przyczepno\u015b\u0107 poprzeczn\u0105 i wzd\u0142u\u017cn\u0105 nawet w g\u0142\u0119bokim \u015bniegu. Sztywne bloki barkowe maj\u0105 ci\u0119\u017ckie lamele zapewniaj\u0105ce trakcj\u0119, poprawiaj\u0105ce przyczepno\u015b\u0107 na \u015bniegu i prowadzenie podczas pokonywania zakr\u0119t\u00f3w. W rejonie \u015brodkowym opony dominuje mocne, jednolite \u017cebro, kt\u00f3re mo\u017cna odczu\u0107 jako doskona\u0142\u0105 reakcj\u0119 uk\u0142adu kierowniczego i stabilno\u015b\u0107. Bloki bie\u017cnika z ci\u0119\u017ckim zygzakowatym wzorem sipe \u0142\u0105cz\u0105 si\u0119 z wytrzyma\u0142ym \u017cebrem po obu stronach w kszta\u0142cie rosn\u0105cego drzewa. Ostre zygzakowate kraw\u0119dzie otwieraj\u0105 si\u0119 i zamykaj\u0105 podczas hamowania i przyspieszania, aby poprawi\u0107 przyczepno\u015b\u0107. Wielowymiarowe pazury Snow Claws pomi\u0119dzy blokami bie\u017cnika i w strefach barkowych zapewniaj\u0105 zr\u00f3wnowa\u017con\u0105 przyczepno\u015b\u0107 na lodzie i \u015bniegu, zw\u0142aszcza podczas hamowania i przyspieszania. Brake Boosters na blokach bie\u017cnika robi\u0105 swoje, aby poprawi\u0107 doskona\u0142\u0105 przyczepno\u015b\u0107 podczas hamowania<\/p>\n<h2>Zakupione na tej aukcji opony mo\u017cesz odebra\u0107 i wymieni\u0107 w jednym z naszych serwis\u00f3w: MOTOHURT MARKI &#8211; MOTOHURT WOLA &#8211; MOTOHURT MOKOT\u00d3W<\/h2>\n<\/div>\n<\/div>\n<div style=\"clear: both; display: block; margin: 10px 0;\">\n<div style=\"clear: both; display: block; margin: 10px 0;\">\n<div  style=\"max-width:750px;max-height:1024px\">\n<div style=\"clear: both; display: block; margin: 10px 0;\">\n<div style=\"clear: both; width: 100%; display: block; margin: 20px 0; padding: 0; float: none; position: static; text-align: center;\"><img decoding=\"async\"  src=\"https:\/\/a.allegroimg.com\/original\/1157c0\/bb1c0f4c4352bc3e45691369ff76\/2x-Nokian-Snowproof-1-255-45R18-103V-XL\" srcset=\"https:\/\/a.allegroimg.com\/original\/1157c0\/bb1c0f4c4352bc3e45691369ff76\/2x-Nokian-Snowproof-1-255-45R18-103V-XL 263w,https:\/\/a.allegroimg.com\/original\/1157c0\/bb1c0f4c4352bc3e45691369ff76\/2x-Nokian-Snowproof-1-255-45R18-103V-XL 527w,https:\/\/a.allegroimg.com\/original\/1157c0\/bb1c0f4c4352bc3e45691369ff76\/2x-Nokian-Snowproof-1-255-45R18-103V-XL 750w,https:\/\/a.allegroimg.com\/original\/1157c0\/bb1c0f4c4352bc3e45691369ff76\/2x-Nokian-Snowproof-1-255-45R18-103V-XL 750w\" sizes=\"(min-width: 1200px) 560px, (min-width: 992px) 50vw, 100vw\" width=\"750px\" alt=\"2x Nokian Snowproof 1 255\/45R18 103V XL\"\/ style=\"max-width: 100%; height: auto; display: block; margin: 0 auto;\"><\/div>\n<\/div>\n<\/div>\n<\/div>\n<\/div>\n<\/div>\n<div style=\"clear: both; display: block; margin: 10px 0;\">\n<div style=\"clear: both; display: block; margin: 10px 0;\">\n<div style=\"clear: both; display: block; margin: 10px 0;\">\n<div  style=\"max-width:212px;max-height:305px\">\n<div style=\"clear: both; display: block; margin: 10px 0;\">\n<div style=\"clear: both; width: 100%; display: block; margin: 20px 0; padding: 0; float: none; position: static; text-align: center;\"><img decoding=\"async\"  src=\"https:\/\/a.allegroimg.com\/original\/110193\/c765c29549959c50be9991e0e50e\/2x-Nokian-Snowproof-1-255-45R18-103V-XL-Liczba-opon-w-ofercie-2-szt\" srcset=\"https:\/\/a.allegroimg.com\/original\/110193\/c765c29549959c50be9991e0e50e\/2x-Nokian-Snowproof-1-255-45R18-103V-XL-Liczba-opon-w-ofercie-2-szt 212w,https:\/\/a.allegroimg.com\/original\/110193\/c765c29549959c50be9991e0e50e\/2x-Nokian-Snowproof-1-255-45R18-103V-XL-Liczba-opon-w-ofercie-2-szt 212w\" sizes=\"(min-width: 1200px) 560px, (min-width: 992px) 50vw, 100vw\" width=\"212px\" alt=\"2x Nokian Snowproof 1 255\/45R18 103V XL Liczba opon w ofercie 2 szt.\"\/ style=\"max-width: 100%; height: auto; display: block; margin: 0 auto;\"><\/div>\n<\/div>\n<\/div>\n<\/div>\n<\/div>\n<div style=\"clear: both; display: block; margin: 10px 0;\">\n<div style=\"clear: both; display: block; margin: 10px 0;\">\n<h2>Marka: Nokian<\/h2>\n<h2>Liczba opon w ofercie: 2<\/h2>\n<h2>Rok produkcji: 2024<\/h2>\n<h2>Szeroko\u015b\u0107 opony: 255 mm<\/h2>\n<h2>Profil opony: 45<\/h2>\n<h2>\u015arednica: 18<\/h2>\n<h2>Indeks no\u015bno\u015bci: 103<\/h2>\n<h2>Indeks pr\u0119dko\u015bci: V do 240 km\/h<\/h2>\n<h2>Op\u00f3r toczenia: Klasa C<\/h2>\n<h2>Przyczepno\u015b\u0107 na mokrej nawierzchni: Klasa B<\/h2>\n<h2>Ha\u0142as zewn\u0119trzny: 71 dB<\/h2>\n<h2>Kod producenta: T432980<\/h2>\n<h2>Sezon: Zimowe<\/h2>\n<\/div>\n<\/div>\n<\/div>\n<\/div>\n<\/div>\n<\/div>\n<div style=\"clear: both; display: block; margin: 10px 0;\">\n","protected":false},"excerpt":{"rendered":"<p>Nokian Snowproof 1<\/p>\n<p>255\/45 R18 103V do 240 km\/h<\/p>\n<p>Kod produktu: 6921109066664<\/p>\n","protected":false},"featured_media":10410,"template":"","meta":{"_uag_custom_page_level_css":""},"product_brand":[387],"product_cat":[414,413,412,415],"product_tag":[],"class_list":{"0":"post-10409","1":"product","2":"type-product","3":"status-publish","4":"has-post-thumbnail","6":"product_brand-nokian-tyres","7":"product_cat-do-samochodow-osobowych-i-suv","8":"product_cat-opony","9":"product_cat-opony-i-felgi","10":"product_cat-zimowe","12":"first","13":"instock","14":"sale","15":"shipping-taxable","16":"purchasable","17":"product-type-simple"},"uagb_featured_image_src":{"full":["https:\/\/oponixo.shop\/tire\/wp-content\/uploads\/2025\/12\/allegro-image-10409.jpg",750,1024,false],"thumbnail":["https:\/\/oponixo.shop\/tire\/wp-content\/uploads\/2025\/12\/allegro-image-10409-150x150.jpg",150,150,true],"medium":["https:\/\/oponixo.shop\/tire\/wp-content\/uploads\/2025\/12\/allegro-image-10409-220x300.jpg",220,300,true],"medium_large":["https:\/\/oponixo.shop\/tire\/wp-content\/uploads\/2025\/12\/allegro-image-10409.jpg",750,1024,false],"large":["https:\/\/oponixo.shop\/tire\/wp-content\/uploads\/2025\/12\/allegro-image-10409.jpg",750,1024,false],"1536x1536":["https:\/\/oponixo.shop\/tire\/wp-content\/uploads\/2025\/12\/allegro-image-10409.jpg",750,1024,false],"2048x2048":["https:\/\/oponixo.shop\/tire\/wp-content\/uploads\/2025\/12\/allegro-image-10409.jpg",750,1024,false],"woocommerce_thumbnail":["https:\/\/oponixo.shop\/tire\/wp-content\/uploads\/2025\/12\/allegro-image-10409-300x300.jpg",300,300,true],"woocommerce_single":["https:\/\/oponixo.shop\/tire\/wp-content\/uploads\/2025\/12\/allegro-image-10409-600x819.jpg",600,819,true],"woocommerce_gallery_thumbnail":["https:\/\/oponixo.shop\/tire\/wp-content\/uploads\/2025\/12\/allegro-image-10409-100x100.jpg",100,100,true]},"uagb_author_info":{"display_name":"admin","author_link":"https:\/\/oponixo.shop\/tire\/author\/"},"uagb_comment_info":0,"uagb_excerpt":"Nokian Snowproof 1 255\/45 R18 103V do 240 km\/h Kod produktu: 6921109066664","_links":{"self":[{"href":"https:\/\/oponixo.shop\/tire\/wp-json\/wp\/v2\/product\/10409","targetHints":{"allow":["GET"]}}],"collection":[{"href":"https:\/\/oponixo.shop\/tire\/wp-json\/wp\/v2\/product"}],"about":[{"href":"https:\/\/oponixo.shop\/tire\/wp-json\/wp\/v2\/types\/product"}],"wp:featuredmedia":[{"embeddable":true,"href":"https:\/\/oponixo.shop\/tire\/wp-json\/wp\/v2\/media\/10410"}],"wp:attachment":[{"href":"https:\/\/oponixo.shop\/tire\/wp-json\/wp\/v2\/media?parent=10409"}],"wp:term":[{"taxonomy":"product_brand","embeddable":true,"href":"https:\/\/oponixo.shop\/tire\/wp-json\/wp\/v2\/product_brand?post=10409"},{"taxonomy":"product_cat","embeddable":true,"href":"https:\/\/oponixo.shop\/tire\/wp-json\/wp\/v2\/product_cat?post=10409"},{"taxonomy":"product_tag","embeddable":true,"href":"https:\/\/oponixo.shop\/tire\/wp-json\/wp\/v2\/product_tag?post=10409"}],"curies":[{"name":"wp","href":"https:\/\/api.w.org\/{rel}","templated":true}]}}